000
CDUS44 KMRX 282215
CLITRI

CLIMATE REPORT
NATIONAL WEATHER SERVICE MORRISTOWN TN
515 PM EST FRI NOV 28 2014


...................................

...THE TRI-CITIES CLIMATE SUMMARY FOR NOVEMBER 28 2014...
VALID TODAY AS OF 0500 PM LOCAL TIME.

CLIMATE NORMAL PERIOD 1981 TO 2010
CLIMATE RECORD PERIOD 1934 TO 2014


WEATHER ITEM   OBSERVED TIME   RECORD YEAR NORMAL DEPARTURE LAST
                VALUE   (LST)  VALUE       VALUE  FROM      YEAR
                                                  NORMAL
..................................................................
TEMPERATURE (F)
 TODAY
  MAXIMUM         37    359 PM  77    2001  53    -16       37
  MINIMUM         25    752 AM  13    1938  31     -6       15
  AVERAGE         31                        42    -11       26

PRECIPITATION (IN)
  TODAY            0.00          2.35 1948   0.12  -0.12     0.00
  MONTH TO DATE    2.44                      2.86  -0.42     3.94
  SINCE SEP 1     10.06                      7.95   2.11     6.47
  SINCE JAN 1     35.10                     37.40  -2.30    51.34

SNOWFALL (IN)
  TODAY            0.0                       0.1   -0.1      0.0
  MONTH TO DATE    1.2                       0.2    1.0      1.4
  SINCE SEP 1      1.2                       0.3    0.9      1.4
  SINCE JUL 1      1.2                       0.3    0.9      1.4
  SNOW DEPTH       0

DEGREE DAYS
 HEATING
  TODAY           34                        23     11       39
  MONTH TO DATE  683                       505    178      591
  SINCE SEP 1    945                       839    106      832
  SINCE JUL 1    945                       840    105      832

 COOLING
  TODAY            0                         0      0        0
  MONTH TO DATE    0                         0      0        0
  SINCE SEP 1    184                       128     56      145
  SINCE JAN 1   1141                       980    161     1003
..................................................................


WIND (MPH)
  HIGHEST WIND SPEED    10   HIGHEST WIND DIRECTION    SW (210)
  HIGHEST GUST SPEED    14   HIGHEST GUST DIRECTION     W (280)
  AVERAGE WIND SPEED     6.0


SKY COVER
  POSSIBLE SUNSHINE  MM
  AVERAGE SKY COVER  MM


WEATHER CONDITIONS
 THE FOLLOWING WEATHER WAS RECORDED TODAY.
  NO SIGNIFICANT WEATHER WAS OBSERVED.


RELATIVE HUMIDITY (PERCENT)
 HIGHEST    78           500 AM
 LOWEST     48           400 PM
 AVERAGE    63

..........................................................


THE TRI-CITIES CLIMATE NORMALS FOR TOMORROW
                         NORMAL    RECORD    YEAR
 MAXIMUM TEMPERATURE (F)   53        75      2001
 MINIMUM TEMPERATURE (F)   31        12      1955


SUNRISE AND SUNSET
NOVEMBER 28 2014......SUNRISE   720 AM EST   SUNSET   515 PM EST
NOVEMBER 29 2014......SUNRISE   721 AM EST   SUNSET   515 PM EST


-  INDICATES NEGATIVE NUMBERS.
R  INDICATES RECORD WAS SET OR TIED.
MM INDICATES DATA IS MISSING.
T  INDICATES TRACE AMOUNT.




$$
