000
CDUS44 KMRX 230831 RRA
CLITRI

CLIMATE REPORT
NATIONAL WEATHER SERVICE MORRISTOWN TN

430 AM EDT SAT MAY 23 2015


...................................

...THE TRI-CITIES CLIMATE SUMMARY FOR MAY 22 2015...

CLIMATE NORMAL PERIOD 1981 TO 2010
CLIMATE RECORD PERIOD 1934 TO 2015


WEATHER ITEM   OBSERVED TIME   RECORD YEAR NORMAL DEPARTURE LAST
                VALUE   (LST)  VALUE       VALUE  FROM      YEAR
                                                  NORMAL
..................................................................
TEMPERATURE (F)
 YESTERDAY
  MAXIMUM         73    450 PM  94    1941  77     -4       83
  MINIMUM         43    547 AM  31    2002  53    -10       60
  AVERAGE         58                        65     -7       72

PRECIPITATION (IN)
  YESTERDAY        0.00          1.14 1972   0.13  -0.13      T
  MONTH TO DATE    0.67                      2.67  -2.00     1.76
  SINCE MAR 1      9.55                      9.44   0.11     6.50
  SINCE JAN 1     14.88                     16.26  -1.38    11.56

SNOWFALL (IN)
  YESTERDAY        0.0                       0.0    0.0      0.0
  MONTH TO DATE    0.0                       0.0    0.0      0.0
  SINCE MAR 1      T                         2.5   -2.5      0.7
  SINCE JUL 1     15.5                      13.3    2.2     13.0
  SNOW DEPTH       0

DEGREE DAYS
 HEATING
  YESTERDAY        7                         3      4        0
  MONTH TO DATE   39                        93    -54       77
  SINCE MAR 1    747                       965   -218      912
  SINCE JUL 1   4374                      4347     27     4407

 COOLING
  YESTERDAY        0                         3     -3        7
  MONTH TO DATE   89                        34     55       63
  SINCE MAR 1     99                        45     54       84
  SINCE JAN 1     99                        45     54       84
..................................................................


WIND (MPH)
  HIGHEST WIND SPEED    12   HIGHEST WIND DIRECTION    NW (310)
  HIGHEST GUST SPEED    15   HIGHEST GUST DIRECTION    NW (320)
  AVERAGE WIND SPEED     3.2


SKY COVER
  POSSIBLE SUNSHINE  MM
  AVERAGE SKY COVER 0.3


WEATHER CONDITIONS
 THE FOLLOWING WEATHER WAS RECORDED YESTERDAY.
  FOG


RELATIVE HUMIDITY (PERCENT)
 HIGHEST    92           500 AM
 LOWEST     29           400 PM
 AVERAGE    61

..........................................................


THE TRI-CITIES CLIMATE NORMALS FOR TODAY
NORMAL    RECORD    YEAR                     MAXIMUM TEMPERATURE (F)
  78        91      1953                     MINIMUM TEMPERATURE (F)
  53        37      2002


SUNRISE AND SUNSET
MAY 23 2015...........SUNRISE   617 AM EDT   SUNSET   836 PM EDT
MAY 24 2015...........SUNRISE   617 AM EDT   SUNSET   837 PM EDT


-  INDICATES NEGATIVE NUMBERS.
R  INDICATES RECORD WAS SET OR TIED.
MM INDICATES DATA IS MISSING.
T  INDICATES TRACE AMOUNT.




$$
