000
CDUS44 KMRX 301234 RRA
CLITRI

CLIMATE REPORT
NATIONAL WEATHER SERVICE MORRISTOWN TN
834 AM EDT WED JUL 30 2014


...................................

...THE TRI-CITIES CLIMATE SUMMARY FOR JULY 29 2014...

CLIMATE NORMAL PERIOD 1981 TO 2010
CLIMATE RECORD PERIOD 1934 TO 2014


WEATHER ITEM   OBSERVED TIME   RECORD YEAR NORMAL DEPARTURE LAST
                VALUE   (LST)  VALUE       VALUE  FROM      YEAR
                                                  NORMAL
..................................................................
TEMPERATURE (F)
 YESTERDAY
  MAXIMUM         77    243 PM 102    1952  85     -8       80
  MINIMUM         55R  1158 PM  55    2013  64     -9       55
  AVERAGE         66                        74     -8       68

PRECIPITATION (IN)
  YESTERDAY        0.00          1.77 2001   0.15  -0.15     0.00
  MONTH TO DATE    5.25                      4.39   0.86     6.85
  SINCE JUN 1      8.83                      8.29   0.54    15.22
  SINCE JAN 1     20.83                     25.68  -4.85    39.91

SNOWFALL (IN)
  YESTERDAY        0.0                       0.0    0.0      0.0
  MONTH TO DATE    0.0                       0.0    0.0      0.0
  SINCE JUN 1      0.0                       0.0    0.0      0.0
  SINCE JUL 1      0.0                       0.0    0.0      0.0
  SNOW DEPTH       0

DEGREE DAYS
 HEATING
  YESTERDAY        0                         0      0        0
  MONTH TO DATE    0                         0      0        0
  SINCE JUN 1      0                        11    -11        0
  SINCE JUL 1      0                         0      0        0

 COOLING
  YESTERDAY        1                        10     -9        3
  MONTH TO DATE  254                       287    -33      288
  SINCE JUN 1    550                       493     57      511
  SINCE JAN 1    684                       566    118      583
..................................................................


WIND (MPH)
  HIGHEST WIND SPEED    14   HIGHEST WIND DIRECTION     W (270)
  HIGHEST GUST SPEED    18   HIGHEST GUST DIRECTION    NW (320)
  AVERAGE WIND SPEED     4.0


SKY COVER
  POSSIBLE SUNSHINE  MM
  AVERAGE SKY COVER  MM


WEATHER CONDITIONS
 THE FOLLOWING WEATHER WAS RECORDED YESTERDAY.
  FOG


RELATIVE HUMIDITY (PERCENT)
 HIGHEST    93           300 AM
 LOWEST     41           600 PM
 AVERAGE    67

..........................................................


THE TRI-CITIES CLIMATE NORMALS FOR TODAY
                         NORMAL    RECORD    YEAR
 MAXIMUM TEMPERATURE (F)   85        96      1995
 MINIMUM TEMPERATURE (F)   64        56      2013


SUNRISE AND SUNSET
JULY 30 2014..........SUNRISE   634 AM EDT   SUNSET   837 PM EDT
JULY 31 2014..........SUNRISE   635 AM EDT   SUNSET   836 PM EDT


-  INDICATES NEGATIVE NUMBERS.
R  INDICATES RECORD WAS SET OR TIED.
MM INDICATES DATA IS MISSING.
T  INDICATES TRACE AMOUNT.

&&

THE LOW TEMPERATURE SINCE MIDNIGHT HAS BEEN 51.
THERE HAS BEEN NO PRECIPITATION SINCE MIDNIGHT.

$$
