000
CDUS44 KMRX 282135
CLITRI

CLIMATE REPORT
NATIONAL WEATHER SERVICE MORRISTOWN TN
530 PM EDT TUE JUL 28 2015


...................................

...THE TRI-CITIES CLIMATE SUMMARY FOR JULY 28 2015...
VALID TODAY AS OF 0500 PM LOCAL TIME.

CLIMATE NORMAL PERIOD 1981 TO 2010
CLIMATE RECORD PERIOD 1934 TO 2015


WEATHER ITEM   OBSERVED TIME   RECORD YEAR NORMAL DEPARTURE LAST
                VALUE   (LST)  VALUE       VALUE  FROM      YEAR
                                                  NORMAL
..................................................................
TEMPERATURE (F)
 TODAY
  MAXIMUM         93    312 PM 102    1952  85      8       79
  MINIMUM         70    552 AM  53    1962  64      6       62
  AVERAGE         82                        75      7       71

PRECIPITATION (IN)
  TODAY            0.00          2.24 2001   0.15  -0.15      T
  MONTH TO DATE    5.79                      4.24   1.55     5.25
  SINCE JUN 1      8.24                      8.14   0.10     8.83
  SINCE JAN 1     23.15                     25.53  -2.38    20.83

SNOWFALL (IN)
  TODAY            0.0                       0.0    0.0      0.0
  MONTH TO DATE    0.0                       0.0    0.0      0.0
  SINCE JUN 1      0.0                       0.0    0.0      0.0
  SINCE JUL 1      0.0                       0.0    0.0      0.0
  SNOW DEPTH       0

DEGREE DAYS
 HEATING
  TODAY            0                         0      0        0
  MONTH TO DATE    0                         0      0        0
  SINCE JUN 1      0                        11    -11        0
  SINCE JUL 1      0                         0      0        0

 COOLING
  TODAY           17                        10      7        6
  MONTH TO DATE  324                       277     47      253
  SINCE JUN 1    638                       483    155      549
  SINCE JAN 1    804                       556    248      683
..................................................................


WIND (MPH)
  HIGHEST WIND SPEED     8   HIGHEST WIND DIRECTION    SW (240)
  HIGHEST GUST SPEED    13   HIGHEST GUST DIRECTION    NW (330)
  AVERAGE WIND SPEED     1.3


SKY COVER
  POSSIBLE SUNSHINE  MM
  AVERAGE SKY COVER  MM


WEATHER CONDITIONS
 THE FOLLOWING WEATHER WAS RECORDED TODAY.
  FOG
  HAZE


RELATIVE HUMIDITY (PERCENT)
 HIGHEST   100           300 AM
 LOWEST     44           300 PM
 AVERAGE    72

..........................................................


THE TRI-CITIES CLIMATE NORMALS FOR TOMORROW
                         NORMAL    RECORD    YEAR
 MAXIMUM TEMPERATURE (F)   85       102      1952
 MINIMUM TEMPERATURE (F)   64        55      2014
                                             2013


SUNRISE AND SUNSET
JULY 28 2015..........SUNRISE   633 AM EDT   SUNSET   839 PM EDT
JULY 29 2015..........SUNRISE   633 AM EDT   SUNSET   838 PM EDT


-  INDICATES NEGATIVE NUMBERS.
R  INDICATES RECORD WAS SET OR TIED.
MM INDICATES DATA IS MISSING.
T  INDICATES TRACE AMOUNT.




$$
