000
CDUS44 KMRX 241311
CLITRI

CLIMATE REPORT
NATIONAL WEATHER SERVICE MORRISTOWN TN
910 AM EDT FRI OCT 24 2014


...................................

...THE TRI-CITIES CLIMATE SUMMARY FOR OCTOBER 23 2014...

CLIMATE NORMAL PERIOD 1981 TO 2010
CLIMATE RECORD PERIOD 1934 TO 2014


WEATHER ITEM   OBSERVED TIME   RECORD YEAR NORMAL DEPARTURE LAST
                VALUE   (LST)  VALUE       VALUE  FROM      YEAR
                                                  NORMAL
..................................................................
TEMPERATURE (F)
 YESTERDAY
  MAXIMUM         59    420 PM  82    1947  67     -8       55
  MINIMUM         39   1145 PM  24    1997  41     -2       33
  AVERAGE         49                        54     -5       44

PRECIPITATION (IN)
  YESTERDAY        0.00          0.95 1981   0.06  -0.06      T
  MONTH TO DATE    5.68                      1.50   4.18     0.61
  SINCE SEP 1      7.10                      4.49   2.61     2.46
  SINCE JAN 1     32.14                     33.94  -1.80    47.33

SNOWFALL (IN)
  YESTERDAY        0.0                       0.0    0.0      0.0
  MONTH TO DATE    0.0                       0.0    0.0      0.0
  SINCE SEP 1      0.0                       0.0    0.0      0.0
  SINCE JUL 1      0.0                       0.0    0.0      0.0
  SNOW DEPTH       0

DEGREE DAYS
 HEATING
  YESTERDAY       16                        11      5       21
  MONTH TO DATE  154                       184    -30      118
  SINCE SEP 1    165                       236    -71      137
  SINCE JUL 1    165                       237    -72      137

 COOLING
  YESTERDAY        0                         0      0        0
  MONTH TO DATE    9                         9      0       25
  SINCE SEP 1    184                       125     59      145
  SINCE JAN 1   1141                       977    164     1003
..................................................................


WIND (MPH)
  HIGHEST WIND SPEED    12   HIGHEST WIND DIRECTION     N (360)
  HIGHEST GUST SPEED    15   HIGHEST GUST DIRECTION     N (360)
  AVERAGE WIND SPEED     4.0


SKY COVER
  POSSIBLE SUNSHINE  MM
  AVERAGE SKY COVER  MM


WEATHER CONDITIONS
 THE FOLLOWING WEATHER WAS RECORDED YESTERDAY.
  FOG
  HAZE


RELATIVE HUMIDITY (PERCENT)
 HIGHEST    93          1000 PM
 LOWEST     51           200 PM
 AVERAGE    72

..........................................................


THE TRI-CITIES CLIMATE NORMALS FOR TODAY
                         NORMAL    RECORD    YEAR
 MAXIMUM TEMPERATURE (F)   67        84      1963
 MINIMUM TEMPERATURE (F)   41        27      2006


SUNRISE AND SUNSET
OCTOBER 24 2014.......SUNRISE   745 AM EDT   SUNSET   642 PM EDT
OCTOBER 25 2014.......SUNRISE   746 AM EDT   SUNSET   641 PM EDT


-  INDICATES NEGATIVE NUMBERS.
R  INDICATES RECORD WAS SET OR TIED.
MM INDICATES DATA IS MISSING.
T  INDICATES TRACE AMOUNT.

&&

THE LOW TEMPERATURE SINCE MIDNIGHT HAS BEEN 37.
THERE HAS BEEN NO PRECIPITATION SINCE MIDNIGHT.

$$
