000
CDUS44 KMRX 222128
CLITRI


CLIMATE REPORT
NATIONAL WEATHER SERVICE MORRISTOWN TN
528 PM EDT WED MAR 22 2017


...................................

...THE TRI-CITIES      ASOS CLIMATE SUMMARY FOR MARCH 22 2017...
VALID TODAY AS OF 0500 PM LOCAL TIME.

CLIMATE NORMAL PERIOD 1981 TO 2010
CLIMATE RECORD PERIOD 1934 TO 2017


WEATHER ITEM   OBSERVED TIME   RECORD YEAR NORMAL DEPARTURE LAST
                VALUE   (LST)  VALUE       VALUE  FROM      YEAR
                                                  NORMAL
..................................................................
TEMPERATURE (F)
 TODAY
  MAXIMUM         57    339 PM  81    1938  61     -4       66
  MINIMUM         45    723 AM  16    2013  36      9       26
                                      1986
  AVERAGE         51                        48      3       46

PRECIPITATION (IN)
  TODAY            0.00          0.86 1968   0.12  -0.12     0.00
  MONTH TO DATE    3.67                      2.42   1.25     0.75
  SINCE MAR 1      3.67                      2.42   1.25     0.75
  SINCE JAN 1      8.35                      9.24  -0.89     8.15

SNOWFALL (IN)
  TODAY            0.0                       0.0    0.0      0.0
  MONTH TO DATE    0.3                       1.1   -0.8       T
  SINCE MAR 1      0.3                       1.1   -0.8       T
  SINCE JUL 1      4.3                      11.9   -7.6     18.4
  SNOW DEPTH       0

DEGREE DAYS
 HEATING
  TODAY           14                        17     -3       19
  MONTH TO DATE  478                       430     48      300
  SINCE MAR 1    478                       430     48      300
  SINCE JUL 1   3045                      3812   -767     3120

 COOLING
  TODAY            0                         0      0        0
  MONTH TO DATE    0                         0      0        5
  SINCE MAR 1      0                         0      0        5
  SINCE JAN 1      0                         0      0        5
..................................................................


WIND (MPH)
  HIGHEST WIND SPEED    15   HIGHEST WIND DIRECTION     N (340)
  HIGHEST GUST SPEED    22   HIGHEST GUST DIRECTION     N (360)
  AVERAGE WIND SPEED     7.4


SKY COVER
  POSSIBLE SUNSHINE  MM
  AVERAGE SKY COVER 0.6


WEATHER CONDITIONS
 THE FOLLOWING WEATHER WAS RECORDED TODAY.
  NO SIGNIFICANT WEATHER WAS OBSERVED.


RELATIVE HUMIDITY (PERCENT)
 HIGHEST    71           200 AM
 LOWEST     20           400 PM
 AVERAGE    46

..........................................................


THE TRI-CITIES      ASOS CLIMATE NORMALS FOR TOMORROW
                         NORMAL    RECORD    YEAR
 MAXIMUM TEMPERATURE (F)   61        79      1966
 MINIMUM TEMPERATURE (F)   36        18      2004
                                             2002


SUNRISE AND SUNSET
MARCH 22 2017.........SUNRISE   730 AM EDT   SUNSET   743 PM EDT
MARCH 23 2017.........SUNRISE   728 AM EDT   SUNSET   744 PM EDT


-  INDICATES NEGATIVE NUMBERS.
R  INDICATES RECORD WAS SET OR TIED.
MM INDICATES DATA IS MISSING.
T  INDICATES TRACE AMOUNT.




$$
