000
CDUS44 KMRX 211214
CLITRI

CLIMATE REPORT NATIONAL WEATHER SERVICE MORRISTOWN TN
814 AM EDT TUE OCT 21 2014

...................................

...THE TRI-CITIES   CLIMATE SUMMARY FOR OCTOBER 20 2014...

CLIMATE NORMAL PERIOD 1981 TO 2010
CLIMATE RECORD PERIOD 1934 TO 2014


WEATHER ITEM   OBSERVED TIME   RECORD YEAR NORMAL DEPARTURE LAST
                VALUE   (LST)  VALUE       VALUE  FROM      YEAR
                                                  NORMAL
..................................................................
TEMPERATURE (F)
 YESTERDAY
  MAXIMUM         66    138 PM  84    1993  68     -2       63
                                      1963
  MINIMUM         39    424 AM  26    1972  42     -3       34
  AVERAGE         53                        55     -2       49

PRECIPITATION (IN)
  YESTERDAY        0.00          1.25 1944   0.06  -0.06     0.00
  MONTH TO DATE    5.68                      1.30   4.38     0.61
  SINCE SEP 1      7.10                      4.29   2.81     2.46
  SINCE JAN 1     32.14                     33.74  -1.60    47.33

SNOWFALL (IN)
  YESTERDAY        0.0                       0.0    0.0      0.0
  MONTH TO DATE    0.0                       0.0    0.0      0.0
  SINCE SEP 1      0.0                       0.0    0.0      0.0
  SINCE JUL 1      0.0                       0.0    0.0      0.0
  SNOW DEPTH       0

DEGREE DAYS
 HEATING
  YESTERDAY       12                        10      2       16
  MONTH TO DATE  113                       151    -38       75
  SINCE SEP 1    124                       203    -79       94
  SINCE JUL 1    124                       204    -80       94

 COOLING
  YESTERDAY        0                         0      0        0
  MONTH TO DATE    9                         9      0       25
  SINCE SEP 1    184                       125     59      145
  SINCE JAN 1   1141                       977    164     1003
..................................................................


WIND (MPH)
  HIGHEST WIND SPEED    21   HIGHEST WIND DIRECTION    SW (240)
  HIGHEST GUST SPEED    28   HIGHEST GUST DIRECTION    SW (240)
  AVERAGE WIND SPEED     3.9


SKY COVER
  POSSIBLE SUNSHINE  MM
  AVERAGE SKY COVER  MM


WEATHER CONDITIONS
 THE FOLLOWING WEATHER WAS RECORDED YESTERDAY.
  NO SIGNIFICANT WEATHER WAS OBSERVED.


RELATIVE HUMIDITY (PERCENT)
 HIGHEST   100           200 AM
 LOWEST     52           100 PM
 AVERAGE    76

..........................................................


THE TRI-CITIES      ASOS CLIMATE NORMALS FOR TODAY
                         NORMAL    RECORD    YEAR
 MAXIMUM TEMPERATURE (F)   68        84      1979
 MINIMUM TEMPERATURE (F)   42        22      1952


SUNRISE AND SUNSET
OCTOBER 21 2014.......SUNRISE   742 AM EDT   SUNSET   646 PM EDT
OCTOBER 22 2014.......SUNRISE   743 AM EDT   SUNSET   644 PM EDT


-  INDICATES NEGATIVE NUMBERS.
R  INDICATES RECORD WAS SET OR TIED.
MM INDICATES DATA IS MISSING.
T  INDICATES TRACE AMOUNT.

&&

THE LOW TEMPERATURE THIS MORNING WAS 45.
THERE HAS BEEN A TRACE OF PRECIPITATION SINCE MIDNIGHT.



$$
