216
CDUS44 KMRX 040826
CLITRI


CLIMATE REPORT
NATIONAL WEATHER SERVICE MORRISTOWN TN
426 AM EDT WED MAY 4 2016


...................................

...THE TRI-CITIES      ASOS CLIMATE SUMMARY FOR MAY 3 2016...

CLIMATE NORMAL PERIOD 1981 TO 2010
CLIMATE RECORD PERIOD 1934 TO 2016


WEATHER ITEM   OBSERVED TIME   RECORD YEAR NORMAL DEPARTURE LAST
                VALUE   (LST)  VALUE       VALUE  FROM      YEAR
                                                  NORMAL
..................................................................
TEMPERATURE (F)
 YESTERDAY
  MAXIMUM         71    342 PM  89    1942  73     -2       79
  MINIMUM         57   1159 PM  32    2005  47     10       39
  AVERAGE         64                        60      4       59

PRECIPITATION (IN)
  YESTERDAY        0.03          1.08 2010   0.12  -0.09     0.00
  MONTH TO DATE    0.39                      0.35   0.04      T
  SINCE MAR 1      4.92                      7.12  -2.20     8.88
  SINCE JAN 1     12.32                     13.94  -1.62    14.21

SNOWFALL (IN)
  YESTERDAY        0.0                       0.0    0.0      0.0
  MONTH TO DATE    0.0                       0.0    0.0      0.0
  SINCE MAR 1      T                         2.5   -2.5       T
  SINCE JUL 1     18.4                      13.3    5.1     15.5
  SNOW DEPTH       0

DEGREE DAYS
 HEATING
  YESTERDAY        1                         6     -5        6
  MONTH TO DATE    1                        18    -17       28
  SINCE MAR 1    635                       890   -255      736
  SINCE JUL 1   3455                      4272   -817     4363

 COOLING
  YESTERDAY        0                         1     -1        0
  MONTH TO DATE    9                         3      6        0
  SINCE MAR 1     35                        14     21       10
  SINCE JAN 1     35                        14     21       10
..................................................................


WIND (MPH)
  HIGHEST WIND SPEED    20   HIGHEST WIND DIRECTION     W (260)
  HIGHEST GUST SPEED    24   HIGHEST GUST DIRECTION     W (270)
  AVERAGE WIND SPEED     6.3


SKY COVER
  POSSIBLE SUNSHINE  MM
  AVERAGE SKY COVER 0.9


WEATHER CONDITIONS
 THE FOLLOWING WEATHER WAS RECORDED YESTERDAY.
  LIGHT RAIN
  FOG


RELATIVE HUMIDITY (PERCENT)
 HIGHEST    93          1200 AM
 LOWEST     48           600 PM
 AVERAGE    71

..........................................................


THE TRI-CITIES      ASOS CLIMATE NORMALS FOR TODAY
                         NORMAL    RECORD    YEAR
 MAXIMUM TEMPERATURE (F)   73        88      1938
 MINIMUM TEMPERATURE (F)   48        30      1986


SUNRISE AND SUNSET
MAY  4 2016...........SUNRISE   632 AM EDT   SUNSET   821 PM EDT
MAY  5 2016...........SUNRISE   631 AM EDT   SUNSET   822 PM EDT


-  INDICATES NEGATIVE NUMBERS.
R  INDICATES RECORD WAS SET OR TIED.
MM INDICATES DATA IS MISSING.
T  INDICATES TRACE AMOUNT.




$$
