000
CDUS44 KMRX 252142
CLITRI


CLIMATE REPORT
NATIONAL WEATHER SERVICE MORRISTOWN TN
542 PM EDT WED MAY 25 2016


...................................

...THE TRI-CITIES      ASOS CLIMATE SUMMARY FOR MAY 25 2016...
VALID TODAY AS OF 0500 PM LOCAL TIME.

CLIMATE NORMAL PERIOD 1981 TO 2010
CLIMATE RECORD PERIOD 1934 TO 2016


WEATHER ITEM   OBSERVED TIME   RECORD YEAR NORMAL DEPARTURE LAST
                VALUE   (LST)  VALUE       VALUE  FROM      YEAR
                                                  NORMAL
..................................................................
TEMPERATURE (F)
 TODAY
  MAXIMUM         84    359 PM  90    1953  78      6       86
  MINIMUM         48    410 AM  40    2013  54     -6       54
  AVERAGE         66                        66      0       70

PRECIPITATION (IN)
  TODAY            0.00          1.69 1943   0.12  -0.12     0.00
  MONTH TO DATE    3.58                      3.04   0.54     0.67
  SINCE MAR 1      8.11                      9.81  -1.70     9.55
  SINCE JAN 1     15.51                     16.63  -1.12    14.88

SNOWFALL (IN)
  TODAY            0.0                       0.0    0.0      0.0
  MONTH TO DATE    0.0                       0.0    0.0      0.0
  SINCE MAR 1      T                         2.5   -2.5       T
  SINCE JUL 1     18.4                      13.3    5.1     15.5
  SNOW DEPTH       0

DEGREE DAYS
 HEATING
  TODAY            0                         2     -2        0
  MONTH TO DATE   91                        99     -8       41
  SINCE MAR 1    725                       971   -246      749
  SINCE JUL 1   3545                      4353   -808     4376

 COOLING
  TODAY            1                         3     -2        5
  MONTH TO DATE   29                        43    -14       96
  SINCE MAR 1     55                        54      1      106
  SINCE JAN 1     55                        54      1      106
..................................................................


WIND (MPH)
  HIGHEST WIND SPEED    14   HIGHEST WIND DIRECTION    SW (230)
  HIGHEST GUST SPEED    17   HIGHEST GUST DIRECTION     W (260)
  AVERAGE WIND SPEED     2.9


SKY COVER
  POSSIBLE SUNSHINE  MM
  AVERAGE SKY COVER 0.2


WEATHER CONDITIONS
 THE FOLLOWING WEATHER WAS RECORDED TODAY.
  FOG


RELATIVE HUMIDITY (PERCENT)
 HIGHEST    96           200 AM
 LOWEST     40           200 PM
 AVERAGE    68

..........................................................


THE TRI-CITIES      ASOS CLIMATE NORMALS FOR TOMORROW
                         NORMAL    RECORD    YEAR
 MAXIMUM TEMPERATURE (F)   78        91      2012
 MINIMUM TEMPERATURE (F)   54        39      1988


SUNRISE AND SUNSET
MAY 25 2016...........SUNRISE   616 AM EDT   SUNSET   838 PM EDT
MAY 26 2016...........SUNRISE   615 AM EDT   SUNSET   839 PM EDT


-  INDICATES NEGATIVE NUMBERS.
R  INDICATES RECORD WAS SET OR TIED.
MM INDICATES DATA IS MISSING.
T  INDICATES TRACE AMOUNT.




$$
