000
CDUS44 KMRX 280807
CLITRI


CLIMATE REPORT
NATIONAL WEATHER SERVICE MORRISTOWN TN
406 AM EDT FRI JUL 28 2017


...................................

...THE TRI-CITIES      ASOS CLIMATE SUMMARY FOR JULY 27 2017...

CLIMATE NORMAL PERIOD 1981 TO 2010
CLIMATE RECORD PERIOD 1934 TO 2017


WEATHER ITEM   OBSERVED TIME   RECORD YEAR NORMAL DEPARTURE LAST
                VALUE   (LST)  VALUE       VALUE  FROM      YEAR
                                                  NORMAL
..................................................................
TEMPERATURE (F)
 YESTERDAY
  MAXIMUM         85   1214 PM  99    1952  85      0       96
  MINIMUM         69    602 AM  51    1962  64      5       71
  AVERAGE         77                        75      2       84

PRECIPITATION (IN)
  YESTERDAY        0.49          1.70 2014   0.15   0.34     0.73
  MONTH TO DATE    2.01                      4.09  -2.08     2.33
  SINCE JUN 1      4.07                      7.99  -3.92     4.46
  SINCE JAN 1     26.26                     25.38   0.88    20.37

SNOWFALL (IN)
  YESTERDAY        0.0                       0.0    0.0      0.0
  MONTH TO DATE    0.0                       0.0    0.0      0.0
  SINCE JUN 1      0.0                       0.0    0.0      0.0
  SINCE JUL 1      0.0                       0.0    0.0      0.0
  SNOW DEPTH       0

DEGREE DAYS
 HEATING
  YESTERDAY        0                         0      0        0
  MONTH TO DATE    0                         0      0        0
  SINCE JUN 1      2                        11     -9        0
  SINCE JUL 1      0                         0      0        0

 COOLING
  YESTERDAY       12                        10      2       19
  MONTH TO DATE  338                       267     71      372
  SINCE JUN 1    530                       473     57      652
  SINCE JAN 1    650                       546    104      748
..................................................................


WIND (MPH)
  HIGHEST WIND SPEED    26   HIGHEST WIND DIRECTION     W (290)
  HIGHEST GUST SPEED    34   HIGHEST GUST DIRECTION     W (290)
  AVERAGE WIND SPEED     3.6


SKY COVER
  POSSIBLE SUNSHINE  MM
  AVERAGE SKY COVER 0.8


WEATHER CONDITIONS
 THE FOLLOWING WEATHER WAS RECORDED YESTERDAY.
  THUNDERSTORM
  HEAVY RAIN
  LIGHT RAIN
  FOG
  HAZE


RELATIVE HUMIDITY (PERCENT)
 HIGHEST   100           800 PM
 LOWEST     69          1200 PM
 AVERAGE    85

..........................................................


THE TRI-CITIES      ASOS CLIMATE NORMALS FOR TODAY
                         NORMAL    RECORD    YEAR
 MAXIMUM TEMPERATURE (F)   85       102      1952
 MINIMUM TEMPERATURE (F)   64        53      1962


SUNRISE AND SUNSET
JULY 28 2017..........SUNRISE   633 AM EDT   SUNSET   839 PM EDT
JULY 29 2017..........SUNRISE   634 AM EDT   SUNSET   838 PM EDT


-  INDICATES NEGATIVE NUMBERS.
R  INDICATES RECORD WAS SET OR TIED.
MM INDICATES DATA IS MISSING.
T  INDICATES TRACE AMOUNT.




$$
