000
CDUS46 KSGX 240023
CLITRM


CLIMATE REPORT
NATIONAL WEATHER SERVICE SAN DIEGO, CA
522 PM PDT TUE AUG 23 2016


...................................

...THE THERMAL AIRPORT CA CLIMATE SUMMARY FOR AUGUST 23 2016...
VALID TODAY AS OF 0500 PM LOCAL TIME.

CLIMATE NORMAL PERIOD 1981 TO 2010
CLIMATE RECORD PERIOD 1950 TO 2016


WEATHER ITEM   OBSERVED TIME   RECORD YEAR NORMAL DEPARTURE LAST
                VALUE   (LST)  VALUE       VALUE  FROM      YEAR
                                                  NORMAL
..................................................................
TEMPERATURE (F)
 TODAY
  MAXIMUM        105    349 PM 117    1969 106     -1      107
  MINIMUM         79    357 AM  59    1980  73      6       73
  AVERAGE         92                        89      3       90

PRECIPITATION (IN)
  TODAY            0.00          0.00 2002   0.01  -0.01     0.00
                                      2000
  MONTH TO DATE    0.00                      0.13  -0.13     0.00
  SINCE OCT 1      1.98                      2.90  -0.92     1.72
  SINCE JAN 1      1.55                      2.09  -0.54     1.57

DEGREE DAYS
 HEATING
  TODAY            0                         0      0        0
  MONTH TO DATE    0                         0      0        0
  SINCE JUN 1      0                         0      0        0
  SINCE JUL 1      0                         0      0        0

 COOLING
  TODAY           27                        24      3       25
  MONTH TO DATE  641                       577     64      656
  SINCE JUN 1   2259                      1971    288     2134
  SINCE JAN 1   3136                      2644    492     2888
..................................................................


WIND (MPH)
  RESULTANT WIND SPEED   5   RESULTANT WIND DIRECTION  NW (330)
  HIGHEST WIND SPEED    13   HIGHEST WIND DIRECTION     E (110)
  HIGHEST GUST SPEED    17   HIGHEST GUST DIRECTION    SE (150)
  AVERAGE WIND SPEED     7.4


SKY COVER
  POSSIBLE SUNSHINE  MM
  AVERAGE SKY COVER 0.0


WEATHER CONDITIONS
 THE FOLLOWING WEATHER WAS RECORDED TODAY.
  NO SIGNIFICANT WEATHER WAS OBSERVED.


RELATIVE HUMIDITY (PERCENT)
 HIGHEST    35           400 AM
 LOWEST     15           400 PM
 AVERAGE    25

..........................................................


THE THERMAL AIRPORT CA CLIMATE NORMALS FOR TOMORROW
                         NORMAL    RECORD    YEAR
 MAXIMUM TEMPERATURE (F)  106       120      1985
 MINIMUM TEMPERATURE (F)   73        58      2004
                                             1978


SUNRISE AND SUNSET
AUGUST 23 2016........SUNRISE   613 AM PDT   SUNSET   721 PM PDT
AUGUST 24 2016........SUNRISE   613 AM PDT   SUNSET   720 PM PDT


-  INDICATES NEGATIVE NUMBERS.
R  INDICATES RECORD WAS SET OR TIED.
MM INDICATES DATA IS MISSING.
T  INDICATES TRACE AMOUNT.




$$
