000
CDUS46 KSGX 231436
CLITRM


CLIMATE REPORT
NATIONAL WEATHER SERVICE SAN DIEGO, CA
736 AM PDT THU MAR 23 2017


...................................

...THE THERMAL AIRPORT CA CLIMATE SUMMARY FOR MARCH 22 2017...

CLIMATE NORMAL PERIOD 1981 TO 2010
CLIMATE RECORD PERIOD 1950 TO 2017


WEATHER ITEM   OBSERVED TIME   RECORD YEAR NORMAL DEPARTURE LAST
                VALUE   (LST)  VALUE       VALUE  FROM      YEAR
                                                  NORMAL
..................................................................
TEMPERATURE (F)
 YESTERDAY
  MAXIMUM         82   1239 PM  97    2004  82      0       81
  MINIMUM         61   1129 PM  36    1975  48     13       56
  AVERAGE         72                        65      7       69

PRECIPITATION (IN)
  YESTERDAY        0.00          0.45 1954   0.01  -0.01     0.00
  MONTH TO DATE    0.00                      0.33  -0.33      T
  SINCE OCT 1      3.69                      2.47   1.22     1.63
  SINCE JAN 1      2.01                      1.66   0.35     1.20

DEGREE DAYS
 HEATING
  YESTERDAY        0                         2     -2        0
  MONTH TO DATE   33                        77    -44       16
  SINCE MAR 1     33                        77    -44       16
  SINCE JUL 1    898                      1142   -244     1041

 COOLING
  YESTERDAY        7                         2      5        4
  MONTH TO DATE  139                        35    104      108
  SINCE MAR 1    139                        35    104      108
  SINCE JAN 1    171                        47    124      173
..................................................................


WIND (MPH)
  RESULTANT WIND SPEED   9   RESULTANT WIND DIRECTION  NW (310)
  HIGHEST WIND SPEED    24   HIGHEST WIND DIRECTION     W (280)
  HIGHEST GUST SPEED    30   HIGHEST GUST DIRECTION     W (290)
  AVERAGE WIND SPEED    10.8


SKY COVER
  POSSIBLE SUNSHINE  MM
  AVERAGE SKY COVER 0.1


WEATHER CONDITIONS
 THE FOLLOWING WEATHER WAS RECORDED YESTERDAY.
  HAZE


RELATIVE HUMIDITY (PERCENT)
 HIGHEST    63           400 AM
 LOWEST     14           300 PM
 AVERAGE    39

..........................................................


THE THERMAL AIRPORT CA CLIMATE NORMALS FOR TODAY
                         NORMAL    RECORD    YEAR
 MAXIMUM TEMPERATURE (F)   83        97      1956
 MINIMUM TEMPERATURE (F)   48        41      1991


SUNRISE AND SUNSET
MARCH 23 2017.........SUNRISE   644 AM PDT   SUNSET   659 PM PDT
MARCH 24 2017.........SUNRISE   643 AM PDT   SUNSET   700 PM PDT


-  INDICATES NEGATIVE NUMBERS.
R  INDICATES RECORD WAS SET OR TIED.
MM INDICATES DATA IS MISSING.
T  INDICATES TRACE AMOUNT.




$$
