000
CDUS46 KSGX 061419
CLITRM


CLIMATE REPORT
NATIONAL WEATHER SERVICE SAN DIEGO, CA
619 AM PST FRI MAR 6 2015


...................................

...THE THERMAL AIRPORT CA CLIMATE SUMMARY FOR MARCH 5 2015...

CLIMATE NORMAL PERIOD 1981 TO 2010
CLIMATE RECORD PERIOD 1950 TO 2015


WEATHER ITEM   OBSERVED TIME   RECORD YEAR NORMAL DEPARTURE LAST
                VALUE   (LST)  VALUE       VALUE  FROM      YEAR
                                                  NORMAL
..................................................................
TEMPERATURE (F)
 YESTERDAY
  MAXIMUM         78    357 PM  99    1972  79     -1       88
  MINIMUM         38    557 AM  29    1997  45     -7       49
  AVERAGE         58                        62     -4       69

PRECIPITATION (IN)
  YESTERDAY        0.00          0.47 2000   0.02  -0.02     0.00
  MONTH TO DATE    0.31                      0.10   0.21      T
  SINCE OCT 1      0.77                      2.24  -1.47     0.16
  SINCE JAN 1      0.62                      1.43  -0.81     0.08

SNOWFALL (IN)
  YESTERDAY        0.0
  MONTH TO DATE    0.0
  SINCE JAN 1      0.0
  SINCE JUL 1      0.0
  SNOW DEPTH       0

DEGREE DAYS
 HEATING
  YESTERDAY        7                         4      3        0
  MONTH TO DATE   44                        23     21       15
  SINCE MAR 1     44                        23     21       15
  SINCE JUL 1    749                      1088   -339      804

 COOLING
  YESTERDAY        0                         1     -1        4
  MONTH TO DATE    0                         5     -5        6
  SINCE MAR 1      0                         5     -5        6
  SINCE JAN 1     22                        17      5       16
..................................................................


WIND (MPH)
  RESULTANT WIND SPEED   4   RESULTANT WIND DIRECTION  NW (310)
  HIGHEST WIND SPEED    10   HIGHEST WIND DIRECTION     W (260)
  HIGHEST GUST SPEED    15   HIGHEST GUST DIRECTION     W (270)
  AVERAGE WIND SPEED     5.6


SKY COVER
  POSSIBLE SUNSHINE  MM
  AVERAGE SKY COVER 0.0


WEATHER CONDITIONS
 THE FOLLOWING WEATHER WAS RECORDED YESTERDAY.
  HAZE


RELATIVE HUMIDITY (PERCENT)
 HIGHEST    70           600 AM
 LOWEST     10           300 PM
 AVERAGE    40

..........................................................


THE THERMAL AIRPORT CA CLIMATE NORMALS FOR TODAY
                         NORMAL    RECORD    YEAR
 MAXIMUM TEMPERATURE (F)   79        95      1986
 MINIMUM TEMPERATURE (F)   46        29      1997


SUNRISE AND SUNSET
MARCH  6 2015.........SUNRISE   607 AM PST   SUNSET   545 PM PST
MARCH  7 2015.........SUNRISE   606 AM PST   SUNSET   546 PM PST


-  INDICATES NEGATIVE NUMBERS.
R  INDICATES RECORD WAS SET OR TIED.
MM INDICATES DATA IS MISSING.
T  INDICATES TRACE AMOUNT.




$$
