871
CDUS46 KSGX 280017
CLITRM


CLIMATE REPORT
NATIONAL WEATHER SERVICE SAN DIEGO, CA
517 PM PDT SAT MAY 27 2017


...................................

...THE THERMAL AIRPORT CA CLIMATE SUMMARY FOR MAY 27 2017...
VALID TODAY AS OF 0500 PM LOCAL TIME.

CLIMATE NORMAL PERIOD 1981 TO 2010
CLIMATE RECORD PERIOD 1950 TO 2017


WEATHER ITEM   OBSERVED TIME   RECORD YEAR NORMAL DEPARTURE LAST
                VALUE   (LST)  VALUE       VALUE  FROM      YEAR
                                                  NORMAL
..................................................................
TEMPERATURE (F)
 TODAY
  MAXIMUM         96    359 PM 113    1951  98     -2       96
  MINIMUM         66    510 AM  57    1998  64      2       69
  AVERAGE         81                        81      0       83

PRECIPITATION (IN)
  TODAY            0.00          0.42 1981   0.01  -0.01     0.00
  MONTH TO DATE    T                         0.03  -0.03      T
  SINCE OCT 1      3.69                      2.61   1.08     1.98
  SINCE JAN 1      2.01                      1.80   0.21     1.55

DEGREE DAYS
 HEATING
  TODAY            0                         0      0        0
  MONTH TO DATE    5                         0      5        0
  SINCE MAR 1     39                       115    -76       22
  SINCE JUL 1    904                      1180   -276     1047

 COOLING
  TODAY           16                        16      0       18
  MONTH TO DATE  379                       351     28      360
  SINCE MAR 1    862                       595    267      740
  SINCE JAN 1    894                       607    287      805
..................................................................


WIND (MPH)
  RESULTANT WIND SPEED   5   RESULTANT WIND DIRECTION  NW (330)
  HIGHEST WIND SPEED    17   HIGHEST WIND DIRECTION    NW (330)
  HIGHEST GUST SPEED    24   HIGHEST GUST DIRECTION    NW (320)
  AVERAGE WIND SPEED     8.8


SKY COVER
  POSSIBLE SUNSHINE  MM
  AVERAGE SKY COVER 0.0


WEATHER CONDITIONS
 THE FOLLOWING WEATHER WAS RECORDED TODAY.
  NO SIGNIFICANT WEATHER WAS OBSERVED.


RELATIVE HUMIDITY (PERCENT)
 HIGHEST    52           400 AM
 LOWEST      9           400 PM
 AVERAGE    31

..........................................................


THE THERMAL AIRPORT CA CLIMATE NORMALS FOR TOMORROW
                         NORMAL    RECORD    YEAR
 MAXIMUM TEMPERATURE (F)   98       116      1983
 MINIMUM TEMPERATURE (F)   64        53      1994


SUNRISE AND SUNSET
MAY 27 2017...........SUNRISE   537 AM PDT   SUNSET   747 PM PDT
MAY 28 2017...........SUNRISE   537 AM PDT   SUNSET   748 PM PDT


-  INDICATES NEGATIVE NUMBERS.
R  INDICATES RECORD WAS SET OR TIED.
MM INDICATES DATA IS MISSING.
T  INDICATES TRACE AMOUNT.




$$
