000
CDUS46 KSGX 241420
CLITRM


CLIMATE REPORT
NATIONAL WEATHER SERVICE SAN DIEGO, CA
720 AM PDT THU APR 24 2014


...................................

...THE THERMAL AIRPORT CA CLIMATE SUMMARY FOR APRIL 23 2014...

CLIMATE NORMAL PERIOD 1981 TO 2010
CLIMATE RECORD PERIOD 1950 TO 2014


WEATHER ITEM   OBSERVED TIME   RECORD YEAR NORMAL DEPARTURE LAST
                VALUE   (LST)  VALUE       VALUE  FROM      YEAR
                                                  NORMAL
..................................................................
TEMPERATURE (F)
 YESTERDAY
  MAXIMUM         88    400 PM 100    1987  89     -1       94
  MINIMUM         64    533 AM  43    2010  55      9       61
  AVERAGE         76                        72      4       78

PRECIPITATION (IN)
  YESTERDAY        0.00          0.02 1999   0.00   0.00     0.00
  MONTH TO DATE    0.00                      0.05  -0.05     0.00
  SINCE JUL 1      1.55                      3.14  -1.59     2.62
  SINCE JAN 1      0.08                      1.76  -1.68     0.44

SNOWFALL (IN)
  YESTERDAY        0.0
  MONTH TO DATE    0.0
  SINCE JAN 1      0.0
  SINCE JUL 1      0.0
  SNOW DEPTH       0

DEGREE DAYS
 HEATING
  YESTERDAY        0                         0      0        0
  MONTH TO DATE    9                        19    -10        2
  SINCE MAR 1     32                       111    -79       36
  SINCE JUL 1    821                      1176   -355     1124

 COOLING
  YESTERDAY       11                         8      3       13
  MONTH TO DATE  195                       123     72      158
  SINCE MAR 1    299                       185    114      320
  SINCE JAN 1    309                       197    112      320
..................................................................


WIND (MPH)
  RESULTANT WIND SPEED   7   RESULTANT WIND DIRECTION  NW (320)
  HIGHEST WIND SPEED    23   HIGHEST WIND DIRECTION    NW (320)
  HIGHEST GUST SPEED    31   HIGHEST GUST DIRECTION    NW (330)
  AVERAGE WIND SPEED     8.7


SKY COVER
  POSSIBLE SUNSHINE  MM
  AVERAGE SKY COVER 0.0


WEATHER CONDITIONS
 THE FOLLOWING WEATHER WAS RECORDED YESTERDAY.
  HAZE


RELATIVE HUMIDITY (PERCENT)
 HIGHEST    52           500 AM
 LOWEST      7           400 PM
 AVERAGE    30

..........................................................


THE THERMAL AIRPORT CA CLIMATE NORMALS FOR TODAY
                         NORMAL    RECORD    YEAR
 MAXIMUM TEMPERATURE (F)   89       102      1996
 MINIMUM TEMPERATURE (F)   56        45      1968


SUNRISE AND SUNSET
APRIL 24 2014.........SUNRISE   603 AM PDT   SUNSET   723 PM PDT
APRIL 25 2014.........SUNRISE   602 AM PDT   SUNSET   723 PM PDT


-  INDICATES NEGATIVE NUMBERS.
R  INDICATES RECORD WAS SET OR TIED.
MM INDICATES DATA IS MISSING.
T  INDICATES TRACE AMOUNT.




$$
