000
CDUS46 KPQR 101313
CLITTD


CLIMATE REPORT
NATIONAL WEATHER SERVICE PORTLAND OREGON
513 AM PST SAT DEC 10 2016


...................................

...THE TROUTDALE OR CLIMATE SUMMARY FOR DECEMBER 9 2016...

CLIMATE NORMAL PERIOD 1981 TO 2010
CLIMATE RECORD PERIOD 1948 TO 2016


WEATHER ITEM   OBSERVED TIME   RECORD YEAR NORMAL DEPARTURE LAST
                VALUE   (LST)  VALUE       VALUE  FROM      YEAR
                                                  NORMAL
..................................................................
TEMPERATURE (F)
 YESTERDAY
  MAXIMUM         33   1052 PM  63    1987  45    -12       59
  MINIMUM         31    931 AM  12    1972  34     -3       47
  AVERAGE         32                        40     -8       53

PRECIPITATION (IN)
  YESTERDAY        0.45                      0.23   0.22     0.35
  MONTH TO DATE    0.82                      2.04  -1.22     5.74
  SINCE OCT 1     18.78                     13.27   5.51    14.53
  SINCE JAN 1     41.29                     41.84  -0.55    31.64

DEGREE DAYS
 HEATING
  YESTERDAY       33                        25      8       12
  MONTH TO DATE  233                       221     12      159

 COOLING
  YESTERDAY        0                         0      0        0
  MONTH TO DATE    0                         0      0        0
..................................................................


WIND (MPH)
  HIGHEST WIND SPEED    30   HIGHEST WIND DIRECTION     E (80)
  HIGHEST GUST SPEED    40   HIGHEST GUST DIRECTION     E (90)
  AVERAGE WIND SPEED    18.1


SKY COVER
  POSSIBLE SUNSHINE  MM
  AVERAGE SKY COVER 1.0


WEATHER CONDITIONS
 THE FOLLOWING WEATHER WAS RECORDED YESTERDAY.
  FREEZING RAIN
  LT FREEZING RAIN
  FOG


RELATIVE HUMIDITY (PERCENT)
 HIGHEST    92           800 AM
 LOWEST     78          1200 AM
 AVERAGE    85

..........................................................


THE TROUTDALE OR CLIMATE NORMALS FOR TODAY
                         NORMAL    RECORD    YEAR
 MAXIMUM TEMPERATURE (F)   45        60      2004
 MINIMUM TEMPERATURE (F)   34        12      1972


SUNRISE AND SUNSET
DECEMBER 10 2016......SUNRISE   739 AM PST   SUNSET   426 PM PST
DECEMBER 11 2016......SUNRISE   740 AM PST   SUNSET   426 PM PST


-  INDICATES NEGATIVE NUMBERS.
R  INDICATES RECORD WAS SET OR TIED.
MM INDICATES DATA IS MISSING.
T  INDICATES TRACE AMOUNT.




$$
