000
CDUS46 KPQR 291142
CLITTD


CLIMATE REPORT
NATIONAL WEATHER SERVICE PORTLAND OREGON
342 AM PST MON DEC 29 2014


...................................

...THE TROUTDALE OR CLIMATE SUMMARY FOR DECEMBER 28 2014...

CLIMATE NORMAL PERIOD 1981 TO 2010
CLIMATE RECORD PERIOD 9999 TO 9999


WEATHER ITEM   OBSERVED TIME   NORMAL DEPARTURE LAST
                VALUE   (LST)  VALUE  FROM      YEAR
                                      NORMAL
......................................................
TEMPERATURE (F)
 YESTERDAY
  MAXIMUM         47    244 PM  44      3       47
  MINIMUM         40    523 PM  32      8       37
  AVERAGE         44            38      6       42

PRECIPITATION (IN)
  YESTERDAY        0.33          0.23   0.10     0.00
  MONTH TO DATE    4.19          6.49  -2.30     2.37
  SINCE OCT 1     14.85         17.72  -2.87     7.59
  SINCE JAN 1     37.55         46.29  -8.74    28.51

DEGREE DAYS
 HEATING
  YESTERDAY       21            27     -6       23
  MONTH TO DATE  551           728   -177      784

 COOLING
  YESTERDAY        0             0      0        0
  MONTH TO DATE    0             0      0        0
......................................................


WIND (MPH)
  HIGHEST WIND SPEED    15   HIGHEST WIND DIRECTION    SW (240)
  HIGHEST GUST SPEED    21   HIGHEST GUST DIRECTION    SW (240)
  AVERAGE WIND SPEED     4.9


SKY COVER
  POSSIBLE SUNSHINE  MM
  AVERAGE SKY COVER 0.8


WEATHER CONDITIONS
 THE FOLLOWING WEATHER WAS RECORDED YESTERDAY.
  HEAVY RAIN
  RAIN
  LIGHT RAIN
  FOG


RELATIVE HUMIDITY (PERCENT)
 HIGHEST    93           600 PM
 LOWEST     76           200 PM
 AVERAGE    85

..........................................................


THE TROUTDALE OR CLIMATE NORMALS FOR TODAY
                         NORMAL    RECORD    YEAR
 MAXIMUM TEMPERATURE (F)   44        58      1950
 MINIMUM TEMPERATURE (F)   32        10      1990


SUNRISE AND SUNSET
DECEMBER 29 2014......SUNRISE   750 AM PST   SUNSET   434 PM PST
DECEMBER 30 2014......SUNRISE   750 AM PST   SUNSET   435 PM PST


-  INDICATES NEGATIVE NUMBERS.
R  INDICATES RECORD WAS SET OR TIED.
MM INDICATES DATA IS MISSING.
T  INDICATES TRACE AMOUNT.




$$
