000
CDUS46 KPQR 051141
CLITTD


CLIMATE REPORT
NATIONAL WEATHER SERVICE PORTLAND OREGON
440 AM PDT SUN JUL 5 2015


...................................

...THE TROUTDALE OR CLIMATE SUMMARY FOR JULY 4 2015...

CLIMATE NORMAL PERIOD 1981 TO 2010
CLIMATE RECORD PERIOD 1948 TO 2015


WEATHER ITEM   OBSERVED TIME   RECORD YEAR NORMAL DEPARTURE LAST
                VALUE   (LST)  VALUE       VALUE  FROM      YEAR
                                                  NORMAL
..................................................................
TEMPERATURE (F)
 YESTERDAY
  MAXIMUM         96    514 PM  97    1972  79     17       80
  MINIMUM         59    457 AM  45    2012  53      6       56
                                      1949
  AVERAGE         78                        66     12       68

PRECIPITATION (IN)
  YESTERDAY        0.00                      0.04  -0.04     0.00
  MONTH TO DATE    0.00                      0.14  -0.14     0.00
  SINCE OCT 1     28.97                     43.66 -14.69    28.08
  SINCE JAN 1     14.01                     25.26 -11.25    20.49

DEGREE DAYS
 HEATING
  YESTERDAY        0                         2     -2        0
  MONTH TO DATE    0                         8     -8        0

 COOLING
  YESTERDAY       13                         2     11        3
  MONTH TO DATE   55                         8     47       28
..................................................................


WIND (MPH)
  HIGHEST WIND SPEED    12   HIGHEST WIND DIRECTION     W (250)
  HIGHEST GUST SPEED    15   HIGHEST GUST DIRECTION    SW (240)
  AVERAGE WIND SPEED     4.0


SKY COVER
  POSSIBLE SUNSHINE  MM
  AVERAGE SKY COVER 0.0


WEATHER CONDITIONS
 THE FOLLOWING WEATHER WAS RECORDED YESTERDAY.
  HAZE


RELATIVE HUMIDITY (PERCENT)
 HIGHEST    80           500 AM
 LOWEST     19           500 PM
 AVERAGE    50

..........................................................


THE TROUTDALE OR CLIMATE NORMALS FOR TODAY
                         NORMAL    RECORD    YEAR
 MAXIMUM TEMPERATURE (F)   79        95      1960
 MINIMUM TEMPERATURE (F)   53        46      1954


SUNRISE AND SUNSET
JULY  5 2015..........SUNRISE   527 AM PDT   SUNSET   901 PM PDT
JULY  6 2015..........SUNRISE   528 AM PDT   SUNSET   901 PM PDT


-  INDICATES NEGATIVE NUMBERS.
R  INDICATES RECORD WAS SET OR TIED.
MM INDICATES DATA IS MISSING.
T  INDICATES TRACE AMOUNT.




$$
