000
CDUS41 KPHI 232126
CLITTN


CLIMATE REPORT
NATIONAL WEATHER SERVICE MOUNT HOLLY NJ
526 PM EDT TUE SEP 23 2014


...................................

...THE TRENTON NJ CLIMATE SUMMARY FOR SEPTEMBER 23 2014...
VALID TODAY AS OF 0500 PM LOCAL TIME.

CLIMATE NORMAL PERIOD 1981 TO 2010
CLIMATE RECORD PERIOD 1865 TO 2014


WEATHER ITEM   OBSERVED TIME   RECORD YEAR NORMAL DEPARTURE LAST
                VALUE   (LST)  VALUE       VALUE  FROM      YEAR
                                                  NORMAL
..................................................................
TEMPERATURE (F)
 TODAY
  MAXIMUM         71    359 PM  97    1895  73     -2       66
  MINIMUM         43    536 AM  38    1904  53    -10       47
  AVERAGE         57                        63     -6       57

PRECIPITATION (IN)
  TODAY            0.00          2.34 1975   0.15  -0.15     0.00
  MONTH TO DATE    0.71                      3.15  -2.44     1.61
  SINCE SEP 1      0.71                      3.15  -2.44     1.61
  SINCE JAN 1     32.17                     34.13  -1.96    33.96

SNOWFALL (IN)
  TODAY           MM            MM      MM  MM     MM       MM
  MONTH TO DATE   MM                        MM     MM       MM
  SINCE SEP 1     MM                        MM     MM       MM
  SINCE JUL 1     MM                        MM     MM       MM
  SNOW DEPTH      MM

DEGREE DAYS
 HEATING
  TODAY            8                         3      5        8
  MONTH TO DATE   40                        28     12       59
  SINCE SEP 1     40                        28     12       59
  SINCE JUL 1     40                        31      9       59

 COOLING
  TODAY            0                         2     -2        0
  MONTH TO DATE  116                        91     25       91
  SINCE SEP 1    116                        91     25       91
  SINCE JAN 1    899                       947    -48     1041
..................................................................


WIND (MPH)
  HIGHEST WIND SPEED    10   HIGHEST WIND DIRECTION    SW (210)
  HIGHEST GUST SPEED    18   HIGHEST GUST DIRECTION     S (200)
  AVERAGE WIND SPEED     4.6


SKY COVER
  POSSIBLE SUNSHINE  MM
  AVERAGE SKY COVER 0.0


WEATHER CONDITIONS
 THE FOLLOWING WEATHER WAS RECORDED TODAY.
  NO SIGNIFICANT WEATHER WAS OBSERVED.


RELATIVE HUMIDITY (PERCENT)
 HIGHEST    83           600 AM
 LOWEST     34           400 PM
 AVERAGE    59

..........................................................


THE TRENTON NJ CLIMATE NORMALS FOR TOMORROW
                         NORMAL    RECORD    YEAR
 MAXIMUM TEMPERATURE (F)   73        92      1970
 MINIMUM TEMPERATURE (F)   53        37      1963


SUNRISE AND SUNSET
SEPTEMBER 23 2014.....SUNRISE   648 AM EDT   SUNSET   655 PM EDT
SEPTEMBER 24 2014.....SUNRISE   649 AM EDT   SUNSET   653 PM EDT


-  INDICATES NEGATIVE NUMBERS.
R  INDICATES RECORD WAS SET OR TIED.
MM INDICATES DATA IS MISSING.
T  INDICATES TRACE AMOUNT.




$$
