000
CDUS41 KPHI 290628
CLITTN


CLIMATE REPORT
NATIONAL WEATHER SERVICE MOUNT HOLLY NJ
128 AM EST THU JAN 29 2015


...................................

...THE TRENTON NJ CLIMATE SUMMARY FOR JANUARY 28 2015...

CLIMATE NORMAL PERIOD 1981 TO 2010
CLIMATE RECORD PERIOD 1865 TO 2015


WEATHER ITEM   OBSERVED TIME   RECORD YEAR NORMAL DEPARTURE LAST
                VALUE   (LST)  VALUE       VALUE  FROM      YEAR
                                                  NORMAL
..................................................................
TEMPERATURE (F)
 YESTERDAY
  MAXIMUM         33    404 PM  64    1916  39     -6       20
  MINIMUM         16    443 AM  -2    1935  24     -8       11
  AVERAGE         25                        31     -6       16

PRECIPITATION (IN)
  YESTERDAY        0.00          2.20 1994   0.11  -0.11      T
  MONTH TO DATE    4.34                      2.88   1.46     3.24
  SINCE DEC 1      8.48                      6.58   1.90     7.68
  SINCE JAN 1      4.34                      2.88   1.46     3.24

SNOWFALL (IN)
  YESTERDAY       MM            MM      MM  MM     MM       MM
  MONTH TO DATE   MM                        MM     MM       MM
  SINCE DEC 1     MM                        MM     MM       MM
  SINCE JUL 1     MM                        MM     MM       MM
  SNOW DEPTH      MM

DEGREE DAYS
 HEATING
  YESTERDAY       40                        34      6       49
  MONTH TO DATE 1011                       951     60     1065
  SINCE DEC 1   1809                      1870    -61     1965
  SINCE JUL 1   2779                      2846    -67     2952

 COOLING
  YESTERDAY        0                         0      0        0
  MONTH TO DATE    0                         0      0        0
  SINCE DEC 1      0                         0      0        0
  SINCE JAN 1      0                         0      0        0
..................................................................


WIND (MPH)
  HIGHEST WIND SPEED    20   HIGHEST WIND DIRECTION    NW (320)
  HIGHEST GUST SPEED    30   HIGHEST GUST DIRECTION    NW (300)
  AVERAGE WIND SPEED     9.5


SKY COVER
  POSSIBLE SUNSHINE  MM
  AVERAGE SKY COVER 0.0


WEATHER CONDITIONS
 THE FOLLOWING WEATHER WAS RECORDED YESTERDAY.
  NO SIGNIFICANT WEATHER WAS OBSERVED.


RELATIVE HUMIDITY (PERCENT)
 HIGHEST    56          1200 AM
 LOWEST     27           600 PM
 AVERAGE    42

..........................................................


THE TRENTON NJ CLIMATE NORMALS FOR TODAY
                         NORMAL    RECORD    YEAR
 MAXIMUM TEMPERATURE (F)   39        70      2002
 MINIMUM TEMPERATURE (F)   24         0      1873


SUNRISE AND SUNSET
JANUARY 29 2015.......SUNRISE   711 AM EST   SUNSET   514 PM EST
JANUARY 30 2015.......SUNRISE   710 AM EST   SUNSET   515 PM EST


-  INDICATES NEGATIVE NUMBERS.
R  INDICATES RECORD WAS SET OR TIED.
MM INDICATES DATA IS MISSING.
T  INDICATES TRACE AMOUNT.




$$
