000
CDUS41 KPHI 230631
CLITTN


CLIMATE REPORT
NATIONAL WEATHER SERVICE MOUNT HOLLY NJ
230 AM EDT SAT MAY 23 2015


...................................

...THE TRENTON NJ CLIMATE SUMMARY FOR MAY 22 2015...

CLIMATE NORMAL PERIOD 1981 TO 2010
CLIMATE RECORD PERIOD 1865 TO 2015


WEATHER ITEM   OBSERVED TIME   RECORD YEAR NORMAL DEPARTURE LAST
                VALUE   (LST)  VALUE       VALUE  FROM      YEAR
                                                  NORMAL
..................................................................
TEMPERATURE (F)
 YESTERDAY
  MAXIMUM         75    357 PM  95    1941  74      1       69
                                      1911
  MINIMUM         49    458 AM  36    2002  52     -3       58
  AVERAGE         62                        63     -1       64

PRECIPITATION (IN)
  YESTERDAY        0.00          1.61 1894   0.18  -0.18     0.90
  MONTH TO DATE    0.54                      2.72  -2.18     2.20
  SINCE MAR 1      7.38                     10.40  -3.02    11.73
  SINCE JAN 1     13.97                     15.87  -1.90    19.39

SNOWFALL (IN)
  YESTERDAY       MM            MM      MM  MM     MM       MM
  MONTH TO DATE   MM                        MM     MM       MM
  SINCE MAR 1     MM                        MM     MM       MM
  SINCE JUL 1     MM                        MM     MM       MM
  SNOW DEPTH      MM

DEGREE DAYS
 HEATING
  YESTERDAY        3                         4     -1        1
  MONTH TO DATE   57                       140    -83       89
  SINCE MAR 1   1280                      1294    -14     1371
  SINCE JUL 1   5363                      5108    255     5457

 COOLING
  YESTERDAY        0                         2     -2        0
  MONTH TO DATE   59                        27     32       22
  SINCE MAR 1     59                        35     24       28
  SINCE JAN 1     59                        35     24       28
..................................................................


WIND (MPH)
  HIGHEST WIND SPEED    26   HIGHEST WIND DIRECTION    NW (320)
  HIGHEST GUST SPEED    42   HIGHEST GUST DIRECTION    NW (300)
  AVERAGE WIND SPEED     9.2


SKY COVER
  POSSIBLE SUNSHINE  MM
  AVERAGE SKY COVER 0.2


WEATHER CONDITIONS
 THE FOLLOWING WEATHER WAS RECORDED YESTERDAY.
  FOG


RELATIVE HUMIDITY (PERCENT)
 HIGHEST    89          1200 AM
 LOWEST     29           400 PM
 AVERAGE    59

..........................................................


THE TRENTON NJ CLIMATE NORMALS FOR TODAY
                         NORMAL    RECORD    YEAR
 MAXIMUM TEMPERATURE (F)   74        99      1911
 MINIMUM TEMPERATURE (F)   53        41      2006
                                             2002


SUNRISE AND SUNSET
MAY 23 2015...........SUNRISE   537 AM EDT   SUNSET   815 PM EDT
MAY 24 2015...........SUNRISE   536 AM EDT   SUNSET   816 PM EDT


-  INDICATES NEGATIVE NUMBERS.
R  INDICATES RECORD WAS SET OR TIED.
MM INDICATES DATA IS MISSING.
T  INDICATES TRACE AMOUNT.




$$
