000
CDUS41 KPHI 210631
CLITTN


CLIMATE REPORT
NATIONAL WEATHER SERVICE MOUNT HOLLY NJ
130 AM EST SAT JAN 21 2017


...................................

...THE TRENTON NJ CLIMATE SUMMARY FOR JANUARY 20 2017...

CLIMATE NORMAL PERIOD 1981 TO 2010
CLIMATE RECORD PERIOD 1865 TO 2017


WEATHER ITEM   OBSERVED TIME   RECORD YEAR NORMAL DEPARTURE LAST
                VALUE   (LST)  VALUE       VALUE  FROM      YEAR
                                                  NORMAL
..................................................................
TEMPERATURE (F)
 YESTERDAY
  MAXIMUM         41   1159 PM  64    1947  39      2       36
  MINIMUM         28    535 AM  -5    1985  23      5       22
  AVERAGE         35                        31      4       29

PRECIPITATION (IN)
  YESTERDAY        0.17          1.05 1979   0.08   0.09     0.00
  MONTH TO DATE    1.96                      2.06  -0.10     1.84
  SINCE DEC 1      4.61                      5.76  -1.15     6.25
  SINCE JAN 1      1.96                      2.06  -0.10     1.84

DEGREE DAYS
 HEATING
  YESTERDAY       30                        34     -4       36
  MONTH TO DATE  599                       679    -80      653
  SINCE DEC 1   1473                      1598   -125     1140
  SINCE JUL 1   2283                      2574   -291     1886

 COOLING
  YESTERDAY        0                         0      0        0
  MONTH TO DATE    0                         0      0        0
  SINCE DEC 1      0                         0      0        2
  SINCE JAN 1      0                         0      0        0
..................................................................


WIND (MPH)
  HIGHEST WIND SPEED     7   HIGHEST WIND DIRECTION     E (110)
  HIGHEST GUST SPEED     8   HIGHEST GUST DIRECTION    SE (130)
  AVERAGE WIND SPEED     2.3


SKY COVER
  POSSIBLE SUNSHINE  MM
  AVERAGE SKY COVER 0.5


WEATHER CONDITIONS
 THE FOLLOWING WEATHER WAS RECORDED YESTERDAY.
  RAIN
  LIGHT RAIN
  FOG


RELATIVE HUMIDITY (PERCENT)
 HIGHEST   100           200 AM
 LOWEST     79          1200 PM
 AVERAGE    90

..........................................................


THE TRENTON NJ CLIMATE NORMALS FOR TODAY
                         NORMAL    RECORD    YEAR
 MAXIMUM TEMPERATURE (F)   39        64      2006
                                             1959
 MINIMUM TEMPERATURE (F)   23       -10      1985


SUNRISE AND SUNSET
JANUARY 21 2017.......SUNRISE   717 AM EST   SUNSET   505 PM EST
JANUARY 22 2017.......SUNRISE   716 AM EST   SUNSET   506 PM EST


-  INDICATES NEGATIVE NUMBERS.
R  INDICATES RECORD WAS SET OR TIED.
MM INDICATES DATA IS MISSING.
T  INDICATES TRACE AMOUNT.




$$
