000
CDUS41 KPHI 222130
CLITTN


CLIMATE REPORT
NATIONAL WEATHER SERVICE MOUNT HOLLY NJ
429 PM EST MON JAN 22 2018


...................................

...THE TRENTON NJ CLIMATE SUMMARY FOR JANUARY 22 2018...
VALID TODAY AS OF 0400 PM LOCAL TIME.

CLIMATE NORMAL PERIOD 1981 TO 2010
CLIMATE RECORD PERIOD 1865 TO 2018


WEATHER ITEM   OBSERVED TIME   RECORD YEAR NORMAL DEPARTURE LAST
                VALUE   (LST)  VALUE       VALUE  FROM      YEAR
                                                  NORMAL
..................................................................
TEMPERATURE (F)
 TODAY
  MAXIMUM         55    333 PM  72    1906  39     16       49
  MINIMUM         42    805 AM -13    1984  23     19       44
  AVERAGE         49                        31     18       47

PRECIPITATION (IN)
  TODAY            T             1.20 1987   0.09  -0.09     0.08
  MONTH TO DATE    1.55                      2.24  -0.69     2.04
  SINCE DEC 1      3.14                      5.94  -2.80     4.69
  SINCE JAN 1      1.55                      2.24  -0.69     2.04

DEGREE DAYS
 HEATING
  TODAY           16                        34    -18       18
  MONTH TO DATE  803                       747     56      638
  SINCE DEC 1   1770                      1666    104     1512
  SINCE JUL 1   2556                      2642    -86     2322

 COOLING
  TODAY            0                         0      0        0
  MONTH TO DATE    0                         0      0        0
  SINCE DEC 1      0                         0      0        0
  SINCE JAN 1      0                         0      0        0
..................................................................


WIND (MPH)
  HIGHEST WIND SPEED     7   HIGHEST WIND DIRECTION     E (90)
  HIGHEST GUST SPEED     9   HIGHEST GUST DIRECTION     E (90)
  AVERAGE WIND SPEED     2.3


SKY COVER
  POSSIBLE SUNSHINE  MM
  AVERAGE SKY COVER 0.9


WEATHER CONDITIONS
 THE FOLLOWING WEATHER WAS RECORDED TODAY.
  LIGHT RAIN


RELATIVE HUMIDITY (PERCENT)
 HIGHEST    82           700 AM
 LOWEST     59           100 PM
 AVERAGE    71

..........................................................


THE TRENTON NJ CLIMATE NORMALS FOR TOMORROW
                         NORMAL    RECORD    YEAR
 MAXIMUM TEMPERATURE (F)   39        72      1906
 MINIMUM TEMPERATURE (F)   23        -3      1936


SUNRISE AND SUNSET
JANUARY 22 2018.......SUNRISE   716 AM EST   SUNSET   506 PM EST
JANUARY 23 2018.......SUNRISE   716 AM EST   SUNSET   507 PM EST


-  INDICATES NEGATIVE NUMBERS.
R  INDICATES RECORD WAS SET OR TIED.
MM INDICATES DATA IS MISSING.
T  INDICATES TRACE AMOUNT.




$$
