000
CDUS41 KPHI 050629
CLITTN


CLIMATE REPORT
NATIONAL WEATHER SERVICE MOUNT HOLLY NJ
129 AM EST MON DEC 5 2016


...................................

...THE TRENTON NJ CLIMATE SUMMARY FOR DECEMBER 4 2016...

CLIMATE NORMAL PERIOD 1981 TO 2010
CLIMATE RECORD PERIOD 1865 TO 2016


WEATHER ITEM   OBSERVED TIME   RECORD YEAR NORMAL DEPARTURE LAST
                VALUE   (LST)  VALUE       VALUE  FROM      YEAR
                                                  NORMAL
..................................................................
TEMPERATURE (F)
 YESTERDAY
  MAXIMUM         47    306 PM  73    1998  47      0       50
  MINIMUM         38    745 AM  10    1906  32      6       34
  AVERAGE         43                        39      4       42

PRECIPITATION (IN)
  YESTERDAY        0.00          1.77 1927   0.14  -0.14     0.00
  MONTH TO DATE    0.07                      0.58  -0.51     0.74
  SINCE DEC 1      0.07                      0.58  -0.51     0.74
  SINCE JAN 1     32.24                     43.32 -11.08    36.13

SNOWFALL (IN)
  YESTERDAY       MM            MM      MM  MM     MM       MM
  MONTH TO DATE   MM                        MM     MM       MM
  SINCE DEC 1     MM                        MM     MM       MM
  SINCE JUL 1     MM                        MM     MM       MM
  SNOW DEPTH      MM

DEGREE DAYS
 HEATING
  YESTERDAY       22                        26     -4       23
  MONTH TO DATE   80                       101    -21       71
  SINCE DEC 1     80                       101    -21       71
  SINCE JUL 1    890                      1077   -187      817

 COOLING
  YESTERDAY        0                         0      0        0
  MONTH TO DATE    0                         0      0        0
  SINCE DEC 1      0                         0      0        0
  SINCE JAN 1   1381                       965    416     1275
..................................................................


WIND (MPH)
  HIGHEST WIND SPEED    15   HIGHEST WIND DIRECTION     N (340)
  HIGHEST GUST SPEED    19   HIGHEST GUST DIRECTION    NW (330)
  AVERAGE WIND SPEED     4.8


SKY COVER
  POSSIBLE SUNSHINE  MM
  AVERAGE SKY COVER 0.4


WEATHER CONDITIONS
 THE FOLLOWING WEATHER WAS RECORDED YESTERDAY.
  NO SIGNIFICANT WEATHER WAS OBSERVED.


RELATIVE HUMIDITY (PERCENT)
 HIGHEST    64          1100 PM
 LOWEST     38           300 PM
 AVERAGE    51

..........................................................


THE TRENTON NJ CLIMATE NORMALS FOR TODAY
                         NORMAL    RECORD    YEAR
 MAXIMUM TEMPERATURE (F)   46        74      2001
 MINIMUM TEMPERATURE (F)   31        10      1926


SUNRISE AND SUNSET
DECEMBER  5 2016......SUNRISE   707 AM EST   SUNSET   433 PM EST
DECEMBER  6 2016......SUNRISE   708 AM EST   SUNSET   433 PM EST


-  INDICATES NEGATIVE NUMBERS.
R  INDICATES RECORD WAS SET OR TIED.
MM INDICATES DATA IS MISSING.
T  INDICATES TRACE AMOUNT.




$$
