979
CDUS41 KPHI 120629
CLITTN


CLIMATE REPORT
NATIONAL WEATHER SERVICE MOUNT HOLLY NJ
128 AM EST FRI FEB 12 2016


...................................

...THE TRENTON NJ CLIMATE SUMMARY FOR FEBRUARY 11 2016...

CLIMATE NORMAL PERIOD 1981 TO 2010
CLIMATE RECORD PERIOD 1865 TO 2016


WEATHER ITEM   OBSERVED TIME   RECORD YEAR NORMAL DEPARTURE LAST
                VALUE   (LST)  VALUE       VALUE  FROM      YEAR
                                                  NORMAL
..................................................................
TEMPERATURE (F)
 YESTERDAY
  MAXIMUM         27    108 PM  68    2009  41    -14       36
  MINIMUM         18   1045 AM  -9    1899  25     -7       22
  AVERAGE         23                        33    -10       29

PRECIPITATION (IN)
  YESTERDAY        0.01          1.60 1983   0.09  -0.08     0.00
  MONTH TO DATE    1.05                      0.82   0.23     1.22
  SINCE DEC 1      8.75                      7.68   1.07     9.70
  SINCE JAN 1      4.34                      3.98   0.36     5.56

SNOWFALL (IN)
  YESTERDAY       MM            MM      MM  MM     MM       MM
  MONTH TO DATE   MM                        MM     MM       MM
  SINCE DEC 1     MM                        MM     MM       MM
  SINCE JUL 1     MM                        MM     MM       MM
  SNOW DEPTH      MM

DEGREE DAYS
 HEATING
  YESTERDAY       42                        32     10       36
  MONTH TO DATE  309                       358    -49      404
  SINCE DEC 1   1832                      2328   -496     2339
  SINCE JUL 1   2578                      3304   -726     3309

 COOLING
  YESTERDAY        0                         0      0        0
  MONTH TO DATE    0                         0      0        0
  SINCE DEC 1      2                         0      2        0
  SINCE JAN 1      0                         0      0        0
..................................................................


WIND (MPH)
  HIGHEST WIND SPEED    23   HIGHEST WIND DIRECTION     W (280)
  HIGHEST GUST SPEED    37   HIGHEST GUST DIRECTION     W (260)
  AVERAGE WIND SPEED    11.9


SKY COVER
  POSSIBLE SUNSHINE  MM
  AVERAGE SKY COVER 0.6


WEATHER CONDITIONS
 THE FOLLOWING WEATHER WAS RECORDED YESTERDAY.
  HEAVY SNOW
  LIGHT SNOW
  HAZE


RELATIVE HUMIDITY (PERCENT)
 HIGHEST    77          1100 AM
 LOWEST     35           200 PM
 AVERAGE    56

..........................................................


THE TRENTON NJ CLIMATE NORMALS FOR TODAY
                         NORMAL    RECORD    YEAR
 MAXIMUM TEMPERATURE (F)   41        68      1999
 MINIMUM TEMPERATURE (F)   25        -2      1907


SUNRISE AND SUNSET
FEBRUARY 12 2016......SUNRISE   657 AM EST   SUNSET   531 PM EST
FEBRUARY 13 2016......SUNRISE   656 AM EST   SUNSET   532 PM EST


-  INDICATES NEGATIVE NUMBERS.
R  INDICATES RECORD WAS SET OR TIED.
MM INDICATES DATA IS MISSING.
T  INDICATES TRACE AMOUNT.




$$
