000
CDUS44 KTSA 232231
CLITUL

CLIMATE REPORT
NATIONAL WEATHER SERVICE TULSA OK
427 PM CST THU NOV 23 2017


...................................

...THE TULSA OKLAHOMA CLIMATE SUMMARY FOR NOVEMBER 23 2017...
VALID TODAY AS OF 0400 PM LOCAL TIME.

CLIMATE NORMAL PERIOD 1981 TO 2010
CLIMATE RECORD PERIOD 1882 TO 2017


WEATHER ITEM   OBSERVED TIME   RECORD YEAR NORMAL DEPARTURE LAST
                VALUE   (LST)  VALUE       VALUE  FROM      YEAR
                                                  NORMAL
..................................................................
TEMPERATURE (F)
 TODAY
  MAXIMUM         67    259 PM  78    1974  57     10       56
                                      1966
  MINIMUM         33    224 AM  17    1970  36     -3       36
  AVERAGE         50                        47      3       46

PRECIPITATION (IN)
  TODAY            0.00          0.80 1931   0.08  -0.08      T
  MONTH TO DATE    0.02                      2.24  -2.22     1.85
  SINCE SEP 1      8.98                     10.43  -1.45     7.02
  SINCE JAN 1     43.98                     37.91   6.07    27.72

SNOWFALL (IN)
  TODAY            0.0                                       0.0
  MONTH TO DATE    0.0                                       0.0
  SINCE SEP 1      0.0                                       0.0
  SINCE JUL 1      0.0                                       0.0

DEGREE DAYS
 HEATING
  TODAY           15                        18     -3       19
  MONTH TO DATE  283                       309    -26      171
  SINCE SEP 1    442                       495    -53      221
  SINCE JUL 1    442                       495    -53      221
..................................................................


WIND (MPH)
  HIGHEST WIND SPEED    10   HIGHEST WIND DIRECTION     S (200)
  HIGHEST GUST SPEED    13   HIGHEST GUST DIRECTION     S (190)
  AVERAGE WIND SPEED     6.2


SKY COVER
  POSSIBLE SUNSHINE  MM
  AVERAGE SKY COVER 0.1


WEATHER CONDITIONS
 THE FOLLOWING WEATHER WAS RECORDED TODAY.
  NO SIGNIFICANT WEATHER WAS OBSERVED.


RELATIVE HUMIDITY (PERCENT)
 HIGHEST    69           200 AM
 LOWEST     24           200 PM
 AVERAGE    47

..........................................................


THE TULSA OKLAHOMA CLIMATE NORMALS FOR TOMORROW
                         NORMAL    RECORD    YEAR
 MAXIMUM TEMPERATURE (F)   57        80      1990
                                             1965
 MINIMUM TEMPERATURE (F)   36        14      1950


SUNRISE AND SUNSET
NOVEMBER 23 2017......SUNRISE   709 AM CST   SUNSET   511 PM CST
NOVEMBER 24 2017......SUNRISE   710 AM CST   SUNSET   511 PM CST


-  INDICATES NEGATIVE NUMBERS.
R  INDICATES RECORD WAS SET OR TIED.
MM INDICATES DATA IS MISSING.
T  INDICATES TRACE AMOUNT.




$$

&&
...........................................................

TULSA RECORD LOW MAX AND HIGH MIN TEMPERATURES FOR TOMORROW
                      RECORD        YEAR
  LOW MAXIMUM           35          1918
  HIGH MINIMUM          61          1966
...........................................................
ALL DATA MEASURED AT THE TULSA INTERNATIONAL AIRPORT...
EXCEPT SNOWFALL...WHICH IS MEASURED AT THE NWS OFFICE.
