000
CDUS44 KTSA 260647
CLITUL

CLIMATE REPORT
NATIONAL WEATHER SERVICE TULSA OK
147 AM CDT WED JUL 26 2017


...................................

...THE TULSA OKLAHOMA CLIMATE SUMMARY FOR JULY 25 2017...

CLIMATE NORMAL PERIOD 1981 TO 2010
CLIMATE RECORD PERIOD 1882 TO 2017


WEATHER ITEM   OBSERVED TIME   RECORD YEAR NORMAL DEPARTURE LAST
                VALUE   (LST)  VALUE       VALUE  FROM      YEAR
                                                  NORMAL
..................................................................
TEMPERATURE (F)
 YESTERDAY
  MAXIMUM         97    206 PM 108    1934  94      3       92
  MINIMUM         78    553 AM  54    1911  73      5       81
  AVERAGE         88                        84      4       87

PRECIPITATION (IN)
  YESTERDAY        0.00          2.34 1931   0.10  -0.10      T
  MONTH TO DATE    2.00                      2.80  -0.80     1.99
  SINCE JUN 1      4.77                      7.52  -2.75     2.76
  SINCE JAN 1     28.70                     24.02   4.68    16.62

DEGREE DAYS
 COOLING
  YESTERDAY       23                        19      4       22
  MONTH TO DATE  480                       442     38      523
  SINCE JUN 1    880                       821     59     1056
  SINCE JAN 1   1167                      1055    112     1260
..................................................................


WIND (MPH)
  HIGHEST WIND SPEED    17   HIGHEST WIND DIRECTION     S (180)
  HIGHEST GUST SPEED    22   HIGHEST GUST DIRECTION    SE (150)
  AVERAGE WIND SPEED     9.6


SKY COVER
  POSSIBLE SUNSHINE  MM
  AVERAGE SKY COVER 0.1


WEATHER CONDITIONS
 THE FOLLOWING WEATHER WAS RECORDED YESTERDAY.
  NO SIGNIFICANT WEATHER WAS OBSERVED.


RELATIVE HUMIDITY (PERCENT)
 HIGHEST    79           400 AM
 LOWEST     42           200 PM
 AVERAGE    61

..........................................................


THE TULSA OKLAHOMA CLIMATE NORMALS FOR TODAY
                         NORMAL    RECORD    YEAR
 MAXIMUM TEMPERATURE (F)   94       106      1978
                                             1934
 MINIMUM TEMPERATURE (F)   73        60      2004
                                             1905


SUNRISE AND SUNSET
JULY 26 2017..........SUNRISE   626 AM CDT   SUNSET   834 PM CDT
JULY 27 2017..........SUNRISE   627 AM CDT   SUNSET   833 PM CDT


-  INDICATES NEGATIVE NUMBERS.
R  INDICATES RECORD WAS SET OR TIED.
MM INDICATES DATA IS MISSING.
T  INDICATES TRACE AMOUNT.




$$

&&
...........................................................

THE TULSA PRECIPITATION NORMALS FOR TODAY
                       NORMAL    RECORD      YEAR
  TODAY                 0.09      1.81       1928
  MONTH TO DATE         2.89
  YEAR TO DATE         24.11
...........................................................
ALL DATA MEASURED AT THE TULSA INTERNATIONAL AIRPORT...
EXCEPT SNOWFALL...WHICH IS MEASURED AT THE NWS OFFICE.
