000
CDUS44 KTSA 292132
CLITUL

CLIMATE REPORT
NATIONAL WEATHER SERVICE TULSA OK
418 PM CDT FRI APR 29 2016


...................................

...THE TULSA OKLAHOMA CLIMATE SUMMARY FOR APRIL 29 2016...
VALID TODAY AS OF 0400 PM LOCAL TIME.

CLIMATE NORMAL PERIOD 1981 TO 2010
CLIMATE RECORD PERIOD 1882 TO 2016


WEATHER ITEM   OBSERVED TIME   RECORD YEAR NORMAL DEPARTURE LAST
                VALUE   (LST)  VALUE       VALUE  FROM      YEAR
                                                  NORMAL
..................................................................
TEMPERATURE (F)
 TODAY
  MAXIMUM         75    256 PM  92    1987  75      0       78
  MINIMUM         56    632 AM  38    1969  54      2       47
  AVERAGE         66                        65      1       63

PRECIPITATION (IN)
  TODAY            0.13          1.99 1994   0.16  -0.03     0.00
  MONTH TO DATE    5.41                      3.62   1.79     4.10
  SINCE MAR 1      8.27                      6.91   1.36     7.81
  SINCE JAN 1      9.47                     10.42  -0.95    10.13

SNOWFALL (IN)
  TODAY            0.0                                       0.0
  MONTH TO DATE    0.0                                       0.0
  SINCE MAR 1      0.0                                       0.3
  SINCE JUL 1      3.0                                       8.5

DEGREE DAYS
 HEATING
  TODAY            0                         3     -3        2
  MONTH TO DATE   81                       184   -103      113
  SINCE MAR 1    348                       622   -274      494
  SINCE JUL 1   2680                      3533   -853     3509

 COOLING
  TODAY            1                         3     -2        0
  MONTH TO DATE   39                        50    -11       61
  SINCE MAR 1     48                        61    -13       74
  SINCE JAN 1     54                        62     -8       74
..................................................................


WIND (MPH)
  HIGHEST WIND SPEED    18   HIGHEST WIND DIRECTION     E (110)
  HIGHEST GUST SPEED    25   HIGHEST GUST DIRECTION     E (110)
  AVERAGE WIND SPEED    11.1


SKY COVER
  POSSIBLE SUNSHINE  MM
  AVERAGE SKY COVER 1.0


WEATHER CONDITIONS
 THE FOLLOWING WEATHER WAS RECORDED TODAY.
  LIGHT RAIN
  FOG


RELATIVE HUMIDITY (PERCENT)
 HIGHEST    93           700 AM
 LOWEST     67           100 AM
 AVERAGE    80

..........................................................


THE TULSA OKLAHOMA CLIMATE NORMALS FOR TOMORROW
                         NORMAL    RECORD    YEAR
 MAXIMUM TEMPERATURE (F)   76        91      1987
                                             1959
 MINIMUM TEMPERATURE (F)   54        35      1908


SUNRISE AND SUNSET
APRIL 29 2016.........SUNRISE   632 AM CDT   SUNSET   810 PM CDT
APRIL 30 2016.........SUNRISE   631 AM CDT   SUNSET   811 PM CDT


-  INDICATES NEGATIVE NUMBERS.
R  INDICATES RECORD WAS SET OR TIED.
MM INDICATES DATA IS MISSING.
T  INDICATES TRACE AMOUNT.




$$

&&
...........................................................

TULSA RECORD LOW MAX AND HIGH MIN TEMPERATURES FOR TOMORROW
                      RECORD        YEAR
  LOW MAXIMUM           50          1907
  HIGH MINIMUM          71          1936
...........................................................
ALL DATA MEASURED AT THE TULSA INTERNATIONAL AIRPORT...
EXCEPT SNOWFALL...WHICH IS MEASURED AT THE NWS OFFICE.
