000
CDUS44 KTSA 250702
CLITUL

CLIMATE REPORT
NATIONAL WEATHER SERVICE TULSA OK
200 AM CDT MON MAY 25 2015

...................................

...THE TULSA OKLAHOMA CLIMATE SUMMARY FOR MAY 24 2015...

CLIMATE NORMAL PERIOD 1981 TO 2010
CLIMATE RECORD PERIOD 1882 TO 2015


WEATHER ITEM   OBSERVED TIME   RECORD YEAR NORMAL DEPARTURE LAST
                VALUE   (LST)  VALUE       VALUE  FROM      YEAR
                                                  NORMAL
..................................................................
TEMPERATURE (F)
 YESTERDAY
  MAXIMUM         70   1230 PM  94    1911  81    -11       89
  MINIMUM         61    920 PM  42    1935  62     -1       69
  AVERAGE         66                        71     -5       79

PRECIPITATION (IN)
  YESTERDAY        0.62          3.16 1908   0.19   0.43     0.00
  MONTH TO DATE   11.85                      4.59   7.26     0.69
  SINCE MAR 1     19.66                     11.67   7.99     5.18
  SINCE JAN 1     21.98                     15.18   6.80     5.63

DEGREE DAYS
 COOLING
  YESTERDAY        1                         7     -6       14
  MONTH TO DATE   94                       114    -20      169
  SINCE MAR 1    168                       178    -10      203
  SINCE JAN 1    168                       179    -11      203
..................................................................


WIND (MPH)
  HIGHEST WIND SPEED    15   HIGHEST WIND DIRECTION     S (180)
  HIGHEST GUST SPEED    17   HIGHEST GUST DIRECTION     S (190)
  AVERAGE WIND SPEED     7.6


SKY COVER
  POSSIBLE SUNSHINE  MM
  AVERAGE SKY COVER 0.9


WEATHER CONDITIONS
 THE FOLLOWING WEATHER WAS RECORDED YESTERDAY.
  RAIN
  LIGHT RAIN
  FOG


RELATIVE HUMIDITY (PERCENT)
 HIGHEST   100          1200 AM
 LOWEST     81           500 PM
 AVERAGE    91

..........................................................


THE TULSA OKLAHOMA CLIMATE NORMALS FOR TODAY
                         NORMAL    RECORD    YEAR
 MAXIMUM TEMPERATURE (F)   82        97      2006
 MINIMUM TEMPERATURE (F)   62        45      1925


SUNRISE AND SUNSET
MAY 25 2015...........SUNRISE   611 AM CDT   SUNSET   831 PM CDT
MAY 26 2015...........SUNRISE   610 AM CDT   SUNSET   831 PM CDT


-  INDICATES NEGATIVE NUMBERS.
R  INDICATES RECORD WAS SET OR TIED.
MM INDICATES DATA IS MISSING.
T  INDICATES TRACE AMOUNT.




$$

&&
...........................................................

THE TULSA PRECIPITATION NORMALS FOR TODAY
                       NORMAL    RECORD      YEAR
  TODAY                 0.19      1.80       1974
  MONTH TO DATE         4.78
  YEAR TO DATE         15.37
...........................................................
ALL DATA MEASURED AT THE TULSA INTERNATIONAL AIRPORT...
EXCEPT SNOWFALL...WHICH IS MEASURED AT THE NWS OFFICE.
