000
CDUS44 KTSA 050651
CLITUL

CLIMATE REPORT
NATIONAL WEATHER SERVICE TULSA OK
147 AM CDT SAT SEP 5 2015

...................................

...THE TULSA OKLAHOMA CLIMATE SUMMARY FOR SEPTEMBER 4 2015...

CLIMATE NORMAL PERIOD 1981 TO 2010
CLIMATE RECORD PERIOD 1882 TO 2015


WEATHER ITEM   OBSERVED TIME   RECORD YEAR NORMAL DEPARTURE LAST
                VALUE   (LST)  VALUE       VALUE  FROM      YEAR
                                                  NORMAL
..................................................................
TEMPERATURE (F)
 YESTERDAY
  MAXIMUM         93    405 PM 107    1998  89      4       97
                                      1947
  MINIMUM         71    518 AM  46    1974  67      4       78
  AVERAGE         82                        78      4       88

PRECIPITATION (IN)
  YESTERDAY        0.00          6.39 1940   0.14  -0.14     0.00
  MONTH TO DATE    0.00                      0.54  -0.54     1.09
  SINCE SEP 1      0.00                      0.54  -0.54     1.09
  SINCE JAN 1     41.55                     28.02  13.53    19.61

DEGREE DAYS
 HEATING
  YESTERDAY        0                         0      0        0
  MONTH TO DATE    0                         0      0        0
  SINCE SEP 1      0                         0      0        0
  SINCE JUL 1      0                         0      0        1

 COOLING
  YESTERDAY       17                        13      4       23
  MONTH TO DATE   67                        54     13       70
  SINCE SEP 1     67                        54     13       70
  SINCE JAN 1   1806                      1755     51     1723
..................................................................


WIND (MPH)
  HIGHEST WIND SPEED    17   HIGHEST WIND DIRECTION     S (170)
  HIGHEST GUST SPEED    20   HIGHEST GUST DIRECTION     S (160)
  AVERAGE WIND SPEED     8.8


SKY COVER
  POSSIBLE SUNSHINE  MM
  AVERAGE SKY COVER 0.6


WEATHER CONDITIONS
 THE FOLLOWING WEATHER WAS RECORDED YESTERDAY.
  NO SIGNIFICANT WEATHER WAS OBSERVED.


RELATIVE HUMIDITY (PERCENT)
 HIGHEST    93           200 AM
 LOWEST     49           200 PM
 AVERAGE    71

..........................................................


THE TULSA OKLAHOMA CLIMATE NORMALS FOR TODAY
                         NORMAL    RECORD    YEAR
 MAXIMUM TEMPERATURE (F)   88       107      1913
 MINIMUM TEMPERATURE (F)   67        49      1974


SUNRISE AND SUNSET
SEPTEMBER  5 2015.....SUNRISE   658 AM CDT   SUNSET   746 PM CDT
SEPTEMBER  6 2015.....SUNRISE   659 AM CDT   SUNSET   744 PM CDT


-  INDICATES NEGATIVE NUMBERS.
R  INDICATES RECORD WAS SET OR TIED.
MM INDICATES DATA IS MISSING.
T  INDICATES TRACE AMOUNT.




$$

&&
...........................................................

THE TULSA PRECIPITATION NORMALS FOR TODAY
                       NORMAL    RECORD      YEAR
  TODAY                 0.13      1.62       1926
  MONTH TO DATE         0.67
  YEAR TO DATE         28.15
...........................................................
ALL DATA MEASURED AT THE TULSA INTERNATIONAL AIRPORT...
EXCEPT SNOWFALL...WHICH IS MEASURED AT THE NWS OFFICE.
