000
CDUS44 KTSA 200652
CLITUL

CLIMATE REPORT
NATIONAL WEATHER SERVICE TULSA OK
1247 AM CST MON FEB 20 2017


...................................

...THE TULSA OKLAHOMA CLIMATE SUMMARY FOR FEBRUARY 19 2017...

CLIMATE NORMAL PERIOD 1981 TO 2010
CLIMATE RECORD PERIOD 1882 TO 2017


WEATHER ITEM   OBSERVED TIME   RECORD YEAR NORMAL DEPARTURE LAST
                VALUE   (LST)  VALUE       VALUE  FROM      YEAR
                                                  NORMAL
..................................................................
TEMPERATURE (F)
 YESTERDAY
  MAXIMUM         73    440 PM  78    2016  54     19       78
  MINIMUM         43    416 AM   9    1978  32     11       57
  AVERAGE         58                        43     15       68

PRECIPITATION (IN)
  YESTERDAY        T             1.31 1955   0.07  -0.07     0.00
  MONTH TO DATE    0.84                      1.16  -0.32     0.11
  SINCE DEC 1      4.70                      5.31  -0.61     9.32
  SINCE JAN 1      4.26                      2.82   1.44     0.72

SNOWFALL (IN)
  YESTERDAY       MM                                         0.0
  MONTH TO DATE    0.0                                       0.0
  SINCE DEC 1      0.7                                       3.0
  SINCE JUL 1      0.7                                       3.0

DEGREE DAYS
 HEATING
  YESTERDAY        7                        22    -15        0
  MONTH TO DATE  302                       457   -155      342
  SINCE DEC 1   1791                      2094   -303     1729
  SINCE JUL 1   2130                      2730   -600     2204
..................................................................


WIND (MPH)
  HIGHEST WIND SPEED    21   HIGHEST WIND DIRECTION     S (170)
  HIGHEST GUST SPEED    26   HIGHEST GUST DIRECTION    SE (150)
  AVERAGE WIND SPEED     9.2


SKY COVER
  POSSIBLE SUNSHINE  MM
  AVERAGE SKY COVER 0.8


WEATHER CONDITIONS
 THE FOLLOWING WEATHER WAS RECORDED YESTERDAY.
  LIGHT RAIN
  FOG


RELATIVE HUMIDITY (PERCENT)
 HIGHEST   100          1200 AM
 LOWEST     66           300 PM
 AVERAGE    83

..........................................................


THE TULSA OKLAHOMA CLIMATE NORMALS FOR TODAY
                         NORMAL    RECORD    YEAR
 MAXIMUM TEMPERATURE (F)   55        83      1981
 MINIMUM TEMPERATURE (F)   33         9      1918


SUNRISE AND SUNSET
FEBRUARY 20 2017......SUNRISE   705 AM CST   SUNSET   610 PM CST
FEBRUARY 21 2017......SUNRISE   704 AM CST   SUNSET   611 PM CST


-  INDICATES NEGATIVE NUMBERS.
R  INDICATES RECORD WAS SET OR TIED.
MM INDICATES DATA IS MISSING.
T  INDICATES TRACE AMOUNT.




$$

&&
...........................................................

THE TULSA PRECIPITATION NORMALS FOR TODAY
                       NORMAL    RECORD      YEAR
  TODAY                 0.07      1.94       1997
  MONTH TO DATE         1.23
  YEAR TO DATE          2.89
...........................................................
ALL DATA MEASURED AT THE TULSA INTERNATIONAL AIRPORT...
EXCEPT SNOWFALL...WHICH IS MEASURED AT THE NWS OFFICE.
