000
CDUS44 KTSA 271413
CLITUL

CLIMATE REPORT
NATIONAL WEATHER SERVICE TULSA OK
912 AM CDT TUE SEP 27 2016


...................................

...THE TULSA OKLAHOMA CLIMATE SUMMARY FOR SEPTEMBER 27 2016...
VALID AS OF 0900 AM LOCAL TIME.

CLIMATE NORMAL PERIOD 1981 TO 2010
CLIMATE RECORD PERIOD 1882 TO 2016


WEATHER ITEM   OBSERVED TIME   RECORD YEAR NORMAL DEPARTURE LAST
                VALUE   (LST)  VALUE       VALUE  FROM      YEAR
                                                  NORMAL
..................................................................
TEMPERATURE (F)
 TODAY
  MAXIMUM         61    759 AM  96    1954  79    -18       85
                                      1953
                                      1911
  MINIMUM         50    608 AM  35    1942  57     -7       59
  AVERAGE         56                        68    -12       72

PRECIPITATION (IN)
  TODAY            0.00          2.94 1920   0.14  -0.14     0.00
  MONTH TO DATE    2.31                      3.87  -1.56     2.93
  SINCE SEP 1      2.31                      3.87  -1.56     2.93
  SINCE JAN 1     23.01                     31.35  -8.34    44.48

DEGREE DAYS
 HEATING
  TODAY            9                         2      7        0
  MONTH TO DATE    9                        16     -7        0
  SINCE SEP 1      9                        16     -7        0
  SINCE JUL 1      9                        16     -7        0

 COOLING
  TODAY            0                         5     -5        7
  MONTH TO DATE  363                       249    114      330
  SINCE SEP 1    363                       249    114      330
  SINCE JAN 1   2303                      1950    353     2069
..................................................................


WIND (MPH)
  HIGHEST WIND SPEED     6   HIGHEST WIND DIRECTION     S (190)
  HIGHEST GUST SPEED     7   HIGHEST GUST DIRECTION     S (160)
  AVERAGE WIND SPEED     1.3


SKY COVER
  POSSIBLE SUNSHINE  MM
  AVERAGE SKY COVER 0.5


WEATHER CONDITIONS
 THE FOLLOWING WEATHER WAS RECORDED TODAY.
  NO SIGNIFICANT WEATHER WAS OBSERVED.


RELATIVE HUMIDITY (PERCENT)
 HIGHEST    93           200 AM
 LOWEST     77          1200 AM
 AVERAGE    85

..........................................................


THE TULSA OKLAHOMA CLIMATE NORMALS FOR TOMORROW
                         NORMAL    RECORD    YEAR
 MAXIMUM TEMPERATURE (F)   79       102      1953
 MINIMUM TEMPERATURE (F)   57        38      1908


SUNRISE AND SUNSET
SEPTEMBER 27 2016.....SUNRISE   716 AM CDT   SUNSET   712 PM CDT
SEPTEMBER 28 2016.....SUNRISE   717 AM CDT   SUNSET   711 PM CDT


-  INDICATES NEGATIVE NUMBERS.
R  INDICATES RECORD WAS SET OR TIED.
MM INDICATES DATA IS MISSING.
T  INDICATES TRACE AMOUNT.




$$

&&
ALL DATA MEASURED AT THE TULSA INTERNATIONAL AIRPORT...
EXCEPT SNOWFALL...WHICH IS MEASURED AT THE NWS OFFICE.
