000
CDUS44 KTSA 040652
CLITUL

CLIMATE REPORT
NATIONAL WEATHER SERVICE TULSA OK
147 AM CDT SAT JUL 4 2015


...................................

...THE TULSA OKLAHOMA CLIMATE SUMMARY FOR JULY 3 2015...

CLIMATE NORMAL PERIOD 1981 TO 2010
CLIMATE RECORD PERIOD 1882 TO 2015


WEATHER ITEM   OBSERVED TIME   RECORD YEAR NORMAL DEPARTURE LAST
                VALUE   (LST)  VALUE       VALUE  FROM      YEAR
                                                  NORMAL
..................................................................
TEMPERATURE (F)
 YESTERDAY
  MAXIMUM         92    343 PM 107    1911  92      0       83
  MINIMUM         72    548 AM  54    1924  72      0       57
  AVERAGE         82                        82      0       70

PRECIPITATION (IN)
  YESTERDAY        T             2.75 1903   0.12  -0.12     0.00
  MONTH TO DATE    0.66                      0.37   0.29     0.00
  SINCE JUN 1      5.43                      5.09   0.34     4.67
  SINCE JAN 1     30.33                     21.59   8.74    13.12

DEGREE DAYS
 COOLING
  YESTERDAY       17                        17      0        5
  MONTH TO DATE   59                        50      9       31
  SINCE JUN 1    541                       429    112      434
  SINCE JAN 1    746                       663     83      705
..................................................................


WIND (MPH)
  HIGHEST WIND SPEED    17   HIGHEST WIND DIRECTION     N (20)
  HIGHEST GUST SPEED    22   HIGHEST GUST DIRECTION     N (20)
  AVERAGE WIND SPEED     7.3


SKY COVER
  POSSIBLE SUNSHINE  MM
  AVERAGE SKY COVER 0.5


WEATHER CONDITIONS
 THE FOLLOWING WEATHER WAS RECORDED YESTERDAY.
  LIGHT RAIN


RELATIVE HUMIDITY (PERCENT)
 HIGHEST    93          1200 AM
 LOWEST     41           300 PM
 AVERAGE    67

..........................................................


THE TULSA OKLAHOMA CLIMATE NORMALS FOR TODAY
                         NORMAL    RECORD    YEAR
 MAXIMUM TEMPERATURE (F)   92       108      1911
 MINIMUM TEMPERATURE (F)   72        56      1924


SUNRISE AND SUNSET
JULY  4 2015..........SUNRISE   611 AM CDT   SUNSET   845 PM CDT
JULY  5 2015..........SUNRISE   612 AM CDT   SUNSET   844 PM CDT


-  INDICATES NEGATIVE NUMBERS.
R  INDICATES RECORD WAS SET OR TIED.
MM INDICATES DATA IS MISSING.
T  INDICATES TRACE AMOUNT.




$$

&&
...........................................................

THE TULSA PRECIPITATION NORMALS FOR TODAY
                       NORMAL    RECORD      YEAR
  TODAY                 0.13      2.61       2007
  MONTH TO DATE         0.50
  YEAR TO DATE         21.72
...........................................................
ALL DATA MEASURED AT THE TULSA INTERNATIONAL AIRPORT...
EXCEPT SNOWFALL...WHICH IS MEASURED AT THE NWS OFFICE.
