354
CDUS44 KTSA 200700
CLITUL

CLIMATE REPORT
NATIONAL WEATHER SERVICE TULSA OK
1246 AM CST TUE FEB 20 2018


...................................

...THE TULSA OKLAHOMA CLIMATE SUMMARY FOR FEBRUARY 19 2018...

CLIMATE NORMAL PERIOD 1981 TO 2010
CLIMATE RECORD PERIOD 1882 TO 2018


WEATHER ITEM   OBSERVED TIME   RECORD YEAR NORMAL DEPARTURE LAST
                VALUE   (LST)  VALUE       VALUE  FROM      YEAR
                                                  NORMAL
..................................................................
TEMPERATURE (F)
 YESTERDAY
  MAXIMUM         72    358 PM  78    2016  54     18       73
  MINIMUM         47    939 PM   9    1978  32     15       43
  AVERAGE         60                        43     17       58

PRECIPITATION (IN)
  YESTERDAY        0.21          1.31 1955   0.07   0.14      T
  MONTH TO DATE    0.73                      1.16  -0.43     0.84
  SINCE DEC 1      2.42                      5.31  -2.89     4.70
  SINCE JAN 1      0.99                      2.82  -1.83     4.26

SNOWFALL (IN)
  YESTERDAY        0.0                                       0.0
  MONTH TO DATE    T                                         0.0
  SINCE DEC 1      2.0                                       0.7
  SINCE JUL 1      2.0                                       0.7

DEGREE DAYS
 HEATING
  YESTERDAY        5                        22    -17        7
  MONTH TO DATE  468                       457     11      302
  SINCE DEC 1   2031                      2094    -63     1791
  SINCE JUL 1   2533                      2730   -197     2130
..................................................................


WIND (MPH)
  HIGHEST WIND SPEED    32   HIGHEST WIND DIRECTION     S (180)
  HIGHEST GUST SPEED    42   HIGHEST GUST DIRECTION     S (170)
  AVERAGE WIND SPEED    17.1


SKY COVER
  POSSIBLE SUNSHINE  MM
  AVERAGE SKY COVER 0.9


WEATHER CONDITIONS
 THE FOLLOWING WEATHER WAS RECORDED YESTERDAY.
  THUNDERSTORM
  HEAVY RAIN
  RAIN
  LIGHT RAIN
  FOG


RELATIVE HUMIDITY (PERCENT)
 HIGHEST    96          1100 PM
 LOWEST     73           100 PM
 AVERAGE    85

..........................................................


THE TULSA OKLAHOMA CLIMATE NORMALS FOR TODAY
                         NORMAL    RECORD    YEAR
 MAXIMUM TEMPERATURE (F)   55        83      1981
 MINIMUM TEMPERATURE (F)   33         9      1918


SUNRISE AND SUNSET
FEBRUARY 20 2018......SUNRISE   705 AM CST   SUNSET   610 PM CST
FEBRUARY 21 2018......SUNRISE   704 AM CST   SUNSET   611 PM CST


-  INDICATES NEGATIVE NUMBERS.
R  INDICATES RECORD WAS SET OR TIED.
MM INDICATES DATA IS MISSING.
T  INDICATES TRACE AMOUNT.




$$

&&
...........................................................

...........................................................
ALL DATA MEASURED AT THE TULSA INTERNATIONAL AIRPORT...
EXCEPT SNOWFALL...WHICH IS MEASURED AT THE NWS OFFICE.
