000
CDUS44 KTSA 312131
CLITUL

CLIMATE REPORT
NATIONAL WEATHER SERVICE TULSA OK
430 PM CDT WED AUG 31 2016


...................................

...THE TULSA OKLAHOMA CLIMATE SUMMARY FOR AUGUST 31 2016...
VALID TODAY AS OF 0400 PM LOCAL TIME.

CLIMATE NORMAL PERIOD 1981 TO 2010
CLIMATE RECORD PERIOD 1882 TO 2016


WEATHER ITEM   OBSERVED TIME   RECORD YEAR NORMAL DEPARTURE LAST
                VALUE   (LST)  VALUE       VALUE  FROM      YEAR
                                                  NORMAL
..................................................................
TEMPERATURE (F)
 TODAY
  MAXIMUM         95    156 PM 106    1951  90      5       92
  MINIMUM         71    530 AM  48    1915  68      3       69
  AVERAGE         83                        79      4       81

PRECIPITATION (IN)
  TODAY            0.07          2.20 1895   0.12  -0.05     0.00
  MONTH TO DATE    2.31                      2.90  -0.59     5.16
  SINCE JUN 1      6.84                     10.98  -4.14    16.65
  SINCE JAN 1     20.70                     27.48  -6.78    41.55

DEGREE DAYS
 COOLING
  TODAY           18                        14      4       16
  MONTH TO DATE  566                       533     33      451
  SINCE JUN 1   1736                      1467    269     1534
  SINCE JAN 1   1940                      1701    239     1739
..................................................................


WIND (MPH)
  HIGHEST WIND SPEED    32   HIGHEST WIND DIRECTION    NE (40)
  HIGHEST GUST SPEED    42   HIGHEST GUST DIRECTION    NW (320)
  AVERAGE WIND SPEED     5.5


SKY COVER
  POSSIBLE SUNSHINE  MM
  AVERAGE SKY COVER 0.6


WEATHER CONDITIONS
 THE FOLLOWING WEATHER WAS RECORDED TODAY.
  THUNDERSTORM
  RAIN
  LIGHT RAIN
  FOG


RELATIVE HUMIDITY (PERCENT)
 HIGHEST   100           200 AM
 LOWEST     49           200 PM
 AVERAGE    75

..........................................................


THE TULSA OKLAHOMA CLIMATE NORMALS FOR TOMORROW
                         NORMAL    RECORD    YEAR
 MAXIMUM TEMPERATURE (F)   90       108      2000
 MINIMUM TEMPERATURE (F)   68        48      1967


SUNRISE AND SUNSET
AUGUST 31 2016........SUNRISE   655 AM CDT   SUNSET   752 PM CDT
SEPTEMBER  1 2016.....SUNRISE   656 AM CDT   SUNSET   751 PM CDT


-  INDICATES NEGATIVE NUMBERS.
R  INDICATES RECORD WAS SET OR TIED.
MM INDICATES DATA IS MISSING.
T  INDICATES TRACE AMOUNT.




$$

&&
...........................................................

TULSA RECORD LOW MAX AND HIGH MIN TEMPERATURES FOR TOMORROW
                      RECORD        YEAR
  LOW MAXIMUM           69          1994
  HIGH MINIMUM          79          1936
...........................................................
ALL DATA MEASURED AT THE TULSA INTERNATIONAL AIRPORT...
EXCEPT SNOWFALL...WHICH IS MEASURED AT THE NWS OFFICE.
