000
CDUS44 KMEG 030739
CLITUP


CLIMATE REPORT
NATIONAL WEATHER SERVICE MEMPHIS TN
138 AM CST TUE MAR 3 2015


...................................

...THE TUPELO CLIMATE SUMMARY FOR MARCH 2 2015...

CLIMATE NORMAL PERIOD 1981 TO 2010
CLIMATE RECORD PERIOD 1930 TO 2015


WEATHER ITEM   OBSERVED TIME   RECORD YEAR NORMAL DEPARTURE LAST
                VALUE   (LST)  VALUE       VALUE  FROM      YEAR
                                                  NORMAL
..................................................................
TEMPERATURE (F)
 YESTERDAY
  MAXIMUM         51    124 AM  83    2012  61    -10       77
  MINIMUM         39    827 AM  14    1980  39      0       36
  AVERAGE         45                        50     -5       57

PRECIPITATION (IN)
  YESTERDAY        0.21          4.85 1997   0.17   0.04     0.08
  MONTH TO DATE    0.88                      0.35   0.53     0.08
  SINCE MAR 1      0.88                      0.35   0.53     0.08
  SINCE JAN 1     10.04                      9.79   0.25     6.17

SNOWFALL (IN)
  YESTERDAY        0.0           T    2013   0.0    0.0      0.0
                                      2010
                                      1943
  MONTH TO DATE    0.0                       0.0    0.0      0.0
  SINCE MAR 1      0.0                       0.0    0.0      0.0
  SINCE JUL 1      7.3                       1.8    5.5      0.5
  SNOW DEPTH       0

DEGREE DAYS
 HEATING
  YESTERDAY       20                        15      5        8
  MONTH TO DATE   39                        30      9       15
  SINCE MAR 1     39                        30      9       15
  SINCE JUL 1   2757                      2461    296     2845

 COOLING
  YESTERDAY        0                         0      0        0
  MONTH TO DATE    0                         0      0        0
  SINCE MAR 1      0                         0      0        0
  SINCE JAN 1      0                         2     -2        0
..................................................................


WIND (MPH)
  HIGHEST WIND SPEED    21   HIGHEST WIND DIRECTION    NE (40)
  HIGHEST GUST SPEED    26   HIGHEST GUST DIRECTION    NE (40)
  AVERAGE WIND SPEED     9.6


SKY COVER
  POSSIBLE SUNSHINE  MM
  AVERAGE SKY COVER 0.9


WEATHER CONDITIONS
 THE FOLLOWING WEATHER WAS RECORDED YESTERDAY.
  RAIN
  LIGHT RAIN
  FOG


RELATIVE HUMIDITY (PERCENT)
 HIGHEST    96           700 PM
 LOWEST     82          1200 PM
 AVERAGE    89

..........................................................


THE TUPELO CLIMATE NORMALS FOR TODAY
                         NORMAL    RECORD    YEAR
 MAXIMUM TEMPERATURE (F)   61        80      1974
 MINIMUM TEMPERATURE (F)   40         7      1980


SUNRISE AND SUNSET
MARCH  3 2015.........SUNRISE   622 AM CST   SUNSET   553 PM CST
MARCH  4 2015.........SUNRISE   620 AM CST   SUNSET   554 PM CST


-  INDICATES NEGATIVE NUMBERS.
R  INDICATES RECORD WAS SET OR TIED.
MM INDICATES DATA IS MISSING.
T  INDICATES TRACE AMOUNT.




$$
