000
CDUS44 KMEG 120739
CLITUP


CLIMATE REPORT
NATIONAL WEATHER SERVICE MEMPHIS TN
138 AM CST FRI FEB 12 2016


...................................

...THE TUPELO CLIMATE SUMMARY FOR FEBRUARY 11 2016...

CLIMATE NORMAL PERIOD 1981 TO 2010
CLIMATE RECORD PERIOD 1930 TO 2016


WEATHER ITEM   OBSERVED TIME   RECORD YEAR NORMAL DEPARTURE LAST
                VALUE   (LST)  VALUE       VALUE  FROM      YEAR
                                                  NORMAL
..................................................................
TEMPERATURE (F)
 YESTERDAY
  MAXIMUM         57    415 PM  78    1999  56      1       61
                                      1938
  MINIMUM         24    640 AM  14    2011  34    -10       27
                                      1973
  AVERAGE         41                        45     -4       44

PRECIPITATION (IN)
  YESTERDAY        0.00          2.00 1953   0.16  -0.16     0.00
  MONTH TO DATE    1.26                      1.79  -0.53     0.42
  SINCE DEC 1     12.46                     12.55  -0.09     9.74
  SINCE JAN 1      5.10                      6.27  -1.17     4.66

SNOWFALL (IN)
  YESTERDAY        0.0           1.9  1995   0.0    0.0      0.0
  MONTH TO DATE    0.0                       0.3   -0.3      0.0
  SINCE DEC 1      T                         1.5   -1.5       T
  SINCE JUL 1      T                         1.5   -1.5       T
  SNOW DEPTH       0

DEGREE DAYS
 HEATING
  YESTERDAY       24                        20      4       21
  MONTH TO DATE  223                       233    -10      247
  SINCE DEC 1   1331                      1607   -276     1547
  SINCE JUL 1   1672                      2129   -457     2184

 COOLING
  YESTERDAY        0                         0      0        0
  MONTH TO DATE    0                         0      0        0
  SINCE DEC 1     27                         3     24        0
  SINCE JAN 1      0                         1     -1        0
..................................................................


WIND (MPH)
  HIGHEST WIND SPEED    15   HIGHEST WIND DIRECTION     N (350)
  HIGHEST GUST SPEED    19   HIGHEST GUST DIRECTION     N (350)
  AVERAGE WIND SPEED     6.3


SKY COVER
  POSSIBLE SUNSHINE  MM
  AVERAGE SKY COVER 0.0


WEATHER CONDITIONS
 THE FOLLOWING WEATHER WAS RECORDED YESTERDAY.
  NO SIGNIFICANT WEATHER WAS OBSERVED.


RELATIVE HUMIDITY (PERCENT)
 HIGHEST    81           700 AM
 LOWEST     28           400 PM
 AVERAGE    55

..........................................................


THE TUPELO CLIMATE NORMALS FOR TODAY
                         NORMAL    RECORD    YEAR
 MAXIMUM TEMPERATURE (F)   56        78      1962
 MINIMUM TEMPERATURE (F)   35         6      1981


SUNRISE AND SUNSET
FEBRUARY 12 2016......SUNRISE   644 AM CST   SUNSET   535 PM CST
FEBRUARY 13 2016......SUNRISE   643 AM CST   SUNSET   536 PM CST


-  INDICATES NEGATIVE NUMBERS.
R  INDICATES RECORD WAS SET OR TIED.
MM INDICATES DATA IS MISSING.
T  INDICATES TRACE AMOUNT.




$$
