000
CDUS44 KMEG 290643
CLITUP


CLIMATE REPORT
NATIONAL WEATHER SERVICE MEMPHIS TN
142 AM CDT WED MAR 29 2017


...................................

...THE TUPELO CLIMATE SUMMARY FOR MARCH 28 2017...

CLIMATE NORMAL PERIOD 1981 TO 2010
CLIMATE RECORD PERIOD 1930 TO 2017


WEATHER ITEM   OBSERVED TIME   RECORD YEAR NORMAL DEPARTURE LAST
                VALUE   (LST)  VALUE       VALUE  FROM      YEAR
                                                  NORMAL
..................................................................
TEMPERATURE (F)
 YESTERDAY
  MAXIMUM         80    420 PM  84    1997  69     11       67
  MINIMUM         60    559 AM  25    1978  45     15       44
  AVERAGE         70                        57     13       56

PRECIPITATION (IN)
  YESTERDAY        0.00          5.26 1951   0.15  -0.15     0.00
  MONTH TO DATE    3.79                      4.38  -0.59     4.49
  SINCE MAR 1      3.79                      4.38  -0.59     4.49
  SINCE JAN 1     12.26                     13.82  -1.56    11.66

SNOWFALL (IN)
  YESTERDAY        0.0           T    2015   0.0    0.0      0.0
  MONTH TO DATE    T                         0.3   -0.3      0.0
  SINCE MAR 1      T                         0.3   -0.3      0.0
  SINCE JUL 1      T                         2.1   -2.1       T
  SNOW DEPTH       0

DEGREE DAYS
 HEATING
  YESTERDAY        0                         9     -9        9
  MONTH TO DATE  287                       331    -44      216
  SINCE MAR 1    287                       331    -44      216
  SINCE JUL 1   1905                      2762   -857     2153

 COOLING
  YESTERDAY        5                         1      4        0
  MONTH TO DATE   29                         6     23       22
  SINCE MAR 1     29                         6     23       22
  SINCE JAN 1     41                         8     33       22
..................................................................


WIND (MPH)
  HIGHEST WIND SPEED    15   HIGHEST WIND DIRECTION     N (20)
  HIGHEST GUST SPEED    18   HIGHEST GUST DIRECTION     N (20)
  AVERAGE WIND SPEED     3.6


SKY COVER
  POSSIBLE SUNSHINE  MM
  AVERAGE SKY COVER 0.5


WEATHER CONDITIONS
 THE FOLLOWING WEATHER WAS RECORDED YESTERDAY.
  FOG


RELATIVE HUMIDITY (PERCENT)
 HIGHEST    93           100 AM
 LOWEST     48           300 PM
 AVERAGE    71

..........................................................


THE TUPELO CLIMATE NORMALS FOR TODAY
                         NORMAL    RECORD    YEAR
 MAXIMUM TEMPERATURE (F)   69        86      2007
 MINIMUM TEMPERATURE (F)   45        25      1937


SUNRISE AND SUNSET
MARCH 29 2017.........SUNRISE   646 AM CDT   SUNSET   714 PM CDT
MARCH 30 2017.........SUNRISE   645 AM CDT   SUNSET   715 PM CDT


-  INDICATES NEGATIVE NUMBERS.
R  INDICATES RECORD WAS SET OR TIED.
MM INDICATES DATA IS MISSING.
T  INDICATES TRACE AMOUNT.


$$
