000
CDUS44 KMEG 250622
CLITUP


CLIMATE REPORT
NATIONAL WEATHER SERVICE MEMPHIS TN
122 AM CDT SAT OCT 25 2014


...................................

...THE TUPELO CLIMATE SUMMARY FOR OCTOBER 24 2014...

CLIMATE NORMAL PERIOD 1981 TO 2010
CLIMATE RECORD PERIOD 1930 TO 2014


WEATHER ITEM   OBSERVED TIME   RECORD YEAR NORMAL DEPARTURE LAST
                VALUE   (LST)  VALUE       VALUE  FROM      YEAR
                                                  NORMAL
..................................................................
TEMPERATURE (F)
 YESTERDAY
  MAXIMUM         73    346 PM  90    1939  73      0       69
  MINIMUM         46    607 AM  27    1937  48     -2       41
  AVERAGE         60                        60      0       55

PRECIPITATION (IN)
  YESTERDAY        0.00          2.46 1986   0.14  -0.14     0.00
  MONTH TO DATE    7.60                      3.22   4.38     1.05
  SINCE SEP 1     10.83                      6.66   4.17     4.13
  SINCE JAN 1     46.76                     43.13   3.63    41.41

SNOWFALL (IN)
  YESTERDAY        0.0           0.0  2002   0.0    0.0      0.0
                                      2001
  MONTH TO DATE    0.0                       0.0    0.0      0.0
  SINCE SEP 1      0.0                       0.0    0.0      0.0
  SINCE JUL 1      0.0                       0.0    0.0      0.0
  SNOW DEPTH       0

DEGREE DAYS
 HEATING
  YESTERDAY        5                         6     -1       10
  MONTH TO DATE   68                        87    -19       79
  SINCE SEP 1     69                        99    -30       79
  SINCE JUL 1     69                        99    -30       79

 COOLING
  YESTERDAY        0                         2     -2        0
  MONTH TO DATE   89                        69     20       93
  SINCE SEP 1    412                       355     57      424
  SINCE JAN 1   1959                      2027    -68     2019
..................................................................


WIND (MPH)
  HIGHEST WIND SPEED    12   HIGHEST WIND DIRECTION     N (20)
  HIGHEST GUST SPEED    14   HIGHEST GUST DIRECTION    NE (30)
  AVERAGE WIND SPEED     3.2


SKY COVER
  POSSIBLE SUNSHINE  MM
  AVERAGE SKY COVER 0.0


WEATHER CONDITIONS
 THE FOLLOWING WEATHER WAS RECORDED YESTERDAY.
  HAZE


RELATIVE HUMIDITY (PERCENT)
 HIGHEST    93           500 AM
 LOWEST     29           200 PM
 AVERAGE    61

..........................................................


THE TUPELO CLIMATE NORMALS FOR TODAY
                         NORMAL    RECORD    YEAR
 MAXIMUM TEMPERATURE (F)   72        88      1931
 MINIMUM TEMPERATURE (F)   48        30      1982
                                             1938


SUNRISE AND SUNSET
OCTOBER 25 2014.......SUNRISE   709 AM CDT   SUNSET   609 PM CDT
OCTOBER 26 2014.......SUNRISE   710 AM CDT   SUNSET   608 PM CDT


-  INDICATES NEGATIVE NUMBERS.
R  INDICATES RECORD WAS SET OR TIED.
MM INDICATES DATA IS MISSING.
T  INDICATES TRACE AMOUNT.




$$
