000
CDUS44 KMEG 182246
CLITUP


CLIMATE REPORT
NATIONAL WEATHER SERVICE MEMPHIS TN
446 PM CST MON DEC 18 2017


...................................

...THE TUPELO CLIMATE SUMMARY FOR DECEMBER 18 2017...
VALID TODAY AS OF 0400 PM LOCAL TIME.

CLIMATE NORMAL PERIOD 1981 TO 2010
CLIMATE RECORD PERIOD 1930 TO 2017


WEATHER ITEM   OBSERVED TIME   RECORD YEAR NORMAL DEPARTURE LAST
                VALUE   (LST)  VALUE       VALUE  FROM      YEAR
                                                  NORMAL
..................................................................
TEMPERATURE (F)
 TODAY
  MAXIMUM         60    259 PM  74    2006  53      7       60
                                      1984
  MINIMUM         48    521 AM  11    1972  34     14       29
  AVERAGE         54                        43     11       45

PRECIPITATION (IN)
  TODAY            0.00          3.15 1959   0.20  -0.20     1.00
  MONTH TO DATE    2.75                      3.94  -1.19     4.27
  SINCE DEC 1      2.75                      3.94  -1.19     4.27
  SINCE JAN 1     44.11                     52.67  -8.56    45.64

SNOWFALL (IN)
  TODAY            0.0

DEGREE DAYS
 HEATING
  TODAY           11                        22    -11       20
  MONTH TO DATE  365                       357      8      377
  SINCE DEC 1    365                       357      8      377
  SINCE JUL 1    855                       879    -24      671

 COOLING
  TODAY            0                         0      0        0
  MONTH TO DATE    0                         0      0        0
  SINCE DEC 1      0                         0      0        0
  SINCE JAN 1   2133                      2044     89     2539
..................................................................


WIND (MPH)
  HIGHEST WIND SPEED     9   HIGHEST WIND DIRECTION    SW (230)
  HIGHEST GUST SPEED    19   HIGHEST GUST DIRECTION    SW (210)
  AVERAGE WIND SPEED     3.0


SKY COVER
  POSSIBLE SUNSHINE  MM
  AVERAGE SKY COVER 0.8


WEATHER CONDITIONS
 THE FOLLOWING WEATHER WAS RECORDED TODAY.
  FOG
  FOG W/VISIBILITY <= 1/4 MILE


RELATIVE HUMIDITY (PERCENT)
 HIGHEST   100           700 AM
 LOWEST     64           200 PM
 AVERAGE    82

..........................................................


THE TUPELO CLIMATE NORMALS FOR TOMORROW
                         NORMAL    RECORD    YEAR
 MAXIMUM TEMPERATURE (F)   53        75      1978
 MINIMUM TEMPERATURE (F)   34         7      1981


SUNRISE AND SUNSET
DECEMBER 18 2017......SUNRISE   656 AM CST   SUNSET   448 PM CST
DECEMBER 19 2017......SUNRISE   656 AM CST   SUNSET   448 PM CST


-  INDICATES NEGATIVE NUMBERS.
R  INDICATES RECORD WAS SET OR TIED.
MM INDICATES DATA IS MISSING.
T  INDICATES TRACE AMOUNT.




$$
