659
CDUS44 KMEG 230637
CLITUP


CLIMATE REPORT
NATIONAL WEATHER SERVICE MEMPHIS TN
137 AM CDT SAT SEP 23 2017


...................................

...THE TUPELO CLIMATE SUMMARY FOR SEPTEMBER 22 2017...

CLIMATE NORMAL PERIOD 1981 TO 2010
CLIMATE RECORD PERIOD 1930 TO 2017


WEATHER ITEM   OBSERVED TIME   RECORD YEAR NORMAL DEPARTURE LAST
                VALUE   (LST)  VALUE       VALUE  FROM      YEAR
                                                  NORMAL
..................................................................
TEMPERATURE (F)
 YESTERDAY
  MAXIMUM         91    258 PM  99    1935  83      8       95
  MINIMUM         71    610 AM  40    1982  60     11       66
  AVERAGE         81                        72      9       81

PRECIPITATION (IN)
  YESTERDAY        0.00          1.51 2003   0.12  -0.12     0.00
  MONTH TO DATE    2.28                      2.39  -0.11     0.43
  SINCE SEP 1      2.28                      2.39  -0.11     0.43
  SINCE JAN 1     38.33                     38.86  -0.53    36.28

SNOWFALL (IN)
  YESTERDAY        0.0           0.0  2002   0.0    0.0      0.0
                                      2001
  MONTH TO DATE    0.0                       0.0    0.0      0.0
  SINCE SEP 1      0.0                       0.0    0.0      0.0
  SINCE JUL 1      0.0                       0.0    0.0      0.0
  SNOW DEPTH       0

DEGREE DAYS
 HEATING
  YESTERDAY        0                         1     -1        0
  MONTH TO DATE    5                         2      3        0
  SINCE SEP 1      5                         2      3        0
  SINCE JUL 1      5                         2      3        0

 COOLING
  YESTERDAY       16                         7      9       16
  MONTH TO DATE  186                       237    -51      346
  SINCE SEP 1    186                       237    -51      346
  SINCE JAN 1   1884                      1909    -25     2269
..................................................................


WIND (MPH)
  HIGHEST WIND SPEED    10   HIGHEST WIND DIRECTION     N (10)
  HIGHEST GUST SPEED    12   HIGHEST GUST DIRECTION     N (20)
  AVERAGE WIND SPEED     4.1


SKY COVER
  POSSIBLE SUNSHINE  MM
  AVERAGE SKY COVER 0.2


WEATHER CONDITIONS
 THE FOLLOWING WEATHER WAS RECORDED YESTERDAY.
  NO SIGNIFICANT WEATHER WAS OBSERVED.


RELATIVE HUMIDITY (PERCENT)
 HIGHEST    93           400 AM
 LOWEST     41           200 PM
 AVERAGE    67

..........................................................


THE TUPELO CLIMATE NORMALS FOR TODAY
                         NORMAL    RECORD    YEAR
 MAXIMUM TEMPERATURE (F)   83        99      1935
 MINIMUM TEMPERATURE (F)   60        40      1983


SUNRISE AND SUNSET
SEPTEMBER 23 2017.....SUNRISE   644 AM CDT   SUNSET   650 PM CDT
SEPTEMBER 24 2017.....SUNRISE   645 AM CDT   SUNSET   649 PM CDT


-  INDICATES NEGATIVE NUMBERS.
R  INDICATES RECORD WAS SET OR TIED.
MM INDICATES DATA IS MISSING.
T  INDICATES TRACE AMOUNT.




$$
