000
CDUS44 KMEG 170638
CLITUP


CLIMATE REPORT
NATIONAL WEATHER SERVICE MEMPHIS TN
138 AM CDT THU APR 17 2014


...................................

...THE TUPELO CLIMATE SUMMARY FOR APRIL 16 2014...

CLIMATE NORMAL PERIOD 1981 TO 2010
CLIMATE RECORD PERIOD 1930 TO 2014


WEATHER ITEM   OBSERVED TIME   RECORD YEAR NORMAL DEPARTURE LAST
                VALUE   (LST)  VALUE       VALUE  FROM      YEAR
                                                  NORMAL
..................................................................
TEMPERATURE (F)
 YESTERDAY
  MAXIMUM         64    454 PM  88    1977  74    -10       84
  MINIMUM         31    551 AM  28    1983  50    -19       68
  AVERAGE         48                        62    -14       76

PRECIPITATION (IN)
  YESTERDAY        0.00          1.86 1956   0.16  -0.16     0.00
  MONTH TO DATE    4.86                      2.45   2.41     3.53
  SINCE MAR 1      7.94                      7.27   0.67     7.86
  SINCE JAN 1     14.03                     16.71  -2.68    20.29

SNOWFALL (IN)
  YESTERDAY        0.0          MM      MM   0.0    0.0      0.0
  MONTH TO DATE    0.0                       0.0    0.0      0.0
  SINCE MAR 1      T                         0.3   -0.3       T
  SINCE JUL 1      0.5                       2.1   -1.6       T
  SNOW DEPTH       0

DEGREE DAYS
 HEATING
  YESTERDAY       17                         5     12        0
  MONTH TO DATE  117                       101     16       94
  SINCE MAR 1    577                       456    121      609
  SINCE JUL 1   3407                      2887    520     2835

 COOLING
  YESTERDAY        0                         2     -2       11
  MONTH TO DATE   21                        23     -2       35
  SINCE MAR 1     21                        37    -16       36
  SINCE JAN 1     21                        39    -18       42
..................................................................


WIND (MPH)
  HIGHEST WIND SPEED    15   HIGHEST WIND DIRECTION    SE (140)
  HIGHEST GUST SPEED    19   HIGHEST GUST DIRECTION    SE (130)
  AVERAGE WIND SPEED     3.9


SKY COVER
  POSSIBLE SUNSHINE  MM
  AVERAGE SKY COVER 0.0


WEATHER CONDITIONS
 THE FOLLOWING WEATHER WAS RECORDED YESTERDAY.
  NO SIGNIFICANT WEATHER WAS OBSERVED.


RELATIVE HUMIDITY (PERCENT)
 HIGHEST    85           500 AM
 LOWEST     27           400 PM
 AVERAGE    56

..........................................................


THE TUPELO CLIMATE NORMALS FOR TODAY
                         NORMAL    RECORD    YEAR
 MAXIMUM TEMPERATURE (F)   75        89      2006
                                             1937
 MINIMUM TEMPERATURE (F)   51        34      1983


SUNRISE AND SUNSET
APRIL 17 2014.........SUNRISE   621 AM CDT   SUNSET   728 PM CDT
APRIL 18 2014.........SUNRISE   620 AM CDT   SUNSET   729 PM CDT


-  INDICATES NEGATIVE NUMBERS.
R  INDICATES RECORD WAS SET OR TIED.
MM INDICATES DATA IS MISSING.
T  INDICATES TRACE AMOUNT.




$$
