000
CDUS45 KTWC 231429
CLITUS

CLIMATE REPORT
NATIONAL WEATHER SERVICE TUCSON AZ
727 AM MST THU OCT 23 2014


...................................

...THE TUCSON AZ CLIMATE SUMMARY FOR OCTOBER 23 2014...
VALID AS OF 0700 AM LOCAL TIME.

CLIMATE NORMAL PERIOD 1981 TO 2010
CLIMATE RECORD PERIOD 1895 TO 2014


WEATHER ITEM   OBSERVED TIME   RECORD YEAR NORMAL DEPARTURE LAST
                VALUE   (LST)  VALUE       VALUE  FROM      YEAR
                                                  NORMAL
..................................................................
TEMPERATURE (F)
 TODAY
  MINIMUM         60    652 AM  29    1906  55      5       57

PRECIPITATION (IN)
  TODAY            0.00          0.66 1896   0.02  -0.02     0.00
  MONTH TO DATE    1.33                      0.71   0.62     0.00
  SINCE OCT 1      1.33                      0.71   0.62     0.00
  SINCE JAN 1      8.02                      9.91  -1.89     5.48

DEGREE DAYS
 HEATING
  TODAY            1                         1      0        0

 COOLING
  TODAY            0                         5     -5       10
..................................................................


WIND (MPH)
  HIGHEST WIND SPEED    12   HIGHEST WIND DIRECTION    SE (140)
  HIGHEST GUST SPEED    14   HIGHEST GUST DIRECTION    SE (130)
  AVERAGE WIND SPEED     7.2


SKY COVER
  POSSIBLE SUNSHINE  MM
  AVERAGE SKY COVER 0.0


WEATHER CONDITIONS
 THE FOLLOWING WEATHER WAS RECORDED TODAY.
  NO SIGNIFICANT WEATHER WAS OBSERVED.


RELATIVE HUMIDITY (PERCENT)
 HIGHEST    64           500 AM

..........................................................


THE TUCSON AZ CLIMATE NORMALS FOR TOMORROW
                         NORMAL    RECORD    YEAR
 MAXIMUM TEMPERATURE (F)   82        96      1959
 MINIMUM TEMPERATURE (F)   54        33      1935


SUNRISE AND SUNSET
OCTOBER 23 2014.......SUNRISE   633 AM MST   SUNSET   542 PM MST
OCTOBER 24 2014.......SUNRISE   634 AM MST   SUNSET   541 PM MST


-  INDICATES NEGATIVE NUMBERS.
R  INDICATES RECORD WAS SET OR TIED.
MM INDICATES DATA IS MISSING.
T  INDICATES TRACE AMOUNT.




$$
