000
CDUS45 KTWC 290029
CLITUS

CLIMATE REPORT
NATIONAL WEATHER SERVICE TUCSON AZ
528 PM MST FRI NOV 28 2014


...................................

...THE TUCSON AZ CLIMATE SUMMARY FOR NOVEMBER 28 2014...
VALID TODAY AS OF 0500 PM LOCAL TIME.

CLIMATE NORMAL PERIOD 1981 TO 2010
CLIMATE RECORD PERIOD 1895 TO 2014


WEATHER ITEM   OBSERVED TIME   RECORD YEAR NORMAL DEPARTURE LAST
                VALUE   (LST)  VALUE       VALUE  FROM      YEAR
                                                  NORMAL
..................................................................
TEMPERATURE (F)
 TODAY
  MAXIMUM         85R   330 PM  85    1945  69     16       73
  MINIMUM         44    534 AM  24    1934  42      2       49
  AVERAGE         65                        55     10       61

PRECIPITATION (IN)
  TODAY            0.00          0.92 1919   0.02  -0.02     0.00
  MONTH TO DATE    0.00                      0.52  -0.52     2.22
  SINCE OCT 1      1.33                      1.41  -0.08     2.22
  SINCE JAN 1      8.02                     10.61  -2.59     7.70

DEGREE DAYS
 HEATING
  TODAY            0                        10    -10        4
  MONTH TO DATE  131                       163    -32       84
  SINCE SEP 1    131                       187    -56       97
  SINCE JUL 1    131                       187    -56       97

 COOLING
  TODAY            0                         0      0        0
  MONTH TO DATE   41                        25     16       49
  SINCE SEP 1    924                       734    190      779
  SINCE JAN 1   3615                      3144    471     3653
..................................................................


WIND (MPH)
  HIGHEST WIND SPEED    15   HIGHEST WIND DIRECTION    SE (130)
  HIGHEST GUST SPEED    18   HIGHEST GUST DIRECTION     E (110)
  AVERAGE WIND SPEED     6.0


SKY COVER
  POSSIBLE SUNSHINE  MM
  AVERAGE SKY COVER 0.0


WEATHER CONDITIONS
 THE FOLLOWING WEATHER WAS RECORDED TODAY.
  NO SIGNIFICANT WEATHER WAS OBSERVED.


RELATIVE HUMIDITY (PERCENT)
 HIGHEST    34
 LOWEST      8
 AVERAGE    21

..........................................................


THE TUCSON AZ CLIMATE NORMALS FOR TOMORROW
                         NORMAL    RECORD    YEAR
 MAXIMUM TEMPERATURE (F)   68        87      1999
 MINIMUM TEMPERATURE (F)   42        23      1934


SUNRISE AND SUNSET
NOVEMBER 28 2014......SUNRISE   704 AM MST   SUNSET   519 PM MST
NOVEMBER 29 2014......SUNRISE   705 AM MST   SUNSET   519 PM MST


-  INDICATES NEGATIVE NUMBERS.
R  INDICATES RECORD WAS SET OR TIED.
MM INDICATES DATA IS MISSING.
T  INDICATES TRACE AMOUNT.




$$
