000
CDUS45 KTWC 311426
CLITUS

CLIMATE REPORT
NATIONAL WEATHER SERVICE TUCSON AZ
726 AM MST FRI OCT 31 2014


...................................

...THE TUCSON AZ CLIMATE SUMMARY FOR OCTOBER 31 2014...
VALID AS OF 0700 AM LOCAL TIME.

CLIMATE NORMAL PERIOD 1981 TO 2010
CLIMATE RECORD PERIOD 1895 TO 2014


WEATHER ITEM   OBSERVED TIME   RECORD YEAR NORMAL DEPARTURE LAST
                VALUE   (LST)  VALUE       VALUE  FROM      YEAR
                                                  NORMAL
..................................................................
TEMPERATURE (F)
 TODAY
  MINIMUM         64    611 AM  29    1900  52     12       44

PRECIPITATION (IN)
  TODAY            0.00          0.44 1926   0.02  -0.02     0.00
  MONTH TO DATE    1.33                      0.89   0.44     0.00
  SINCE OCT 1      1.33                      0.89   0.44     0.00
  SINCE JAN 1      8.02                     10.09  -2.07     5.48

DEGREE DAYS
 HEATING
  TODAY            0                         2     -2        5

 COOLING
  TODAY            2                         3     -1        0
..................................................................


WIND (MPH)
  HIGHEST WIND SPEED    13   HIGHEST WIND DIRECTION     S (170)
  HIGHEST GUST SPEED    19   HIGHEST GUST DIRECTION     S (160)
  AVERAGE WIND SPEED     8.1


SKY COVER
  POSSIBLE SUNSHINE  MM
  AVERAGE SKY COVER 0.0


WEATHER CONDITIONS
 THE FOLLOWING WEATHER WAS RECORDED TODAY.
  NO SIGNIFICANT WEATHER WAS OBSERVED.


RELATIVE HUMIDITY (PERCENT)
 HIGHEST    45           300 AM

..........................................................


THE TUCSON AZ CLIMATE NORMALS FOR TOMORROW
                         NORMAL    RECORD    YEAR
 MAXIMUM TEMPERATURE (F)   79        94      1924
 MINIMUM TEMPERATURE (F)   51        32      1972
                                             1912
                                             1900


SUNRISE AND SUNSET
OCTOBER 31 2014.......SUNRISE   640 AM MST   SUNSET   535 PM MST
NOVEMBER  1 2014......SUNRISE   641 AM MST   SUNSET   534 PM MST


-  INDICATES NEGATIVE NUMBERS.
R  INDICATES RECORD WAS SET OR TIED.
MM INDICATES DATA IS MISSING.
T  INDICATES TRACE AMOUNT.




$$
