000
CDUS45 KTWC 250027
CLITUS

CLIMATE REPORT
NATIONAL WEATHER SERVICE TUCSON AZ
526 PM MST SAT FEB 24 2018


...................................

...THE TUCSON AZ CLIMATE SUMMARY FOR FEBRUARY 24 2018...
VALID TODAY AS OF 0500 PM LOCAL TIME.

CLIMATE NORMAL PERIOD 1981 TO 2010
CLIMATE RECORD PERIOD 1895 TO 2018


WEATHER ITEM   OBSERVED TIME   RECORD YEAR NORMAL DEPARTURE LAST
                VALUE   (LST)  VALUE       VALUE  FROM      YEAR
                                                  NORMAL
..................................................................
TEMPERATURE (F)
 TODAY
  MAXIMUM         57    413 PM  91    1904  70    -13       62
  MINIMUM         35    715 AM  26    1909  43     -8       35
  AVERAGE         46                        57    -11       49

PRECIPITATION (IN)
  TODAY            0.00          1.23 1930   0.03  -0.03     0.00
  MONTH TO DATE    1.76                      0.75   1.01     0.17
  SINCE OCT 1      2.37                      4.08  -1.71     3.03
  SINCE JAN 1      1.78                      1.69   0.09     1.35

DEGREE DAYS
 HEATING
  TODAY           19                         9     10       16
  MONTH TO DATE  150                       241    -91      120
  SINCE DEC 1    572                      1029   -457      753
  SINCE JUL 1    576                      1235   -659      847

 COOLING
  TODAY            0                         0      0        0
  MONTH TO DATE    0                         0      0        9
  SINCE DEC 1     13                         1     12       12
  SINCE JAN 1      4                         1      3        9
..................................................................


WIND (MPH)
  HIGHEST WIND SPEED    15   HIGHEST WIND DIRECTION    NW (320)
  HIGHEST GUST SPEED    22   HIGHEST GUST DIRECTION    NW (320)
  AVERAGE WIND SPEED    MM


SKY COVER
  POSSIBLE SUNSHINE  MM
  AVERAGE SKY COVER  MM


WEATHER CONDITIONS
 THE FOLLOWING WEATHER WAS RECORDED TODAY.
  NO SIGNIFICANT WEATHER WAS OBSERVED.


RELATIVE HUMIDITY (PERCENT)
 HIGHEST    MM
 LOWEST     MM
 AVERAGE    MM

..........................................................


THE TUCSON AZ CLIMATE NORMALS FOR TOMORROW
                         NORMAL    RECORD    YEAR
 MAXIMUM TEMPERATURE (F)   70        91      1921
 MINIMUM TEMPERATURE (F)   44        24      1960


SUNRISE AND SUNSET
FEBRUARY 24 2018......SUNRISE   657 AM MST   SUNSET   618 PM MST
FEBRUARY 25 2018......SUNRISE   656 AM MST   SUNSET   618 PM MST


-  INDICATES NEGATIVE NUMBERS.
R  INDICATES RECORD WAS SET OR TIED.
MM INDICATES DATA IS MISSING.
T  INDICATES TRACE AMOUNT.




$$
