000
CDUS45 KTWC 220738
CLITUS

CLIMATE REPORT
NATIONAL WEATHER SERVICE TUCSON AZ
1236 AM MST TUE AUG 22 2017


...................................

...THE TUCSON AZ CLIMATE SUMMARY FOR AUGUST 21 2017...

CLIMATE NORMAL PERIOD 1981 TO 2010
CLIMATE RECORD PERIOD 1895 TO 2017


WEATHER ITEM   OBSERVED TIME   RECORD YEAR NORMAL DEPARTURE LAST
                VALUE   (LST)  VALUE       VALUE  FROM      YEAR
                                                  NORMAL
..................................................................
TEMPERATURE (F)
 YESTERDAY
  MAXIMUM         99    521 PM 108    1930  98      1       93
  MINIMUM         74    606 AM  59    1917  73      1       70
  AVERAGE         87                        85      2       82

PRECIPITATION (IN)
  YESTERDAY        0.00          0.88 1945   0.08  -0.08     0.02
  MONTH TO DATE    1.61                      1.70  -0.09     1.09
  SINCE OCT 1     11.70                      9.61   2.09    11.41
  SINCE JAN 1     10.02                      7.22   2.80     8.53

DEGREE DAYS
 HEATING
  YESTERDAY        0                         0      0        0
  MONTH TO DATE    0                         0      0        0
  SINCE JUN 1      0                         0      0        0
  SINCE JUL 1      0                         0      0        0

 COOLING
  YESTERDAY       22                        20      2       17
  MONTH TO DATE  414                       426    -12      443
  SINCE JUN 1   1868                      1703    165     1946
  SINCE JAN 1   2601                      2205    396     2513
..................................................................


WIND (MPH)
  HIGHEST WIND SPEED     6   HIGHEST WIND DIRECTION    SE (140)
  HIGHEST GUST SPEED    16   HIGHEST GUST DIRECTION     W (280)
  AVERAGE WIND SPEED     6.0


SKY COVER
  POSSIBLE SUNSHINE  MM
  AVERAGE SKY COVER 0.0


WEATHER CONDITIONS
 THE FOLLOWING WEATHER WAS RECORDED YESTERDAY.
  NO SIGNIFICANT WEATHER WAS OBSERVED.


RELATIVE HUMIDITY (PERCENT)
 HIGHEST    52
 LOWEST     16
 AVERAGE    34

..........................................................


THE TUCSON AZ CLIMATE NORMALS FOR TODAY
                         NORMAL    RECORD    YEAR
 MAXIMUM TEMPERATURE (F)   98       110      1930
 MINIMUM TEMPERATURE (F)   73        62      1895


SUNRISE AND SUNSET
AUGUST 22 2017........SUNRISE   553 AM MST   SUNSET   700 PM MST
AUGUST 23 2017........SUNRISE   554 AM MST   SUNSET   658 PM MST


-  INDICATES NEGATIVE NUMBERS.
R  INDICATES RECORD WAS SET OR TIED.
MM INDICATES DATA IS MISSING.
T  INDICATES TRACE AMOUNT.




$$
