000
CDUS45 KTWC 260729
CLITUS

CLIMATE REPORT
NATIONAL WEATHER SERVICE TUCSON AZ
1229 AM MST WED APR 26 2017


...................................

...THE TUCSON AZ CLIMATE SUMMARY FOR APRIL 25 2017...

CLIMATE NORMAL PERIOD 1981 TO 2010
CLIMATE RECORD PERIOD 1895 TO 2017


WEATHER ITEM   OBSERVED TIME   RECORD YEAR NORMAL DEPARTURE LAST
                VALUE   (LST)  VALUE       VALUE  FROM      YEAR
                                                  NORMAL
..................................................................
TEMPERATURE (F)
 YESTERDAY
  MAXIMUM         83    156 PM  99    1910  85     -2       81
  MINIMUM         67    629 AM  34    1960  55     12       59
  AVERAGE         75                        70      5       70

PRECIPITATION (IN)
  YESTERDAY        0.00          0.32 1963   0.01  -0.01     0.00
  MONTH TO DATE    T                         0.28  -0.28     0.71
  SINCE OCT 1      3.27                      5.20  -1.93     5.41
  SINCE JAN 1      1.59                      2.81  -1.22     2.53

DEGREE DAYS
 HEATING
  YESTERDAY        0                         1     -1        0
  MONTH TO DATE   14                        55    -41       18
  SINCE MAR 1     61                       234   -173       85
  SINCE JUL 1    942                      1501   -559     1213

 COOLING
  YESTERDAY       10                         6      4        5
  MONTH TO DATE  176                        89     87      127
  SINCE MAR 1    320                       118    202      205
  SINCE JAN 1    329                       122    207      239
..................................................................


WIND (MPH)
  HIGHEST WIND SPEED    25   HIGHEST WIND DIRECTION     W (280)
  HIGHEST GUST SPEED    37   HIGHEST GUST DIRECTION     W (270)
  AVERAGE WIND SPEED    12.3


SKY COVER
  POSSIBLE SUNSHINE  MM
  AVERAGE SKY COVER 0.0


WEATHER CONDITIONS
 THE FOLLOWING WEATHER WAS RECORDED YESTERDAY.
  NO SIGNIFICANT WEATHER WAS OBSERVED.


RELATIVE HUMIDITY (PERCENT)
 HIGHEST    28
 LOWEST     12
 AVERAGE    20

..........................................................


THE TUCSON AZ CLIMATE NORMALS FOR TODAY
                         NORMAL    RECORD    YEAR
 MAXIMUM TEMPERATURE (F)   85        99      1992
 MINIMUM TEMPERATURE (F)   55        34      1921


SUNRISE AND SUNSET
APRIL 26 2017.........SUNRISE   542 AM MST   SUNSET   701 PM MST
APRIL 27 2017.........SUNRISE   541 AM MST   SUNSET   702 PM MST


-  INDICATES NEGATIVE NUMBERS.
R  INDICATES RECORD WAS SET OR TIED.
MM INDICATES DATA IS MISSING.
T  INDICATES TRACE AMOUNT.




$$
