000
CDUS43 KAPX 050537
CLITVC


CLIMATE REPORT
NATIONAL WEATHER SERVICE GAYLORD MI
137 AM EDT SUN JUL 5 2015


...................................

...THE TRAVERSE CITY MI CLIMATE SUMMARY FOR JULY 4 2015...

CLIMATE NORMAL PERIOD 1981 TO 2010
CLIMATE RECORD PERIOD 1896 TO 2015


WEATHER ITEM   OBSERVED TIME   RECORD YEAR NORMAL DEPARTURE LAST
                VALUE   (LST)  VALUE       VALUE  FROM      YEAR
                                                  NORMAL
..................................................................
TEMPERATURE (F)
 YESTERDAY
  MAXIMUM         77    206 PM  97    1921  80     -3       77
  MINIMUM         60   1159 PM  37    1963  57      3       45
  AVERAGE         69                        68      1       61

PRECIPITATION (IN)
  YESTERDAY        0.00          2.49 1994   0.09  -0.09     0.00
  MONTH TO DATE    T                         0.37  -0.37     0.08
  SINCE JUN 1      2.02                      3.53  -1.51     2.75
  SINCE JAN 1      8.50                     15.08  -6.58    12.43

DEGREE DAYS
 HEATING
  YESTERDAY        0                         1     -1        4
  MONTH TO DATE   18                         5     13       15
  SINCE JUN 1    106                       117    -11       87
  SINCE JUL 1     18                         5     13       15

 COOLING
  YESTERDAY        4                         5     -1        0
  MONTH TO DATE    4                        20    -16        8
  SINCE JUN 1     28                       101    -73      115
  SINCE JAN 1     63                       121    -58      124
..................................................................


WIND (MPH)
  HIGHEST WIND SPEED    13   HIGHEST WIND DIRECTION    NE (30)
  HIGHEST GUST SPEED    15   HIGHEST GUST DIRECTION    NE (30)
  AVERAGE WIND SPEED     3.5




RELATIVE HUMIDITY (PERCENT)
 HIGHEST    90
 LOWEST     54
 AVERAGE    72

..........................................................


THE TRAVERSE CITY MI CLIMATE NORMALS FOR TODAY
                         NORMAL    RECORD    YEAR
 MAXIMUM TEMPERATURE (F)   80        96      2012
 MINIMUM TEMPERATURE (F)   57        38      1965


SUNRISE AND SUNSET
JULY  5 2015..........SUNRISE   603 AM EDT   SUNSET   931 PM EDT
JULY  6 2015..........SUNRISE   603 AM EDT   SUNSET   930 PM EDT


-  INDICATES NEGATIVE NUMBERS.
R  INDICATES RECORD WAS SET OR TIED.
MM INDICATES DATA IS MISSING.
T  INDICATES TRACE AMOUNT.




$$
