000
CDUS43 KAPX 210531
CLITVC


CLIMATE REPORT
NATIONAL WEATHER SERVICE GAYLORD MI
1230 AM EST SAT JAN 21 2017


...................................

...THE TRAVERSE CITY MI CLIMATE SUMMARY FOR JANUARY 20 2017...

CLIMATE NORMAL PERIOD 1981 TO 2010
CLIMATE RECORD PERIOD 1896 TO 2017


WEATHER ITEM   OBSERVED TIME   RECORD YEAR NORMAL DEPARTURE LAST
                VALUE   (LST)  VALUE       VALUE  FROM      YEAR
                                                  NORMAL
..................................................................
TEMPERATURE (F)
 YESTERDAY
  MAXIMUM         38    535 PM  55    1901  27     11       22
  MINIMUM         32    827 AM -12    1984  15     17       11
  AVERAGE         35                        21     14       17

PRECIPITATION (IN)
  YESTERDAY        T             0.98 1974   0.08  -0.08      T
  MONTH TO DATE    1.03                      1.93  -0.90     1.17
  SINCE DEC 1      2.26                      4.42  -2.16     4.16
  SINCE JAN 1      1.03                      1.93  -0.90     1.17

DEGREE DAYS
 HEATING
  YESTERDAY       30                        44    -14       48
  MONTH TO DATE  798                       865    -67      838
  SINCE DEC 1   1918                      2054   -136     1659
  SINCE JUL 1   2877                      3673   -796     2839
..................................................................


WIND (MPH)
  HIGHEST WIND SPEED     7   HIGHEST WIND DIRECTION     N (10)
  HIGHEST GUST SPEED     9   HIGHEST GUST DIRECTION    NE (60)
  AVERAGE WIND SPEED     1.3




RELATIVE HUMIDITY (PERCENT)
 HIGHEST   100
 LOWEST     82
 AVERAGE    91

..........................................................


THE TRAVERSE CITY MI CLIMATE NORMALS FOR TODAY
                         NORMAL    RECORD    YEAR
 MAXIMUM TEMPERATURE (F)   27        50      1906
 MINIMUM TEMPERATURE (F)   15       -20      1984


SUNRISE AND SUNSET
JANUARY 21 2017.......SUNRISE   812 AM EST   SUNSET   536 PM EST
JANUARY 22 2017.......SUNRISE   811 AM EST   SUNSET   537 PM EST


-  INDICATES NEGATIVE NUMBERS.
R  INDICATES RECORD WAS SET OR TIED.
MM INDICATES DATA IS MISSING.
T  INDICATES TRACE AMOUNT.




$$
