000
CDUS43 KAPX 222127
CLITVC


CLIMATE REPORT
NATIONAL WEATHER SERVICE GAYLORD MI
527 PM EDT WED MAR 22 2017


...................................

...THE TRAVERSE CITY MI CLIMATE SUMMARY FOR MARCH 22 2017...
VALID TODAY AS OF 0500 PM LOCAL TIME.

CLIMATE NORMAL PERIOD 1981 TO 2010
CLIMATE RECORD PERIOD 1896 TO 2017


WEATHER ITEM   OBSERVED TIME   RECORD YEAR NORMAL DEPARTURE LAST
                VALUE   (LST)  VALUE       VALUE  FROM      YEAR
                                                  NORMAL
..................................................................
TEMPERATURE (F)
 TODAY
  MAXIMUM         30    353 PM  76    2012  42    -12       50
  MINIMUM         21    932 AM  -2    1989  24     -3       37
  AVERAGE         26                        33     -7       44

PRECIPITATION (IN)
  TODAY            T             1.35 1975   0.06  -0.06     0.00
  MONTH TO DATE    1.05                      1.26  -0.21     1.14
  SINCE MAR 1      1.05                      1.26  -0.21     1.14
  SINCE JAN 1      4.38                      5.58  -1.20     3.93

SNOWFALL (IN)
  TODAY           MM            MM      MM   0.3   MM       MM
  MONTH TO DATE   MM                         8.8   MM       MM
  SINCE OCT 1     MM                        96.8   MM       MM
  SINCE JUL 1     MM                        96.8   MM       MM

DEGREE DAYS
 HEATING
  TODAY           39                        32      7       21
  MONTH TO DATE  789                       792     -3      617
  SINCE MAR 1    789                       792     -3      617
  SINCE JUL 1   4962                      6132  -1170     4927

 COOLING
  TODAY            0                         0      0        0
  MONTH TO DATE    0                         0      0        0
  SINCE MAR 1      0                         0      0        0
  SINCE JAN 1      0                         0      0        0
..................................................................


WIND (MPH)
  RESULTANT WIND SPEED   9   RESULTANT WIND DIRECTION   N (20)
  HIGHEST WIND SPEED    23   HIGHEST WIND DIRECTION     N (360)
  HIGHEST GUST SPEED    34   HIGHEST GUST DIRECTION     N (360)
  AVERAGE WIND SPEED    10.5


SKY COVER
  POSSIBLE SUNSHINE  MM
  AVERAGE SKY COVER 0.6


WEATHER CONDITIONS
 THE FOLLOWING WEATHER WAS RECORDED TODAY.
  LIGHT SNOW


RELATIVE HUMIDITY (PERCENT)
 HIGHEST    55           400 AM
 LOWEST     42          1200 PM
 AVERAGE    49

..........................................................




SUNRISE AND SUNSET
MARCH 22 2017.........SUNRISE   741 AM EDT   SUNSET   758 PM EDT
MARCH 23 2017.........SUNRISE   739 AM EDT   SUNSET   759 PM EDT


-  INDICATES NEGATIVE NUMBERS.
R  INDICATES RECORD WAS SET OR TIED.
MM INDICATES DATA IS MISSING.
T  INDICATES TRACE AMOUNT.




$$
