000
CDUS43 KAPX 300528
CLITVC


CLIMATE REPORT
NATIONAL WEATHER SERVICE GAYLORD MI
127 AM EDT THU JUL 30 2015


...................................

...THE TRAVERSE CITY MI CLIMATE SUMMARY FOR JULY 29 2015...

CLIMATE NORMAL PERIOD 1981 TO 2010
CLIMATE RECORD PERIOD 1896 TO 2015


WEATHER ITEM   OBSERVED TIME   RECORD YEAR NORMAL DEPARTURE LAST
                VALUE   (LST)  VALUE       VALUE  FROM      YEAR
                                                  NORMAL
..................................................................
TEMPERATURE (F)
 YESTERDAY
  MAXIMUM         88    348 PM 100    1941  80      8       71
  MINIMUM         71   1217 AM  43    1956  58     13       55
  AVERAGE         80                        69     11       63

PRECIPITATION (IN)
  YESTERDAY        0.00          2.40 1996   0.10  -0.10     0.00
  MONTH TO DATE    1.07                      2.80  -1.73     2.10
  SINCE JUN 1      3.09                      5.96  -2.87     4.77
  SINCE JAN 1      9.57                     17.51  -7.94    14.45

DEGREE DAYS
 HEATING
  YESTERDAY        0                         1     -1        2
  MONTH TO DATE   28                        30     -2       51
  SINCE JUN 1    116                       142    -26      123
  SINCE JUL 1     28                        30     -2       51

 COOLING
  YESTERDAY       15                         5     10        0
  MONTH TO DATE  175                       145     30       89
  SINCE JUN 1    199                       226    -27      196
  SINCE JAN 1    234                       246    -12      205
..................................................................


WIND (MPH)
  HIGHEST WIND SPEED    23   HIGHEST WIND DIRECTION     W (260)
  HIGHEST GUST SPEED    37   HIGHEST GUST DIRECTION     W (260)
  AVERAGE WIND SPEED     8.0




RELATIVE HUMIDITY (PERCENT)
 HIGHEST    74
 LOWEST     27
 AVERAGE    51

..........................................................


THE TRAVERSE CITY MI CLIMATE NORMALS FOR TODAY
                         NORMAL    RECORD    YEAR
 MAXIMUM TEMPERATURE (F)   80       102      1916
 MINIMUM TEMPERATURE (F)   58        41      1965


SUNRISE AND SUNSET
JULY 30 2015..........SUNRISE   626 AM EDT   SUNSET   911 PM EDT
JULY 31 2015..........SUNRISE   627 AM EDT   SUNSET   910 PM EDT


-  INDICATES NEGATIVE NUMBERS.
R  INDICATES RECORD WAS SET OR TIED.
MM INDICATES DATA IS MISSING.
T  INDICATES TRACE AMOUNT.




$$
