000
CDUS43 KAPX 222230
CLITVC


CLIMATE REPORT
NATIONAL WEATHER SERVICE GAYLORD MI
530 PM EST MON DEC 22 2014


...................................

...THE TRAVERSE CITY MI CLIMATE SUMMARY FOR DECEMBER 22 2014...
VALID TODAY AS OF 0500 PM LOCAL TIME.

CLIMATE NORMAL PERIOD 1981 TO 2010
CLIMATE RECORD PERIOD 1896 TO 2014


WEATHER ITEM   OBSERVED TIME   RECORD YEAR NORMAL DEPARTURE LAST
                VALUE   (LST)  VALUE       VALUE  FROM      YEAR
                                                  NORMAL
..................................................................
TEMPERATURE (F)
 TODAY
  MAXIMUM         38    231 PM  55    1957  31      7       27
  MINIMUM         30    858 AM  -2    1945  19     11       19
  AVERAGE         34                        25      9       23

PRECIPITATION (IN)
  TODAY            0.00          0.60 2006   0.08  -0.08     0.23
  MONTH TO DATE    0.39                      1.74  -1.35     0.90
  SINCE DEC 1      0.39                      1.74  -1.35     0.90
  SINCE JAN 1     31.87                     32.30  -0.43    36.05

SNOWFALL (IN)
  TODAY           MM            MM      MM   1.0   MM       MM
  MONTH TO DATE   MM                        17.0   MM       MM
  SINCE OCT 1     MM                        26.2   MM       MM
  SINCE JUL 1     MM                        26.2   MM       MM

DEGREE DAYS
 HEATING
  TODAY           31                        40     -9       42
  MONTH TO DATE  761                       817    -56      928
  SINCE DEC 1    761                       817    -56      928
  SINCE JUL 1   2440                      2436      4     2419
..................................................................


WIND (MPH)
  RESULTANT WIND SPEED   7   RESULTANT WIND DIRECTION  SE (130)
  HIGHEST WIND SPEED    14   HIGHEST WIND DIRECTION    SE (140)
  HIGHEST GUST SPEED    19   HIGHEST GUST DIRECTION     S (160)
  AVERAGE WIND SPEED     7.2


SKY COVER
  POSSIBLE SUNSHINE  MM
  AVERAGE SKY COVER 0.9


WEATHER CONDITIONS
 THE FOLLOWING WEATHER WAS RECORDED TODAY.
  FOG
  HAZE


RELATIVE HUMIDITY (PERCENT)
 HIGHEST    78           200 AM
 LOWEST     59           100 PM
 AVERAGE    69

..........................................................




SUNRISE AND SUNSET
DECEMBER 22 2014......SUNRISE   817 AM EST   SUNSET   505 PM EST
DECEMBER 23 2014......SUNRISE   817 AM EST   SUNSET   505 PM EST


-  INDICATES NEGATIVE NUMBERS.
R  INDICATES RECORD WAS SET OR TIED.
MM INDICATES DATA IS MISSING.
T  INDICATES TRACE AMOUNT.




$$
