933
CDUS43 KAPX 170530
CLITVC


CLIMATE REPORT
NATIONAL WEATHER SERVICE GAYLORD MI
129 AM EDT TUE OCT 17 2017


...................................

...THE TRAVERSE CITY MI CLIMATE SUMMARY FOR OCTOBER 16 2017...

CLIMATE NORMAL PERIOD 1981 TO 2010
CLIMATE RECORD PERIOD 1896 TO 2017


WEATHER ITEM   OBSERVED TIME   RECORD YEAR NORMAL DEPARTURE LAST
                VALUE   (LST)  VALUE       VALUE  FROM      YEAR
                                                  NORMAL
..................................................................
TEMPERATURE (F)
 YESTERDAY
  MAXIMUM         57    326 PM  85    1947  57      0       68
  MINIMUM         37    620 AM  23    1925  39     -2       51
  AVERAGE         47                        48     -1       60

PRECIPITATION (IN)
  YESTERDAY        0.00          1.12 1954   0.11  -0.11     0.23
  MONTH TO DATE    2.28                      1.70   0.58     1.60
  SINCE SEP 1      4.68                      5.23  -0.55     5.37
  SINCE JAN 1     25.05                     26.34  -1.29    23.11

DEGREE DAYS
 HEATING
  YESTERDAY       18                        17      1        5
  MONTH TO DATE  100                       231   -131      112
  SINCE SEP 1    201                       424   -223      161
  SINCE JUL 1    235                       493   -258      170

 COOLING
  YESTERDAY        0                         0      0        0
  MONTH TO DATE   15                         0     15        4
  SINCE SEP 1    139                        38    101      103
  SINCE JAN 1    522                       407    115      763
..................................................................


WIND (MPH)
  HIGHEST WIND SPEED    16   HIGHEST WIND DIRECTION     W (270)
  HIGHEST GUST SPEED    22   HIGHEST GUST DIRECTION     W (260)
  AVERAGE WIND SPEED     5.1




RELATIVE HUMIDITY (PERCENT)
 HIGHEST    85
 LOWEST     43
 AVERAGE    64

..........................................................


THE TRAVERSE CITY MI CLIMATE NORMALS FOR TODAY
                         NORMAL    RECORD    YEAR
 MAXIMUM TEMPERATURE (F)   57        85      1947
 MINIMUM TEMPERATURE (F)   39        25      1972


SUNRISE AND SUNSET
OCTOBER 17 2017.......SUNRISE   801 AM EDT   SUNSET   654 PM EDT
OCTOBER 18 2017.......SUNRISE   802 AM EDT   SUNSET   652 PM EDT


-  INDICATES NEGATIVE NUMBERS.
R  INDICATES RECORD WAS SET OR TIED.
MM INDICATES DATA IS MISSING.
T  INDICATES TRACE AMOUNT.




$$
