607
CDUS43 KAPX 220538
CLITVC


CLIMATE REPORT
NATIONAL WEATHER SERVICE GAYLORD MI
138 AM EDT FRI MAY 22 2015


...................................

...THE TRAVERSE CITY MI CLIMATE SUMMARY FOR MAY 21 2015...

CLIMATE NORMAL PERIOD 1981 TO 2010
CLIMATE RECORD PERIOD 1896 TO 2015


WEATHER ITEM   OBSERVED TIME   RECORD YEAR NORMAL DEPARTURE LAST
                VALUE   (LST)  VALUE       VALUE  FROM      YEAR
                                                  NORMAL
..................................................................
TEMPERATURE (F)
 YESTERDAY
  MAXIMUM         69    223 PM  93    1975  68      1       81
  MINIMUM         39   1159 PM  26    1969  43     -4       43
  AVERAGE         54                        55     -1       62

PRECIPITATION (IN)
  YESTERDAY        0.00          0.55 1975   0.08  -0.08     0.00
  MONTH TO DATE    0.82                      1.75  -0.93     3.18
  SINCE MAR 1      2.75                      6.39  -3.64     8.26
  SINCE JAN 1      3.53                     10.71  -7.18     9.68

DEGREE DAYS
 HEATING
  YESTERDAY       11                        10      1        3
  MONTH TO DATE  219                       282    -63      276
  SINCE MAR 1   1952                      2009    -57     2308
  SINCE JUL 1   7684                      7349    335     8030

 COOLING
  YESTERDAY        0                         1     -1        0
  MONTH TO DATE   16                         4     12        0
  SINCE MAR 1     16                         7      9        0
  SINCE JAN 1     16                         7      9        0
..................................................................


WIND (MPH)
  HIGHEST WIND SPEED    21   HIGHEST WIND DIRECTION     W (290)
  HIGHEST GUST SPEED    28   HIGHEST GUST DIRECTION    NW (300)
  AVERAGE WIND SPEED     7.2




RELATIVE HUMIDITY (PERCENT)
 HIGHEST    76
 LOWEST     26
 AVERAGE    51

..........................................................


THE TRAVERSE CITY MI CLIMATE NORMALS FOR TODAY
                         NORMAL    RECORD    YEAR
 MAXIMUM TEMPERATURE (F)   68        89      1992
 MINIMUM TEMPERATURE (F)   43        25      1967


SUNRISE AND SUNSET
MAY 22 2015...........SUNRISE   607 AM EDT   SUNSET   911 PM EDT
MAY 23 2015...........SUNRISE   606 AM EDT   SUNSET   912 PM EDT


-  INDICATES NEGATIVE NUMBERS.
R  INDICATES RECORD WAS SET OR TIED.
MM INDICATES DATA IS MISSING.
T  INDICATES TRACE AMOUNT.




$$
