000
CDUS43 KAPX 220527
CLITVC


CLIMATE REPORT
NATIONAL WEATHER SERVICE GAYLORD MI
126 AM EDT MON SEP 22 2014


...................................

...THE TRAVERSE CITY MI CLIMATE SUMMARY FOR SEPTEMBER 21 2014...

CLIMATE NORMAL PERIOD 1981 TO 2010
CLIMATE RECORD PERIOD 1896 TO 2014


WEATHER ITEM   OBSERVED TIME   RECORD YEAR NORMAL DEPARTURE LAST
                VALUE   (LST)  VALUE       VALUE  FROM      YEAR
                                                  NORMAL
..................................................................
TEMPERATURE (F)
 YESTERDAY
  MAXIMUM         63   1215 AM  88    1914  68     -5       62
  MINIMUM         49    926 PM  33    1973  48      1       49
  AVERAGE         56                        58     -2       56

PRECIPITATION (IN)
  YESTERDAY        0.99          2.20 1947   0.12   0.87     0.08
  MONTH TO DATE    5.93                      2.49   3.44     2.83
  SINCE SEP 1      5.93                      2.49   3.44     2.83
  SINCE JAN 1     22.73                     23.60  -0.87    23.40

DEGREE DAYS
 HEATING
  YESTERDAY        9                         8      1        9
  MONTH TO DATE  115                       106      9       94
  SINCE SEP 1    115                       106      9       94
  SINCE JUL 1    194                       175     19      144

 COOLING
  YESTERDAY        0                         1     -1        0
  MONTH TO DATE   42                        33      9       52
  SINCE SEP 1     42                        33      9       52
  SINCE JAN 1    374                       402    -28      529
..................................................................


WIND (MPH)
  HIGHEST WIND SPEED    22   HIGHEST WIND DIRECTION    NW (330)
  HIGHEST GUST SPEED    32   HIGHEST GUST DIRECTION     N (350)
  AVERAGE WIND SPEED    11.1




RELATIVE HUMIDITY (PERCENT)
 HIGHEST    87
 LOWEST     61
 AVERAGE    74

..........................................................


THE TRAVERSE CITY MI CLIMATE NORMALS FOR TODAY
                         NORMAL    RECORD    YEAR
 MAXIMUM TEMPERATURE (F)   68        90      1908
 MINIMUM TEMPERATURE (F)   48        31      1981


SUNRISE AND SUNSET
SEPTEMBER 22 2014.....SUNRISE   729 AM EDT   SUNSET   740 PM EDT
SEPTEMBER 23 2014.....SUNRISE   731 AM EDT   SUNSET   738 PM EDT


-  INDICATES NEGATIVE NUMBERS.
R  INDICATES RECORD WAS SET OR TIED.
MM INDICATES DATA IS MISSING.
T  INDICATES TRACE AMOUNT.




$$
