000
CDUS44 KJAN 280646
CLITVR


CLIMATE REPORT
NATIONAL WEATHER SERVICE JACKSON MS
141 AM CDT WED SEP 28 2016


...................................

...THE VICKSBURG CLIMATE SUMMARY FOR SEPTEMBER 27 2016...

CLIMATE NORMAL PERIOD 1981 TO 2010
CLIMATE RECORD PERIOD 1948 TO 2016


WEATHER ITEM   OBSERVED TIME   RECORD YEAR NORMAL DEPARTURE LAST
                VALUE   (LST)  VALUE       VALUE  FROM      YEAR
                                                  NORMAL
..................................................................
TEMPERATURE (F)
 YESTERDAY
  MAXIMUM         85    325 PM  96    1953  84      1       86
  MINIMUM         60   1159 PM  44    1975  60      0       66
  AVERAGE         73                        72      1       76

PRECIPITATION (IN)
  YESTERDAY        0.00          1.66 1972   0.10  -0.10     0.26
  MONTH TO DATE    0.12                      2.60  -2.48     0.78
  SINCE SEP 1      0.12                      2.60  -2.48     0.78
  SINCE JAN 1     51.67                     39.17  12.50    41.23

SNOWFALL (IN)
  YESTERDAY        0.0

DEGREE DAYS
 HEATING
  YESTERDAY        0                         0      0        0
  MONTH TO DATE    0                         0      0        0
  SINCE SEP 1      0                         0      0        0
  SINCE JUL 1      0                         0      0        0

 COOLING
  YESTERDAY        8                         7      1       11
  MONTH TO DATE  461                       287    174      341
  SINCE SEP 1    461                       287    174      341
  SINCE JAN 1   2708                      2076    632     2395
..................................................................


WIND (MPH)
  HIGHEST WIND SPEED    13   HIGHEST WIND DIRECTION     N (10)
  HIGHEST GUST SPEED    17   HIGHEST GUST DIRECTION     N (10)
  AVERAGE WIND SPEED     5.7


SKY COVER
  POSSIBLE SUNSHINE  MM
  AVERAGE SKY COVER 0.0


WEATHER CONDITIONS
 THE FOLLOWING WEATHER WAS RECORDED YESTERDAY.
  NO SIGNIFICANT WEATHER WAS OBSERVED.


RELATIVE HUMIDITY (PERCENT)
 HIGHEST    90          1100 PM
 LOWEST     34           300 PM
 AVERAGE    62

..........................................................


THE VICKSBURG CLIMATE NORMALS FOR TODAY
                         NORMAL    RECORD    YEAR
 MAXIMUM TEMPERATURE (F)   84        98      1953
 MINIMUM TEMPERATURE (F)   59        44      1975
                                             1967


SUNRISE AND SUNSET
SEPTEMBER 28 2016.....SUNRISE   656 AM CDT   SUNSET   652 PM CDT
SEPTEMBER 29 2016.....SUNRISE   657 AM CDT   SUNSET   651 PM CDT


-  INDICATES NEGATIVE NUMBERS.
R  INDICATES RECORD WAS SET OR TIED.
MM INDICATES DATA IS MISSING.
T  INDICATES TRACE AMOUNT.




$$
