000
CDUS44 KJAN 302206
CLITVR


CLIMATE REPORT
NATIONAL WEATHER SERVICE JACKSON MS
506 PM CDT THU MAR 30 2017


...................................

...THE VICKSBURG CLIMATE SUMMARY FOR MARCH 30 2017...
VALID TODAY AS OF 0500 PM LOCAL TIME.

CLIMATE NORMAL PERIOD 1981 TO 2010
CLIMATE RECORD PERIOD 1948 TO 2017


WEATHER ITEM   OBSERVED TIME   RECORD YEAR NORMAL DEPARTURE LAST
                VALUE   (LST)  VALUE       VALUE  FROM      YEAR
                                                  NORMAL
..................................................................
TEMPERATURE (F)
 TODAY
  MAXIMUM         MM        MM  88    1974  72     MM       78
  MINIMUM         MM        MM  30    1950  49     MM       62
  AVERAGE         MM                        61     MM       70

PRECIPITATION (IN)
  TODAY            0.05          2.85 1981   0.15  -0.10     0.48
  MONTH TO DATE    2.86                      4.88  -2.02    10.30
  SINCE MAR 1      2.86                      4.88  -2.02    10.30
  SINCE JAN 1      9.62                     15.22  -5.60    20.30

SNOWFALL (IN)
  TODAY           MM

DEGREE DAYS
 HEATING
  TODAY           MM                         6     MM        0
  MONTH TO DATE  169                       259    -90      108
  SINCE MAR 1    169                       259    -90      108
  SINCE JUL 1   1445                      2235   -790     1486

 COOLING
  TODAY           MM                         1     MM        5
  MONTH TO DATE   86                        27     59       64
  SINCE MAR 1     86                        27     59       64
  SINCE JAN 1    137                        36    101       76
..................................................................


WIND (MPH)
  HIGHEST WIND SPEED    13   HIGHEST WIND DIRECTION     S (160)
  HIGHEST GUST SPEED    23   HIGHEST GUST DIRECTION     S (160)
  AVERAGE WIND SPEED     9.7


SKY COVER
  POSSIBLE SUNSHINE  MM
  AVERAGE SKY COVER 0.6


WEATHER CONDITIONS
 THE FOLLOWING WEATHER WAS RECORDED TODAY.
  THUNDERSTORM
  HEAVY RAIN
  LIGHT RAIN


RELATIVE HUMIDITY (PERCENT)
 HIGHEST    93           400 AM
 LOWEST     84           200 AM
 AVERAGE    89

..........................................................


THE VICKSBURG CLIMATE NORMALS FOR TOMORROW
                         NORMAL    RECORD    YEAR
 MAXIMUM TEMPERATURE (F)   72        87      1963
 MINIMUM TEMPERATURE (F)   49        28      1987


SUNRISE AND SUNSET
MARCH 30 2017.........SUNRISE   655 AM CDT   SUNSET   723 PM CDT
MARCH 31 2017.........SUNRISE   653 AM CDT   SUNSET   724 PM CDT


-  INDICATES NEGATIVE NUMBERS.
R  INDICATES RECORD WAS SET OR TIED.
MM INDICATES DATA IS MISSING.
T  INDICATES TRACE AMOUNT.




$$
