000
CDUS44 KJAN 080633
CLITVR


CLIMATE REPORT
NATIONAL WEATHER SERVICE JACKSON MS
1231 AM CST THU DEC 8 2016


...................................

...THE VICKSBURG CLIMATE SUMMARY FOR DECEMBER 7 2016...

CLIMATE NORMAL PERIOD 1981 TO 2010
CLIMATE RECORD PERIOD 1948 TO 2016


WEATHER ITEM   OBSERVED TIME   RECORD YEAR NORMAL DEPARTURE LAST
                VALUE   (LST)  VALUE       VALUE  FROM      YEAR
                                                  NORMAL
..................................................................
TEMPERATURE (F)
 YESTERDAY
  MAXIMUM         53    343 PM  81    1951  60     -7       68
  MINIMUM         47    631 PM  16    1984  39      8       37
  AVERAGE         50                        50      0       53

PRECIPITATION (IN)
  YESTERDAY        0.00          1.77 1974   0.20  -0.20     0.00
  MONTH TO DATE    3.43                      1.40   2.03     0.26
  SINCE DEC 1      3.43                      1.40   2.03     0.26
  SINCE JAN 1     58.25                     50.53   7.72    58.48

SNOWFALL (IN)
  YESTERDAY        0.0

DEGREE DAYS
 HEATING
  YESTERDAY       15                        16     -1       12
  MONTH TO DATE  110                       106      4       98
  SINCE DEC 1    110                       106      4       98
  SINCE JUL 1    387                       508   -121      287

 COOLING
  YESTERDAY        0                         0      0        0
  MONTH TO DATE    0                         0      0        0
  SINCE DEC 1      0                         0      0        0
  SINCE JAN 1   2919                      2225    694     2603
..................................................................


WIND (MPH)
  HIGHEST WIND SPEED    13   HIGHEST WIND DIRECTION     N (20)
  HIGHEST GUST SPEED    16   HIGHEST GUST DIRECTION     N (20)
  AVERAGE WIND SPEED     4.5


SKY COVER
  POSSIBLE SUNSHINE  MM
  AVERAGE SKY COVER 1.0


WEATHER CONDITIONS
 THE FOLLOWING WEATHER WAS RECORDED YESTERDAY.
  FOG


RELATIVE HUMIDITY (PERCENT)
 HIGHEST    93           800 AM
 LOWEST     71           200 PM
 AVERAGE    82

..........................................................


THE VICKSBURG CLIMATE NORMALS FOR TODAY
                         NORMAL    RECORD    YEAR
 MAXIMUM TEMPERATURE (F)   60        82      2007
                                             1978
 MINIMUM TEMPERATURE (F)   39        19      1965


SUNRISE AND SUNSET
DECEMBER  8 2016......SUNRISE   654 AM CST   SUNSET   459 PM CST
DECEMBER  9 2016......SUNRISE   654 AM CST   SUNSET   459 PM CST


-  INDICATES NEGATIVE NUMBERS.
R  INDICATES RECORD WAS SET OR TIED.
MM INDICATES DATA IS MISSING.
T  INDICATES TRACE AMOUNT.




$$
