000
CDUS44 KJAN 012220
CLITVR


CLIMATE REPORT
NATIONAL WEATHER SERVICE JACKSON MS
418 PM CST SUN FEB 1 2015


...................................

...THE VICKSBURG CLIMATE SUMMARY FOR FEBRUARY 1 2015...
VALID TODAY AS OF 0400 PM LOCAL TIME.

CLIMATE NORMAL PERIOD 1981 TO 2010
CLIMATE RECORD PERIOD 1948 TO 2015


WEATHER ITEM   OBSERVED TIME   RECORD YEAR NORMAL DEPARTURE LAST
                VALUE   (LST)  VALUE       VALUE  FROM      YEAR
                                                  NORMAL
..................................................................
TEMPERATURE (F)
 TODAY
  MAXIMUM         73    333 PM  78    1975  57     16       71
  MINIMUM         51    439 AM  10    1951  37     14       47
                                      1949
  AVERAGE         62                        47     15       59

PRECIPITATION (IN)
  TODAY            0.10          3.10 1981   0.17  -0.07      T
  MONTH TO DATE    0.10                      0.17  -0.07      T
  SINCE DEC 1     10.26                     10.85  -0.59     6.61
  SINCE JAN 1      5.67                      5.24   0.43     2.26

SNOWFALL (IN)
  TODAY            0.0

DEGREE DAYS
 HEATING
  TODAY            3                        18    -15        6
  MONTH TO DATE    3                        18    -15        6
  SINCE DEC 1   1092                      1160    -68     1369
  SINCE JUL 1   1630                      1562     68     1899

 COOLING
  TODAY            0                         0      0        0
  MONTH TO DATE    0                         0      0        0
  SINCE DEC 1      4                         9     -5       16
  SINCE JAN 1      0                         3     -3        0
..................................................................


WIND (MPH)
  HIGHEST WIND SPEED    17   HIGHEST WIND DIRECTION    SW (210)
  HIGHEST GUST SPEED    28   HIGHEST GUST DIRECTION    SW (220)
  AVERAGE WIND SPEED    10.7


SKY COVER
  POSSIBLE SUNSHINE  MM
  AVERAGE SKY COVER 0.8


WEATHER CONDITIONS
 THE FOLLOWING WEATHER WAS RECORDED TODAY.
  LIGHT RAIN
  FOG


RELATIVE HUMIDITY (PERCENT)
 HIGHEST    93           800 AM
 LOWEST     50          1200 AM
 AVERAGE    72

..........................................................


THE VICKSBURG CLIMATE NORMALS FOR TOMORROW
                         NORMAL    RECORD    YEAR
 MAXIMUM TEMPERATURE (F)   57        77      1963
 MINIMUM TEMPERATURE (F)   37       -12      1951


SUNRISE AND SUNSET
FEBRUARY  1 2015......SUNRISE   658 AM CST   SUNSET   537 PM CST
FEBRUARY  2 2015......SUNRISE   658 AM CST   SUNSET   538 PM CST


-  INDICATES NEGATIVE NUMBERS.
R  INDICATES RECORD WAS SET OR TIED.
MM INDICATES DATA IS MISSING.
T  INDICATES TRACE AMOUNT.




$$
