000
CDUS44 KJAN 270757
CLITVR


CLIMATE REPORT
NATIONAL WEATHER SERVICE JACKSON MS
252 AM CDT WED MAY 27 2015


...................................

...THE VICKSBURG CLIMATE SUMMARY FOR MAY 26 2015...

CLIMATE NORMAL PERIOD 1981 TO 2010
CLIMATE RECORD PERIOD 1948 TO 2015


WEATHER ITEM   OBSERVED TIME   RECORD YEAR NORMAL DEPARTURE LAST
                VALUE   (LST)  VALUE       VALUE  FROM      YEAR
                                                  NORMAL
..................................................................
TEMPERATURE (F)
 YESTERDAY
  MAXIMUM         85    340 PM  93    2000  87     -2       87
  MINIMUM         64    622 AM  46    1979  64      0       62
  AVERAGE         75                        75      0       75

PRECIPITATION (IN)
  YESTERDAY        0.53          1.25 1986   0.14   0.39      T
  MONTH TO DATE    8.09                      4.31   3.78     1.94
  SINCE MAR 1     18.37                     14.31   4.06    20.92
  SINCE JAN 1     29.62                     24.65   4.97    26.34

SNOWFALL (IN)
  YESTERDAY        0.0

DEGREE DAYS
 HEATING
  YESTERDAY        0                         0      0        0
  MONTH TO DATE    3                         9     -6       25
  SINCE MAR 1    264                       374   -110      481
  SINCE JUL 1   2522                      2350    172     2890

 COOLING
  YESTERDAY       10                        10      0       10
  MONTH TO DATE  233                       197     36      179
  SINCE MAR 1    387                       306     81      292
  SINCE JAN 1    387                       315     72      299
..................................................................


WIND (MPH)
  HIGHEST WIND SPEED    16   HIGHEST WIND DIRECTION    SE (140)
  HIGHEST GUST SPEED    20   HIGHEST GUST DIRECTION    SE (130)
  AVERAGE WIND SPEED     5.1


SKY COVER
  POSSIBLE SUNSHINE  MM
  AVERAGE SKY COVER 0.3


WEATHER CONDITIONS
 THE FOLLOWING WEATHER WAS RECORDED YESTERDAY.
  THUNDERSTORM
  HEAVY RAIN
  RAIN
  LIGHT RAIN
  FOG


RELATIVE HUMIDITY (PERCENT)
 HIGHEST    93          1200 AM
 LOWEST     55           200 PM
 AVERAGE    74

..........................................................


THE VICKSBURG CLIMATE NORMALS FOR TODAY
                         NORMAL    RECORD    YEAR
 MAXIMUM TEMPERATURE (F)   87        95      1964
                                             1953
 MINIMUM TEMPERATURE (F)   65        45      1961


SUNRISE AND SUNSET
MAY 27 2015...........SUNRISE   600 AM CDT   SUNSET   803 PM CDT
MAY 28 2015...........SUNRISE   559 AM CDT   SUNSET   804 PM CDT


-  INDICATES NEGATIVE NUMBERS.
R  INDICATES RECORD WAS SET OR TIED.
MM INDICATES DATA IS MISSING.
T  INDICATES TRACE AMOUNT.




$$
