000
CDUS44 KJAN 252111
CLITVR


CLIMATE REPORT
NATIONAL WEATHER SERVICE JACKSON MS
409 PM CDT THU AUG 25 2016


...................................

...THE VICKSBURG CLIMATE SUMMARY FOR AUGUST 25 2016...
VALID TODAY AS OF 0400 PM LOCAL TIME.

CLIMATE NORMAL PERIOD 1981 TO 2010
CLIMATE RECORD PERIOD 1948 TO 2016


WEATHER ITEM   OBSERVED TIME   RECORD YEAR NORMAL DEPARTURE LAST
                VALUE   (LST)  VALUE       VALUE  FROM      YEAR
                                                  NORMAL
..................................................................
TEMPERATURE (F)
 TODAY
  MAXIMUM         95    238 PM 101    1954  91      4       87
  MINIMUM         75    527 AM  57    2009  69      6       59
  AVERAGE         85                        80      5       73

PRECIPITATION (IN)
  TODAY            0.00          1.02 1959   0.15  -0.15     0.00
  MONTH TO DATE    5.57                      2.84   2.73     3.21
  SINCE JUN 1     14.78                     10.46   4.32    10.18
  SINCE JAN 1     50.25                     35.76  14.49    40.45

SNOWFALL (IN)
  TODAY            0.0

DEGREE DAYS
 HEATING
  TODAY            0                         0      0        0
  MONTH TO DATE    0                         0      0        0
  SINCE JUN 1      0                         0      0        0
  SINCE JUL 1      0                         0      0        0

 COOLING
  TODAY           20                        15      5        8
  MONTH TO DATE  488                       406     82      462
  SINCE JUN 1   1611                      1334    277     1539
  SINCE JAN 1   2126                      1704    422     1985
..................................................................


WIND (MPH)
  HIGHEST WIND SPEED     8   HIGHEST WIND DIRECTION    NE (60)
  HIGHEST GUST SPEED    10   HIGHEST GUST DIRECTION    NE (30)
  AVERAGE WIND SPEED     2.1


SKY COVER
  POSSIBLE SUNSHINE  MM
  AVERAGE SKY COVER 0.1


WEATHER CONDITIONS
 THE FOLLOWING WEATHER WAS RECORDED TODAY.
  FOG


RELATIVE HUMIDITY (PERCENT)
 HIGHEST    94          1200 AM
 LOWEST     56          1100 AM
 AVERAGE    75

..........................................................


THE VICKSBURG CLIMATE NORMALS FOR TOMORROW
                         NORMAL    RECORD    YEAR
 MAXIMUM TEMPERATURE (F)   91       101      2011
 MINIMUM TEMPERATURE (F)   69        55      1966


SUNRISE AND SUNSET
AUGUST 25 2016........SUNRISE   635 AM CDT   SUNSET   736 PM CDT
AUGUST 26 2016........SUNRISE   636 AM CDT   SUNSET   735 PM CDT


-  INDICATES NEGATIVE NUMBERS.
R  INDICATES RECORD WAS SET OR TIED.
MM INDICATES DATA IS MISSING.
T  INDICATES TRACE AMOUNT.




$$
