000
CDUS44 KJAN 010701
CLITVR


CLIMATE REPORT
NATIONAL WEATHER SERVICE JACKSON MS
1257 AM CST SUN MAR 1 2015


...................................

...THE VICKSBURG CLIMATE SUMMARY FOR FEBRUARY 28 2015...

CLIMATE NORMAL PERIOD 1981 TO 2010
CLIMATE RECORD PERIOD 1948 TO 2015


WEATHER ITEM   OBSERVED TIME   RECORD YEAR NORMAL DEPARTURE LAST
                VALUE   (LST)  VALUE       VALUE  FROM      YEAR
                                                  NORMAL
..................................................................
TEMPERATURE (F)
 YESTERDAY
  MAXIMUM         60    340 PM  83    1962  64     -4       60
  MINIMUM         30    628 AM  20    2002  43    -13       31
  AVERAGE         45                        53     -8       46

PRECIPITATION (IN)
  YESTERDAY        0.00          2.32 2001   0.19  -0.19      T
  MONTH TO DATE    5.68                      5.27   0.41     3.16
  SINCE DEC 1     15.84                     15.95  -0.11     9.77
  SINCE JAN 1     11.25                     10.34   0.91     5.42

SNOWFALL (IN)
  YESTERDAY        0.0

DEGREE DAYS
 HEATING
  YESTERDAY       20                        12      8       19
  MONTH TO DATE  631                       431    200      516
  SINCE DEC 1   1720                      1574    146     1879
  SINCE JUL 1   2258                      1976    282     2409

 COOLING
  YESTERDAY        0                         0      0        0
  MONTH TO DATE    0                         6     -6        7
  SINCE DEC 1      4                        15    -11       23
  SINCE JAN 1      0                         9     -9        7
..................................................................


WIND (MPH)
  HIGHEST WIND SPEED    14   HIGHEST WIND DIRECTION     N (10)
  HIGHEST GUST SPEED    16   HIGHEST GUST DIRECTION     N (10)
  AVERAGE WIND SPEED     5.9


SKY COVER
  POSSIBLE SUNSHINE  MM
  AVERAGE SKY COVER 0.7


WEATHER CONDITIONS
 THE FOLLOWING WEATHER WAS RECORDED YESTERDAY.
  NO SIGNIFICANT WEATHER WAS OBSERVED.


RELATIVE HUMIDITY (PERCENT)
 HIGHEST    83          1100 PM
 LOWEST     35           300 PM
 AVERAGE    59

..........................................................


THE VICKSBURG CLIMATE NORMALS FOR TODAY
                         NORMAL    RECORD    YEAR
 MAXIMUM TEMPERATURE (F)   64        83      2012
 MINIMUM TEMPERATURE (F)   43        22      1986


SUNRISE AND SUNSET
MARCH  1 2015.........SUNRISE   632 AM CST   SUNSET   602 PM CST
MARCH  2 2015.........SUNRISE   631 AM CST   SUNSET   602 PM CST


-  INDICATES NEGATIVE NUMBERS.
R  INDICATES RECORD WAS SET OR TIED.
MM INDICATES DATA IS MISSING.
T  INDICATES TRACE AMOUNT.




$$
