000
CDUS44 KJAN 172121
CLITVR


CLIMATE REPORT
NATIONAL WEATHER SERVICE JACKSON MS
417 PM CDT TUE OCT 17 2017


...................................

...THE VICKSBURG CLIMATE SUMMARY FOR OCTOBER 17 2017...
VALID TODAY AS OF 0400 PM LOCAL TIME.

CLIMATE NORMAL PERIOD 1981 TO 2010
CLIMATE RECORD PERIOD 1948 TO 2017


WEATHER ITEM   OBSERVED TIME   RECORD YEAR NORMAL DEPARTURE LAST
                VALUE   (LST)  VALUE       VALUE  FROM      YEAR
                                                  NORMAL
..................................................................
TEMPERATURE (F)
 TODAY
  MAXIMUM         76    259 PM  90    1984  78     -2       89
                                      1953
  MINIMUM         46    630 AM  30    1952  52     -6       64
  AVERAGE         61                        65     -4       77

PRECIPITATION (IN)
  TODAY            0.00          1.80 1984   0.18  -0.18     0.00
  MONTH TO DATE    0.57                      2.54  -1.97     0.00
  SINCE SEP 1      2.30                      5.43  -3.13     0.12
  SINCE JAN 1     51.72                     42.00   9.72    51.67

SNOWFALL (IN)
  TODAY            0.0

DEGREE DAYS
 HEATING
  TODAY            4                         3      1        0
  MONTH TO DATE    8                        30    -22        0
  SINCE SEP 1     12                        35    -23        0
  SINCE JUL 1     12                        35    -23        0

 COOLING
  TODAY            0                         3     -3       12
  MONTH TO DATE  160                        77     83      124
  SINCE SEP 1    506                       385    121      594
  SINCE JAN 1   2428                      2174    254     2841
..................................................................


WIND (MPH)
  HIGHEST WIND SPEED    13   HIGHEST WIND DIRECTION     N (20)
  HIGHEST GUST SPEED    14   HIGHEST GUST DIRECTION     N (10)
  AVERAGE WIND SPEED     7.1


SKY COVER
  POSSIBLE SUNSHINE  MM
  AVERAGE SKY COVER 0.0


WEATHER CONDITIONS
 THE FOLLOWING WEATHER WAS RECORDED TODAY.
  NO SIGNIFICANT WEATHER WAS OBSERVED.


RELATIVE HUMIDITY (PERCENT)
 HIGHEST    93           400 AM
 LOWEST     43           200 PM
 AVERAGE    68

..........................................................


THE VICKSBURG CLIMATE NORMALS FOR TOMORROW
                         NORMAL    RECORD    YEAR
 MAXIMUM TEMPERATURE (F)   78        91      2006
                                             1953
 MINIMUM TEMPERATURE (F)   52        28      1948


SUNRISE AND SUNSET
OCTOBER 17 2017.......SUNRISE   710 AM CDT   SUNSET   629 PM CDT
OCTOBER 18 2017.......SUNRISE   710 AM CDT   SUNSET   628 PM CDT


-  INDICATES NEGATIVE NUMBERS.
R  INDICATES RECORD WAS SET OR TIED.
MM INDICATES DATA IS MISSING.
T  INDICATES TRACE AMOUNT.




$$
