000
CDUS45 KBOI 280933
CLITWF


CLIMATE REPORT
NATIONAL WEATHER SERVICE BOISE ID
332 AM MDT TUE MAR 28 2017


...................................

...THE TWIN FALLS ID CLIMATE SUMMARY FOR MARCH 27 2017...

CLIMATE NORMAL PERIOD 1981 TO 2010
CLIMATE RECORD PERIOD 9999 TO 9999


WEATHER ITEM   OBSERVED TIME   NORMAL DEPARTURE LAST
                VALUE   (LST)  VALUE  FROM      YEAR
                                      NORMAL
......................................................
TEMPERATURE (F)
 YESTERDAY
  MAXIMUM         50    338 PM  56     -6       57
  MINIMUM         35   1159 PM  33      2       33
  AVERAGE         43

PRECIPITATION (IN)
  YESTERDAY        0.11          0.04   0.07     0.06
  MONTH TO DATE    0.72          0.86  -0.14     1.17
  SINCE OCT 1      8.19          5.90   2.29     6.77
  SINCE JAN 1      3.69          2.65   1.04     2.39

DEGREE DAYS
 HEATING
  YESTERDAY       22            21      1       20
  MONTH TO DATE  530           641   -111      578
  SINCE MAR 1    530           641   -111      578
  SINCE JUL 1   5310          5208    102     4864

 COOLING
  YESTERDAY        0             0      0        0
  MONTH TO DATE    0             0      0        0
  SINCE MAR 1      0             0      0        0
  SINCE JAN 1      0             0      0        0
......................................................


WIND (MPH)
  HIGHEST WIND SPEED    32   HIGHEST WIND DIRECTION     W (270)
  HIGHEST GUST SPEED    38   HIGHEST GUST DIRECTION     W (270)
  AVERAGE WIND SPEED    17.8


SKY COVER
  AVERAGE SKY COVER 0.6


WEATHER CONDITIONS
 THE FOLLOWING WEATHER WAS RECORDED YESTERDAY.
  LIGHT RAIN
  FOG


RELATIVE HUMIDITY (PERCENT)
 HIGHEST    92           100 AM
 LOWEST     38           600 PM
 AVERAGE    65

..........................................................




SUNRISE AND SUNSET
MARCH 28 2017.........SUNRISE   727 AM MDT   SUNSET   800 PM MDT
MARCH 29 2017.........SUNRISE   725 AM MDT   SUNSET   801 PM MDT


-  INDICATES NEGATIVE NUMBERS.
R  INDICATES RECORD WAS SET OR TIED.
MM INDICATES DATA IS MISSING.
T  INDICATES TRACE AMOUNT.




$$
