000
CDUS45 KBOI 190932
CLITWF


CLIMATE REPORT
NATIONAL WEATHER SERVICE BOISE ID
231 AM MST SUN FEB 19 2017


...................................

...THE TWIN FALLS ID CLIMATE SUMMARY FOR FEBRUARY 18 2017...

CLIMATE NORMAL PERIOD 1981 TO 2010
CLIMATE RECORD PERIOD 9999 TO 9999


WEATHER ITEM   OBSERVED TIME   NORMAL DEPARTURE LAST
                VALUE   (LST)  VALUE  FROM      YEAR
                                      NORMAL
......................................................
TEMPERATURE (F)
 YESTERDAY
  MAXIMUM         50    246 PM  43      7       50
  MINIMUM         40   1041 PM  24     16       36
  AVERAGE         45

PRECIPITATION (IN)
  YESTERDAY        0.10          0.03   0.07     0.01
  MONTH TO DATE    0.95          0.54   0.41     0.17
  SINCE OCT 1      6.96          4.77   2.19     5.60
  SINCE JAN 1      2.46          1.52   0.94     1.22

DEGREE DAYS
 HEATING
  YESTERDAY       20            32    -12       22
  MONTH TO DATE  514           601    -87      534
  SINCE DEC 1   3133          2831    302     2793
  SINCE JUL 1   4435          4269    166     4004

 COOLING
  YESTERDAY        0             0      0        0
  MONTH TO DATE    0             0      0        0
  SINCE DEC 1      0             0      0        0
  SINCE JAN 1      0             0      0        0
......................................................


WIND (MPH)
  HIGHEST WIND SPEED    33   HIGHEST WIND DIRECTION     S (160)
  HIGHEST GUST SPEED    43   HIGHEST GUST DIRECTION     S (160)
  AVERAGE WIND SPEED    14.7


SKY COVER
  AVERAGE SKY COVER 1.0


WEATHER CONDITIONS
 THE FOLLOWING WEATHER WAS RECORDED YESTERDAY.
  LIGHT RAIN
  FOG


RELATIVE HUMIDITY (PERCENT)
 HIGHEST    86          1000 PM
 LOWEST     50          1200 PM
 AVERAGE    68

..........................................................




SUNRISE AND SUNSET
FEBRUARY 19 2017......SUNRISE   728 AM MST   SUNSET   616 PM MST
FEBRUARY 20 2017......SUNRISE   727 AM MST   SUNSET   617 PM MST


-  INDICATES NEGATIVE NUMBERS.
R  INDICATES RECORD WAS SET OR TIED.
MM INDICATES DATA IS MISSING.
T  INDICATES TRACE AMOUNT.




$$
