000
CDUS45 KBOI 050932
CLITWF


CLIMATE REPORT
NATIONAL WEATHER SERVICE BOISE ID
331 AM MDT SAT SEP 5 2015


...................................

...THE TWIN FALLS ID CLIMATE SUMMARY FOR SEPTEMBER 4 2015...

CLIMATE NORMAL PERIOD 1981 TO 2010
CLIMATE RECORD PERIOD 9999 TO 9999


WEATHER ITEM   OBSERVED TIME   NORMAL DEPARTURE LAST
                VALUE   (LST)  VALUE  FROM      YEAR
                                      NORMAL
......................................................
TEMPERATURE (F)
 YESTERDAY
  MAXIMUM         74    350 PM  83     -9       72
  MINIMUM         50    710 AM  51     -1       43
  AVERAGE         62

PRECIPITATION (IN)
  YESTERDAY        0.00          0.01  -0.01     0.00
  MONTH TO DATE    0.00          0.06  -0.06     0.00
  SINCE OCT 1      8.51         10.19  -1.68    12.72
  SINCE JAN 1      5.51          6.94  -1.43    12.25

DEGREE DAYS
 HEATING
  YESTERDAY        3             2      1        7
  MONTH TO DATE    3             8     -5       13
  SINCE SEP 1      3             8     -5       13
  SINCE JUL 1      6            29    -23       32

 COOLING
  YESTERDAY        0             4     -4        0
  MONTH TO DATE   19            17      2        2
  SINCE SEP 1     19            17      2        2
  SINCE JAN 1    897           634    263      761
......................................................


WIND (MPH)
  HIGHEST WIND SPEED    37   HIGHEST WIND DIRECTION     W (260)
  HIGHEST GUST SPEED    50   HIGHEST GUST DIRECTION     W (270)
  AVERAGE WIND SPEED    10.4


SKY COVER
  AVERAGE SKY COVER 0.1


WEATHER CONDITIONS
 THE FOLLOWING WEATHER WAS RECORDED YESTERDAY.
  HAZE


RELATIVE HUMIDITY (PERCENT)
 HIGHEST    54          1000 PM
 LOWEST     33           400 PM
 AVERAGE    44

..........................................................




SUNRISE AND SUNSET
SEPTEMBER  5 2015.....SUNRISE   707 AM MDT   SUNSET   805 PM MDT
SEPTEMBER  6 2015.....SUNRISE   708 AM MDT   SUNSET   804 PM MDT


-  INDICATES NEGATIVE NUMBERS.
R  INDICATES RECORD WAS SET OR TIED.
MM INDICATES DATA IS MISSING.
T  INDICATES TRACE AMOUNT.




$$
