000
CDUS45 KBOI 280949
CLITWF


CLIMATE REPORT
NATIONAL WEATHER SERVICE BOISE ID
248 AM MST SUN DEC 28 2014


...................................

...THE TWIN FALLS ID CLIMATE SUMMARY FOR DECEMBER 27 2014...

CLIMATE NORMAL PERIOD 1981 TO 2010
CLIMATE RECORD PERIOD 9999 TO 9999


WEATHER ITEM   OBSERVED TIME   NORMAL DEPARTURE LAST
                VALUE   (LST)  VALUE  FROM      YEAR
                                      NORMAL
......................................................
TEMPERATURE (F)
 YESTERDAY
  MAXIMUM         34    342 PM  36     -2       45
  MINIMUM         18    343 AM  20     -2       18
  AVERAGE         26

PRECIPITATION (IN)
  YESTERDAY        T             0.04  -0.04     0.00
  MONTH TO DATE    1.50          1.13   0.37     0.12
  SINCE OCT 1      2.96          3.11  -0.15     0.47
  SINCE JAN 1     16.00         10.56   5.44     4.58

DEGREE DAYS
 HEATING
  YESTERDAY       39            37      2       33
  MONTH TO DATE  689           982   -293     1065
  SINCE DEC 1    689           982   -293     1065
  SINCE JUL 1   1881          2420   -539     2421

 COOLING
  YESTERDAY        0             0      0        0
  MONTH TO DATE    0             0      0        0
  SINCE DEC 1      0             0      0        0
  SINCE JAN 1    851           680    171     1138
......................................................


WIND (MPH)
  HIGHEST WIND SPEED    18   HIGHEST WIND DIRECTION     S (180)
  HIGHEST GUST SPEED    24   HIGHEST GUST DIRECTION     S (180)
  AVERAGE WIND SPEED    12.8


SKY COVER
  AVERAGE SKY COVER 0.6


WEATHER CONDITIONS
 THE FOLLOWING WEATHER WAS RECORDED YESTERDAY.
  LIGHT SNOW
  FOG


RELATIVE HUMIDITY (PERCENT)
 HIGHEST    74           300 AM
 LOWEST     49           100 PM
 AVERAGE    62

..........................................................




SUNRISE AND SUNSET
DECEMBER 28 2014......SUNRISE   807 AM MST   SUNSET   512 PM MST
DECEMBER 29 2014......SUNRISE   807 AM MST   SUNSET   513 PM MST


-  INDICATES NEGATIVE NUMBERS.
R  INDICATES RECORD WAS SET OR TIED.
MM INDICATES DATA IS MISSING.
T  INDICATES TRACE AMOUNT.




$$
