000
CDUS45 KBOI 240932
CLITWF


CLIMATE REPORT
NATIONAL WEATHER SERVICE BOISE ID
231 AM MST TUE JAN 24 2017


...................................

...THE TWIN FALLS ID CLIMATE SUMMARY FOR JANUARY 23 2017...

CLIMATE NORMAL PERIOD 1981 TO 2010
CLIMATE RECORD PERIOD 9999 TO 9999


WEATHER ITEM   OBSERVED TIME   NORMAL DEPARTURE LAST
                VALUE   (LST)  VALUE  FROM      YEAR
                                      NORMAL
......................................................
TEMPERATURE (F)
 YESTERDAY
  MAXIMUM         34   1226 AM  38     -4       41
  MINIMUM         27   1003 PM  22      5       31
  AVERAGE         31

PRECIPITATION (IN)
  YESTERDAY        0.31          0.02   0.29     0.01
  MONTH TO DATE    1.50          0.78   0.72     0.34
  SINCE OCT 1      6.00          4.03   1.97     4.72
  SINCE JAN 1      1.50          0.78   0.72     0.34

DEGREE DAYS
 HEATING
  YESTERDAY       34            35     -1       29
  MONTH TO DATE  984           819    165      841
  SINCE DEC 1   2242          1948    294     1984
  SINCE JUL 1   3544          3386    158     3195

 COOLING
  YESTERDAY        0             0      0        0
  MONTH TO DATE    0             0      0        0
  SINCE DEC 1      0             0      0        0
  SINCE JAN 1      0             0      0        0
......................................................


WIND (MPH)
  HIGHEST WIND SPEED    25   HIGHEST WIND DIRECTION     W (260)
  HIGHEST GUST SPEED    32   HIGHEST GUST DIRECTION     W (260)
  AVERAGE WIND SPEED    12.6


SKY COVER
  AVERAGE SKY COVER 1.0


WEATHER CONDITIONS
 THE FOLLOWING WEATHER WAS RECORDED YESTERDAY.
  SNOW
  LIGHT SNOW
  FOG
  FOG W/VISIBILITY <= 1/4 MILE


RELATIVE HUMIDITY (PERCENT)
 HIGHEST    92           300 AM
 LOWEST     75           900 PM
 AVERAGE    84

..........................................................




SUNRISE AND SUNSET
JANUARY 24 2017.......SUNRISE   759 AM MST   SUNSET   542 PM MST
JANUARY 25 2017.......SUNRISE   758 AM MST   SUNSET   543 PM MST


-  INDICATES NEGATIVE NUMBERS.
R  INDICATES RECORD WAS SET OR TIED.
MM INDICATES DATA IS MISSING.
T  INDICATES TRACE AMOUNT.




$$
