000
CDUS45 KBOI 300931
CLITWF


CLIMATE REPORT
NATIONAL WEATHER SERVICE BOISE ID
331 AM MDT MON MAR 30 2015


...................................

...THE TWIN FALLS ID CLIMATE SUMMARY FOR MARCH 29 2015...

CLIMATE NORMAL PERIOD 1981 TO 2010
CLIMATE RECORD PERIOD 9999 TO 9999


WEATHER ITEM   OBSERVED TIME   NORMAL DEPARTURE LAST
                VALUE   (LST)  VALUE  FROM      YEAR
                                      NORMAL
......................................................
TEMPERATURE (F)
 YESTERDAY
  MAXIMUM         66    353 PM  56     10       54
  MINIMUM         36    600 AM  33      3       36
  AVERAGE         51

PRECIPITATION (IN)
  YESTERDAY        0.00          0.04  -0.04     0.62
  MONTH TO DATE    0.23          0.95  -0.72     1.81
  SINCE OCT 1      4.62          5.99  -1.37     4.52
  SINCE JAN 1      1.62          2.74  -1.12     4.05

DEGREE DAYS
 HEATING
  YESTERDAY       14            20     -6       20
  MONTH TO DATE  474           681   -207      561
  SINCE MAR 1    474           681   -207      561
  SINCE JUL 1   4167          5248  -1081     4814

 COOLING
  YESTERDAY        0             0      0        0
  MONTH TO DATE    0             0      0        0
  SINCE MAR 1      0             0      0        0
  SINCE JAN 1      0             0      0        0
......................................................


WIND (MPH)
  HIGHEST WIND SPEED    20   HIGHEST WIND DIRECTION     S (180)
  HIGHEST GUST SPEED    23   HIGHEST GUST DIRECTION     S (180)
  AVERAGE WIND SPEED     8.4


SKY COVER
  AVERAGE SKY COVER 0.0


WEATHER CONDITIONS
 THE FOLLOWING WEATHER WAS RECORDED YESTERDAY.
  NO SIGNIFICANT WEATHER WAS OBSERVED.


RELATIVE HUMIDITY (PERCENT)
 HIGHEST    56           600 AM
 LOWEST     15           400 PM
 AVERAGE    36

..........................................................




SUNRISE AND SUNSET
MARCH 30 2015.........SUNRISE   724 AM MDT   SUNSET   801 PM MDT
MARCH 31 2015.........SUNRISE   722 AM MDT   SUNSET   803 PM MDT


-  INDICATES NEGATIVE NUMBERS.
R  INDICATES RECORD WAS SET OR TIED.
MM INDICATES DATA IS MISSING.
T  INDICATES TRACE AMOUNT.




$$
