000
CDUS45 KBOI 180935
CLITWF


CLIMATE REPORT
NATIONAL WEATHER SERVICE BOISE ID
335 AM MDT THU SEP 18 2014


...................................

...THE TWIN FALLS ID CLIMATE SUMMARY FOR SEPTEMBER 17 2014...

CLIMATE NORMAL PERIOD 1981 TO 2010
CLIMATE RECORD PERIOD 9999 TO 9999


WEATHER ITEM   OBSERVED TIME   NORMAL DEPARTURE LAST
                VALUE   (LST)  VALUE  FROM      YEAR
                                      NORMAL
......................................................
TEMPERATURE (F)
 YESTERDAY
  MAXIMUM         89    451 PM  77     12       78
  MINIMUM         59    701 AM  47     12       55
  AVERAGE         74

PRECIPITATION (IN)
  YESTERDAY        T             0.02  -0.02      T
  MONTH TO DATE    T             0.28  -0.28     0.73
  SINCE OCT 1     12.72         10.41   2.31     7.10
  SINCE JAN 1     12.25          7.16   5.09     3.92

DEGREE DAYS
 HEATING
  YESTERDAY        0             5     -5        0
  MONTH TO DATE   41            51    -10        0
  SINCE SEP 1     41            51    -10        0
  SINCE JUL 1     60            72    -12        0

 COOLING
  YESTERDAY        9             1      8        2
  MONTH TO DATE   46            51     -5       97
  SINCE SEP 1     46            51     -5       97
  SINCE JAN 1    805           668    137     1136
......................................................


WIND (MPH)
  HIGHEST WIND SPEED    31   HIGHEST WIND DIRECTION    SE (140)
  HIGHEST GUST SPEED    39   HIGHEST GUST DIRECTION    SE (150)
  AVERAGE WIND SPEED     6.2


SKY COVER
  AVERAGE SKY COVER 0.0


WEATHER CONDITIONS
 THE FOLLOWING WEATHER WAS RECORDED YESTERDAY.
  NO SIGNIFICANT WEATHER WAS OBSERVED.


RELATIVE HUMIDITY (PERCENT)
 HIGHEST    53           400 AM
 LOWEST     21           500 PM
 AVERAGE    37

..........................................................




SUNRISE AND SUNSET
SEPTEMBER 18 2014.....SUNRISE   721 AM MDT   SUNSET   742 PM MDT
SEPTEMBER 19 2014.....SUNRISE   722 AM MDT   SUNSET   740 PM MDT


-  INDICATES NEGATIVE NUMBERS.
R  INDICATES RECORD WAS SET OR TIED.
MM INDICATES DATA IS MISSING.
T  INDICATES TRACE AMOUNT.




$$
