000
CDUS45 KBOI 150931
CLITWF


CLIMATE REPORT
NATIONAL WEATHER SERVICE BOISE ID
231 AM MST FRI DEC 15 2017


...................................

...THE TWIN FALLS ID CLIMATE SUMMARY FOR DECEMBER 14 2017...

CLIMATE NORMAL PERIOD 1981 TO 2010
CLIMATE RECORD PERIOD 9999 TO 9999


WEATHER ITEM   OBSERVED TIME   NORMAL DEPARTURE LAST
                VALUE   (LST)  VALUE  FROM      YEAR
                                      NORMAL
......................................................
TEMPERATURE (F)
 YESTERDAY
  MAXIMUM         28    229 PM  37     -9       27
  MINIMUM         22   1203 PM  19      3       25
  AVERAGE         25

PRECIPITATION (IN)
  YESTERDAY        0.00          0.04  -0.04     0.19
  MONTH TO DATE    0.06          0.56  -0.50     1.10
  SINCE OCT 1      2.25          2.54  -0.29     4.07
  SINCE JAN 1     10.38          9.99   0.39    12.98

DEGREE DAYS
 HEATING
  YESTERDAY       40            37      3       39
  MONTH TO DATE  537           501     36      527
  SINCE DEC 1    537           501     36      527
  SINCE JUL 1   2071          1939    132     1829

 COOLING
  YESTERDAY        0             0      0        0
  MONTH TO DATE    0             0      0        0
  SINCE DEC 1      0             0      0        0
  SINCE JAN 1    871           680    191      642
......................................................


WIND (MPH)
  HIGHEST WIND SPEED     8   HIGHEST WIND DIRECTION     N (20)
  HIGHEST GUST SPEED    10   HIGHEST GUST DIRECTION     N (10)
  AVERAGE WIND SPEED     3.5


SKY COVER
  AVERAGE SKY COVER 1.0


WEATHER CONDITIONS
 THE FOLLOWING WEATHER WAS RECORDED YESTERDAY.
  FOG
  FOG W/VISIBILITY <= 1/4 MILE


RELATIVE HUMIDITY (PERCENT)
 HIGHEST   100          1200 PM
 LOWEST     88           500 AM
 AVERAGE    94

..........................................................




SUNRISE AND SUNSET
DECEMBER 15 2017......SUNRISE   801 AM MST   SUNSET   506 PM MST
DECEMBER 16 2017......SUNRISE   801 AM MST   SUNSET   506 PM MST


-  INDICATES NEGATIVE NUMBERS.
R  INDICATES RECORD WAS SET OR TIED.
MM INDICATES DATA IS MISSING.
T  INDICATES TRACE AMOUNT.




$$
