000
CDUS45 KBOI 240931
CLITWF


CLIMATE REPORT
NATIONAL WEATHER SERVICE BOISE ID
331 AM MDT SUN MAY 24 2015


...................................

...THE TWIN FALLS ID CLIMATE SUMMARY FOR MAY 23 2015...

CLIMATE NORMAL PERIOD 1981 TO 2010
CLIMATE RECORD PERIOD 9999 TO 9999


WEATHER ITEM   OBSERVED TIME   NORMAL DEPARTURE LAST
                VALUE   (LST)  VALUE  FROM      YEAR
                                      NORMAL
......................................................
TEMPERATURE (F)
 YESTERDAY
  MAXIMUM         71    224 PM  72     -1       85
  MINIMUM         52   1057 PM  45      7       50
  AVERAGE         62

PRECIPITATION (IN)
  YESTERDAY        0.11          0.05   0.06     0.00
  MONTH TO DATE    2.00          1.03   0.97     0.64
  SINCE OCT 1      6.86          8.25  -1.39     6.06
  SINCE JAN 1      3.86          5.00  -1.14     5.59

DEGREE DAYS
 HEATING
  YESTERDAY        3             8     -5        0
  MONTH TO DATE  175           235    -60      180
  SINCE MAR 1   1116          1466   -350     1251
  SINCE JUL 1   4809          6033  -1224     5504

 COOLING
  YESTERDAY        0             1     -1        3
  MONTH TO DATE    0            11    -11       20
  SINCE MAR 1      0            12    -12       20
  SINCE JAN 1      0            12    -12       20
......................................................


WIND (MPH)
  HIGHEST WIND SPEED    22   HIGHEST WIND DIRECTION     E (100)
  HIGHEST GUST SPEED    32   HIGHEST GUST DIRECTION    NW (300)
  AVERAGE WIND SPEED     8.5


SKY COVER
  AVERAGE SKY COVER 0.7


WEATHER CONDITIONS
 THE FOLLOWING WEATHER WAS RECORDED YESTERDAY.
  LIGHT RAIN


RELATIVE HUMIDITY (PERCENT)
 HIGHEST    89          1100 PM
 LOWEST     44           300 PM
 AVERAGE    67

..........................................................




SUNRISE AND SUNSET
MAY 24 2015...........SUNRISE   608 AM MDT   SUNSET   902 PM MDT
MAY 25 2015...........SUNRISE   608 AM MDT   SUNSET   903 PM MDT


-  INDICATES NEGATIVE NUMBERS.
R  INDICATES RECORD WAS SET OR TIED.
MM INDICATES DATA IS MISSING.
T  INDICATES TRACE AMOUNT.




$$
