000
CDUS44 KSHV 020748
CLITXK


CLIMATE REPORT
NATIONAL WEATHER SERVICE SHREVEPORT, LA
240 AM CDT TUE JUN 2 2015


...................................

...THE TEXARKANA CLIMATE SUMMARY FOR JUNE 1 2015...

CLIMATE NORMAL PERIOD 1981 TO 2010
CLIMATE RECORD PERIOD 1896 TO 2015


WEATHER ITEM   OBSERVED TIME   RECORD YEAR NORMAL DEPARTURE LAST
                VALUE   (LST)  VALUE       VALUE  FROM      YEAR
                                                  NORMAL
..................................................................
TEMPERATURE (F)
 YESTERDAY
  MAXIMUM         80    450 PM 100    1921  86     -6       85
  MINIMUM         66   1053 PM  51    1966  65      1       71
  AVERAGE         73                        76     -3       78

PRECIPITATION (IN)
  YESTERDAY        T             2.19 1970   0.14  -0.14     0.29
  MONTH TO DATE    T                         0.14  -0.14     0.29
  SINCE DEC 1     36.56                     25.81  10.75    21.01
  SINCE JAN 1     33.88                     20.76  13.12    15.18

SNOWFALL (IN)
  YESTERDAY        0.0
  MONTH TO DATE    0.0
  SINCE JUN 1      0.0
  SINCE JUL 1      5.2
  SNOW DEPTH       0

DEGREE DAYS
 HEATING
  YESTERDAY        0                         0      0        0
  MONTH TO DATE    0                         0      0        0
  SINCE JUN 1      0                         0      0        0
  SINCE JUL 1   2811                      2616    195     3040

 COOLING
  YESTERDAY        8                        11     -3       13
  MONTH TO DATE    8                        11     -3       13
  SINCE JUN 1      8                        11     -3       13
  SINCE JAN 1    332                       331      1      307
..................................................................


WIND (MPH)
  HIGHEST WIND SPEED    10   HIGHEST WIND DIRECTION    NE (50)
  HIGHEST GUST SPEED    13   HIGHEST GUST DIRECTION     E (90)
  AVERAGE WIND SPEED     3.7


SKY COVER
  POSSIBLE SUNSHINE  MM
  AVERAGE SKY COVER 0.6


WEATHER CONDITIONS
 THE FOLLOWING WEATHER WAS RECORDED YESTERDAY.
  LIGHT RAIN
  FOG


RELATIVE HUMIDITY (PERCENT)
 HIGHEST   100           100 AM
 LOWEST     62           300 PM
 AVERAGE    81

..........................................................


THE TEXARKANA CLIMATE NORMALS FOR TODAY
                         NORMAL    RECORD    YEAR
 MAXIMUM TEMPERATURE (F)   86        96      1977
 MINIMUM TEMPERATURE (F)   65        51      1903


SUNRISE AND SUNSET
JUNE  2 2015..........SUNRISE   607 AM CDT   SUNSET   821 PM CDT
JUNE  3 2015..........SUNRISE   607 AM CDT   SUNSET   822 PM CDT


-  INDICATES NEGATIVE NUMBERS.
R  INDICATES RECORD WAS SET OR TIED.
MM INDICATES DATA IS MISSING.
T  INDICATES TRACE AMOUNT.




$$
