000
CDUS44 KSHV 230745
CLITXK


CLIMATE REPORT
NATIONAL WEATHER SERVICE SHREVEPORT, LA
235 AM CDT SUN APR 23 2017


...................................

...THE TEXARKANA CLIMATE SUMMARY FOR APRIL 22 2017...

CLIMATE NORMAL PERIOD 1981 TO 2010
CLIMATE RECORD PERIOD 1896 TO 2017


WEATHER ITEM   OBSERVED TIME   RECORD YEAR NORMAL DEPARTURE LAST
                VALUE   (LST)  VALUE       VALUE  FROM      YEAR
                                                  NORMAL
..................................................................
TEMPERATURE (F)
 YESTERDAY
  MAXIMUM         74   1220 AM  89    2009  77     -3       80
  MINIMUM         51   1159 PM  29    1931  54     -3       55
  AVERAGE         63                        66     -3       68

PRECIPITATION (IN)
  YESTERDAY        0.16          2.27 1985   0.14   0.02     0.00
  MONTH TO DATE    3.28                      2.76   0.52     4.62
  SINCE DEC 1     21.02                     19.40   1.62    24.95
  SINCE JAN 1     14.60                     14.35   0.25    18.97

SNOWFALL (IN)
  YESTERDAY        0.0
  MONTH TO DATE    0.0
  SINCE MAR 1      0.0
  SINCE JUL 1      0.1
  SNOW DEPTH       0

DEGREE DAYS
 HEATING
  YESTERDAY        2                         2      0        0
  MONTH TO DATE   25                        95    -70       60
  SINCE MAR 1    224                       395   -171      238
  SINCE JUL 1   1675                      2589   -914     1891

 COOLING
  YESTERDAY        0                         3     -3        3
  MONTH TO DATE   76                        47     29       25
  SINCE MAR 1    125                        66     59       51
  SINCE JAN 1    157                        70     87       57
..................................................................


WIND (MPH)
  HIGHEST WIND SPEED    21   HIGHEST WIND DIRECTION    NW (310)
  HIGHEST GUST SPEED    26   HIGHEST GUST DIRECTION    NW (330)
  AVERAGE WIND SPEED    12.4


SKY COVER
  POSSIBLE SUNSHINE  MM
  AVERAGE SKY COVER 0.8


WEATHER CONDITIONS
 THE FOLLOWING WEATHER WAS RECORDED YESTERDAY.
  THUNDERSTORM
  LIGHT RAIN
  FOG


RELATIVE HUMIDITY (PERCENT)
 HIGHEST   100           500 AM
 LOWEST     60           300 PM
 AVERAGE    80

..........................................................


THE TEXARKANA CLIMATE NORMALS FOR TODAY
                         NORMAL    RECORD    YEAR
 MAXIMUM TEMPERATURE (F)   77        90      1926
 MINIMUM TEMPERATURE (F)   55        39      1931


SUNRISE AND SUNSET
APRIL 23 2017.........SUNRISE   636 AM CDT   SUNSET   753 PM CDT
APRIL 24 2017.........SUNRISE   635 AM CDT   SUNSET   754 PM CDT


-  INDICATES NEGATIVE NUMBERS.
R  INDICATES RECORD WAS SET OR TIED.
MM INDICATES DATA IS MISSING.
T  INDICATES TRACE AMOUNT.




$$
