000
CDUS44 KSHV 200838
CLITXK


CLIMATE REPORT
NATIONAL WEATHER SERVICE SHREVEPORT, LA
238 AM CST TUE FEB 20 2018


...................................

...THE TEXARKANA CLIMATE SUMMARY FOR FEBRUARY 19 2018...

CLIMATE NORMAL PERIOD 1981 TO 2010
CLIMATE RECORD PERIOD 1896 TO 2018


WEATHER ITEM   OBSERVED TIME   RECORD YEAR NORMAL DEPARTURE LAST
                VALUE   (LST)  VALUE       VALUE  FROM      YEAR
                                                  NORMAL
..................................................................
TEMPERATURE (F)
 YESTERDAY
  MAXIMUM         77    429 PM  82    1986  60     17       76
  MINIMUM         61   1221 AM  13    1978  39     22       54
  AVERAGE         69                        49     20       65

PRECIPITATION (IN)
  YESTERDAY        0.01          1.87 1937   0.15  -0.14     0.00
  MONTH TO DATE    3.40                      2.63   0.77     1.58
  SINCE DEC 1     12.38                     11.08   1.30    12.27
  SINCE JAN 1      5.79                      6.03  -0.24     5.85

SNOWFALL (IN)
  YESTERDAY        0.0
  MONTH TO DATE    T
  SINCE DEC 1      2.0
  SINCE JUL 1      2.0
  SNOW DEPTH       0

DEGREE DAYS
 HEATING
  YESTERDAY        0                        16    -16        0
  MONTH TO DATE  345                       341      4      206
  SINCE DEC 1   1686                      1605     81     1151
  SINCE JUL 1   2042                      2063    -21     1385

 COOLING
  YESTERDAY        4                         0      4        0
  MONTH TO DATE    8                         0      8       11
  SINCE DEC 1     10                         4      6       32
  SINCE JAN 1      8                         1      7       25
..................................................................


WIND (MPH)
  HIGHEST WIND SPEED    26   HIGHEST WIND DIRECTION     S (180)
  HIGHEST GUST SPEED    35   HIGHEST GUST DIRECTION     S (180)
  AVERAGE WIND SPEED    14.4


SKY COVER
  POSSIBLE SUNSHINE  MM
  AVERAGE SKY COVER 0.6


WEATHER CONDITIONS
 THE FOLLOWING WEATHER WAS RECORDED YESTERDAY.
  LIGHT RAIN


RELATIVE HUMIDITY (PERCENT)
 HIGHEST   100          1200 AM
 LOWEST     49           700 PM
 AVERAGE    75

..........................................................


THE TEXARKANA CLIMATE NORMALS FOR TODAY
                         NORMAL    RECORD    YEAR
 MAXIMUM TEMPERATURE (F)   60        89      1986
 MINIMUM TEMPERATURE (F)   39        18      1936


SUNRISE AND SUNSET
FEBRUARY 20 2018......SUNRISE   655 AM CST   SUNSET   605 PM CST
FEBRUARY 21 2018......SUNRISE   654 AM CST   SUNSET   606 PM CST


-  INDICATES NEGATIVE NUMBERS.
R  INDICATES RECORD WAS SET OR TIED.
MM INDICATES DATA IS MISSING.
T  INDICATES TRACE AMOUNT.




$$
