000
CDUS44 KSHV 300749
CLITXK


CLIMATE REPORT
NATIONAL WEATHER SERVICE SHREVEPORT, LA
248 AM CDT TUE MAY 30 2017


...................................

...THE TEXARKANA CLIMATE SUMMARY FOR MAY 29 2017...

CLIMATE NORMAL PERIOD 1981 TO 2010
CLIMATE RECORD PERIOD 1896 TO 2017


WEATHER ITEM   OBSERVED TIME   RECORD YEAR NORMAL DEPARTURE LAST
                VALUE   (LST)  VALUE       VALUE  FROM      YEAR
                                                  NORMAL
..................................................................
TEMPERATURE (F)
 YESTERDAY
  MAXIMUM         84    501 PM  98    1898  85     -1       90
  MINIMUM         65    939 PM  50    1901  65      0       67
  AVERAGE         75                        75      0       79

PRECIPITATION (IN)
  YESTERDAY        0.00          1.45 1946   0.15  -0.15     0.06
  MONTH TO DATE    3.94                      4.82  -0.88     3.21
  SINCE DEC 1     26.98                     25.40   1.58    31.59
  SINCE JAN 1     20.56                     20.35   0.21    25.61

SNOWFALL (IN)
  YESTERDAY        0.0
  MONTH TO DATE    0.0
  SINCE MAR 1      0.0
  SINCE JUL 1      0.1
  SNOW DEPTH       0

DEGREE DAYS
 HEATING
  YESTERDAY        0                         0      0        0
  MONTH TO DATE   11                        12     -1       17
  SINCE MAR 1    256                       421   -165      255
  SINCE JUL 1   1707                      2615   -908     1908

 COOLING
  YESTERDAY       10                        10      0       14
  MONTH TO DATE  164                       202    -38      154
  SINCE MAR 1    309                       295     14      263
  SINCE JAN 1    341                       299     42      269
..................................................................


WIND (MPH)
  HIGHEST WIND SPEED     9   HIGHEST WIND DIRECTION     S (190)
  HIGHEST GUST SPEED    13   HIGHEST GUST DIRECTION    SE (120)
  AVERAGE WIND SPEED     3.8


SKY COVER
  POSSIBLE SUNSHINE  MM
  AVERAGE SKY COVER 0.2


WEATHER CONDITIONS
 THE FOLLOWING WEATHER WAS RECORDED YESTERDAY.
  FOG


RELATIVE HUMIDITY (PERCENT)
 HIGHEST   100          1200 AM
 LOWEST     40           500 PM
 AVERAGE    70

..........................................................


THE TEXARKANA CLIMATE NORMALS FOR TODAY
                         NORMAL    RECORD    YEAR
 MAXIMUM TEMPERATURE (F)   86        98      2003
 MINIMUM TEMPERATURE (F)   65        51      1992


SUNRISE AND SUNSET
MAY 30 2017...........SUNRISE   608 AM CDT   SUNSET   820 PM CDT
MAY 31 2017...........SUNRISE   607 AM CDT   SUNSET   820 PM CDT


-  INDICATES NEGATIVE NUMBERS.
R  INDICATES RECORD WAS SET OR TIED.
MM INDICATES DATA IS MISSING.
T  INDICATES TRACE AMOUNT.




$$
