000
CDUS44 KSHV 240736
CLITXK


CLIMATE REPORT
NATIONAL WEATHER SERVICE SHREVEPORT, LA
236 AM CDT SUN SEP 24 2017


...................................

...THE TEXARKANA CLIMATE SUMMARY FOR SEPTEMBER 23 2017...

CLIMATE NORMAL PERIOD 1981 TO 2010
CLIMATE RECORD PERIOD 1896 TO 2017


WEATHER ITEM   OBSERVED TIME   RECORD YEAR NORMAL DEPARTURE LAST
                VALUE   (LST)  VALUE       VALUE  FROM      YEAR
                                                  NORMAL
..................................................................
TEMPERATURE (F)
 YESTERDAY
  MAXIMUM         93    251 PM  99    1936  84      9       93
  MINIMUM         68    616 AM  40    1897  61      7       69
  AVERAGE         81                        72      9       81

PRECIPITATION (IN)
  YESTERDAY        0.00          3.27 1955   0.11  -0.11     0.00
  MONTH TO DATE    1.00                      2.59  -1.59     0.50
  SINCE DEC 1     46.57                     39.06   7.51    45.24
  SINCE JAN 1     40.15                     34.01   6.14    39.26

SNOWFALL (IN)
  YESTERDAY        0.0
  MONTH TO DATE    0.0
  SINCE SEP 1      0.0
  SINCE JUL 1      0.0
  SNOW DEPTH       0

DEGREE DAYS
 HEATING
  YESTERDAY        0                         1     -1        0
  MONTH TO DATE    0                         2     -2        0
  SINCE SEP 1      0                         2     -2        0
  SINCE JUL 1      0                         2     -2        0

 COOLING
  YESTERDAY       16                         8      8       16
  MONTH TO DATE  232                       259    -27      346
  SINCE SEP 1    232                       259    -27      346
  SINCE JAN 1   1936                      2047   -111     2286
..................................................................


WIND (MPH)
  HIGHEST WIND SPEED    12   HIGHEST WIND DIRECTION    SE (150)
  HIGHEST GUST SPEED    15   HIGHEST GUST DIRECTION     E (110)
  AVERAGE WIND SPEED     4.2


SKY COVER
  POSSIBLE SUNSHINE  MM
  AVERAGE SKY COVER 0.0


WEATHER CONDITIONS
 THE FOLLOWING WEATHER WAS RECORDED YESTERDAY.
  FOG


RELATIVE HUMIDITY (PERCENT)
 HIGHEST   100           500 AM
 LOWEST     41           200 PM
 AVERAGE    71

..........................................................


THE TEXARKANA CLIMATE NORMALS FOR TODAY
                         NORMAL    RECORD    YEAR
 MAXIMUM TEMPERATURE (F)   84       101      1939
 MINIMUM TEMPERATURE (F)   60        41      1989


SUNRISE AND SUNSET
SEPTEMBER 24 2017.....SUNRISE   706 AM CDT   SUNSET   710 PM CDT
SEPTEMBER 25 2017.....SUNRISE   706 AM CDT   SUNSET   708 PM CDT


-  INDICATES NEGATIVE NUMBERS.
R  INDICATES RECORD WAS SET OR TIED.
MM INDICATES DATA IS MISSING.
T  INDICATES TRACE AMOUNT.




$$
