000
CDUS44 KSHV 200749
CLITXK


CLIMATE REPORT
NATIONAL WEATHER SERVICE SHREVEPORT, LA
248 AM CDT SAT SEP 20 2014


...................................

...THE TEXARKANA CLIMATE SUMMARY FOR SEPTEMBER 19 2014...

CLIMATE NORMAL PERIOD 1981 TO 2010
CLIMATE RECORD PERIOD 1896 TO 2014


WEATHER ITEM   OBSERVED TIME   RECORD YEAR NORMAL DEPARTURE LAST
                VALUE   (LST)  VALUE       VALUE  FROM      YEAR
                                                  NORMAL
..................................................................
TEMPERATURE (F)
 YESTERDAY
  MAXIMUM         83    447 PM 101    1936  85     -2       96
  MINIMUM         68    850 AM  45    1903  62      6       75
  AVERAGE         76                        74      2       86

PRECIPITATION (IN)
  YESTERDAY        0.00          1.38 1958   0.09  -0.09      T
  MONTH TO DATE    2.05                      2.17  -0.12     0.14
  SINCE DEC 1     32.81                     38.64  -5.83    24.18
  SINCE JAN 1     26.98                     33.59  -6.61    19.72

SNOWFALL (IN)
  YESTERDAY        0.0
  MONTH TO DATE    0.0
  SINCE SEP 1      0.0
  SINCE JUL 1      0.0
  SNOW DEPTH       0

DEGREE DAYS
 HEATING
  YESTERDAY        0                         0      0        0
  MONTH TO DATE    3                         0      3        0
  SINCE SEP 1      3                         0      3        0
  SINCE JUL 1      3                         0      3        0

 COOLING
  YESTERDAY       11                         9      2       21
  MONTH TO DATE  262                       226     36      344
  SINCE SEP 1    262                       226     36      344
  SINCE JAN 1   1913                      2014   -101     2159
..................................................................


WIND (MPH)
  HIGHEST WIND SPEED    10   HIGHEST WIND DIRECTION    NE (40)
  HIGHEST GUST SPEED    14   HIGHEST GUST DIRECTION    NE (50)
  AVERAGE WIND SPEED     4.5


SKY COVER
  POSSIBLE SUNSHINE  MM
  AVERAGE SKY COVER 0.6


WEATHER CONDITIONS
 THE FOLLOWING WEATHER WAS RECORDED YESTERDAY.
  FOG
  FOG W/VISIBILITY <= 1/4 MILE


RELATIVE HUMIDITY (PERCENT)
 HIGHEST   100          1200 AM
 LOWEST     69           300 PM
 AVERAGE    85

..........................................................


THE TEXARKANA CLIMATE NORMALS FOR TODAY
                         NORMAL    RECORD    YEAR
 MAXIMUM TEMPERATURE (F)   85       103      1936
 MINIMUM TEMPERATURE (F)   62        42      1918


SUNRISE AND SUNSET
SEPTEMBER 20 2014.....SUNRISE   703 AM CDT   SUNSET   715 PM CDT
SEPTEMBER 21 2014.....SUNRISE   703 AM CDT   SUNSET   714 PM CDT


-  INDICATES NEGATIVE NUMBERS.
R  INDICATES RECORD WAS SET OR TIED.
MM INDICATES DATA IS MISSING.
T  INDICATES TRACE AMOUNT.




$$
