000
CDUS44 KSHV 252238
CLITYR


CLIMATE REPORT
NATIONAL WEATHER SERVICE SHREVEPORT, LA
437 PM CST SUN FEB 25 2018


...................................

...THE TYLER CLIMATE SUMMARY FOR FEBRUARY 25 2018...
VALID TODAY AS OF 0400 PM LOCAL TIME.

CLIMATE NORMAL PERIOD 1981 TO 2010
CLIMATE RECORD PERIOD 1896 TO 2018


WEATHER ITEM   OBSERVED TIME   RECORD YEAR NORMAL DEPARTURE LAST
                VALUE   (LST)  VALUE       VALUE  FROM      YEAR
                                                  NORMAL
..................................................................
TEMPERATURE (F)
 TODAY
  MAXIMUM         60    236 PM  89    1918  63     -3       57
  MINIMUM         51    640 AM  18    1960  43      8       36
  AVERAGE         56                        53      3       47

PRECIPITATION (IN)
  TODAY            0.00          1.97 2006   0.15  -0.15     0.00
  MONTH TO DATE    7.22                      3.36   3.86     2.25
  SINCE DEC 1     13.78                     10.66   3.12    10.44
  SINCE JAN 1      8.49                      6.42   2.07     7.79

SNOWFALL (IN)
  TODAY            0.0
  MONTH TO DATE    0.2
  SINCE DEC 1      1.5
  SINCE JUL 1      1.5
  SNOW DEPTH       0

DEGREE DAYS
 HEATING
  TODAY            9                        13     -4       18
  MONTH TO DATE  349                       377    -28      161
  SINCE DEC 1   1517                      1481     36      941
  SINCE JUL 1   1789                      1855    -66     1072

 COOLING
  TODAY            0                         0      0        0
  MONTH TO DATE   16                         0     16       36
  SINCE DEC 1     25                        10     15       77
  SINCE JAN 1     19                         4     15       55
..................................................................


WIND (MPH)
  HIGHEST WIND SPEED    20   HIGHEST WIND DIRECTION    SE (120)
  HIGHEST GUST SPEED    25   HIGHEST GUST DIRECTION     E (110)
  AVERAGE WIND SPEED     7.2


SKY COVER
  POSSIBLE SUNSHINE  MM
  AVERAGE SKY COVER 0.4


WEATHER CONDITIONS
 THE FOLLOWING WEATHER WAS RECORDED TODAY.
  NO SIGNIFICANT WEATHER WAS OBSERVED.


RELATIVE HUMIDITY (PERCENT)
 HIGHEST   100          1200 AM
 LOWEST     53           200 PM
 AVERAGE    77

..........................................................


THE TYLER CLIMATE NORMALS FOR TOMORROW
                         NORMAL    RECORD    YEAR
 MAXIMUM TEMPERATURE (F)   63        87      1986
 MINIMUM TEMPERATURE (F)   43        18      1960


SUNRISE AND SUNSET
FEBRUARY 25 2018......SUNRISE   654 AM CST   SUNSET   616 PM CST
FEBRUARY 26 2018......SUNRISE   652 AM CST   SUNSET   617 PM CST


-  INDICATES NEGATIVE NUMBERS.
R  INDICATES RECORD WAS SET OR TIED.
MM INDICATES DATA IS MISSING.
T  INDICATES TRACE AMOUNT.




$$
