000
CDUS44 KSHV 230750
CLITYR


CLIMATE REPORT
NATIONAL WEATHER SERVICE SHREVEPORT, LA
250 AM CDT SAT AUG 23 2014


...................................

...THE TYLER CLIMATE SUMMARY FOR AUGUST 22 2014...

CLIMATE NORMAL PERIOD 1981 TO 2010
CLIMATE RECORD PERIOD 1896 TO 2014


WEATHER ITEM   OBSERVED TIME   RECORD YEAR NORMAL DEPARTURE LAST
                VALUE   (LST)  VALUE       VALUE  FROM      YEAR
                                                  NORMAL
..................................................................
TEMPERATURE (F)
 YESTERDAY
  MAXIMUM         98    244 PM 107    1921  93      5       98
  MINIMUM         76    450 AM  51    1956  73      3       75
  AVERAGE         87                        83      4       87

PRECIPITATION (IN)
  YESTERDAY        0.00          2.09 1941   0.11  -0.11     0.02
  MONTH TO DATE    0.04                      1.91  -1.87     0.23
  SINCE DEC 1     24.35                     32.55  -8.20    22.50
  SINCE JAN 1     21.33                     28.31  -6.98    19.61

SNOWFALL (IN)
  YESTERDAY        0.0
  MONTH TO DATE    0.0
  SINCE JUN 1      0.0
  SINCE JUL 1      0.0
  SNOW DEPTH       0

DEGREE DAYS
 HEATING
  YESTERDAY        0                         0      0        0
  MONTH TO DATE    0                         0      0        0
  SINCE JUN 1      0                         0      0        0
  SINCE JUL 1      0                         0      0        0

 COOLING
  YESTERDAY       22                        18      4       22
  MONTH TO DATE  405                       413     -8      457
  SINCE JUN 1   1392                      1402    -10     1522
  SINCE JAN 1   1785                      1771     14     1919
..................................................................


WIND (MPH)
  HIGHEST WIND SPEED    15   HIGHEST WIND DIRECTION    SW (220)
  HIGHEST GUST SPEED    21   HIGHEST GUST DIRECTION    SW (210)
  AVERAGE WIND SPEED     9.4


SKY COVER
  POSSIBLE SUNSHINE  MM
  AVERAGE SKY COVER 0.1


WEATHER CONDITIONS
 THE FOLLOWING WEATHER WAS RECORDED YESTERDAY.
  NO SIGNIFICANT WEATHER WAS OBSERVED.


RELATIVE HUMIDITY (PERCENT)
 HIGHEST    85           200 AM
 LOWEST     38           500 PM
 AVERAGE    62

..........................................................


THE TYLER CLIMATE NORMALS FOR TODAY
                         NORMAL    RECORD    YEAR
 MAXIMUM TEMPERATURE (F)   92       108      1921
 MINIMUM TEMPERATURE (F)   73        52      1956


SUNRISE AND SUNSET
AUGUST 23 2014........SUNRISE   651 AM CDT   SUNSET   757 PM CDT
AUGUST 24 2014........SUNRISE   652 AM CDT   SUNSET   756 PM CDT


-  INDICATES NEGATIVE NUMBERS.
R  INDICATES RECORD WAS SET OR TIED.
MM INDICATES DATA IS MISSING.
T  INDICATES TRACE AMOUNT.




$$
