573
CDUS44 KSHV 240743
CLITYR


CLIMATE REPORT
NATIONAL WEATHER SERVICE SHREVEPORT, LA
242 AM CDT TUE MAY 24 2016


...................................

...THE TYLER CLIMATE SUMMARY FOR MAY 23 2016...

CLIMATE NORMAL PERIOD 1981 TO 2010
CLIMATE RECORD PERIOD 1896 TO 2016


WEATHER ITEM   OBSERVED TIME   RECORD YEAR NORMAL DEPARTURE LAST
                VALUE   (LST)  VALUE       VALUE  FROM      YEAR
                                                  NORMAL
..................................................................
TEMPERATURE (F)
 YESTERDAY
  MAXIMUM         87    403 PM  98    1925  84      3       85
  MINIMUM         69    436 AM  47    1963  66      3       68
  AVERAGE         78                        75      3       77

PRECIPITATION (IN)
  YESTERDAY        0.00          2.92 1952   0.14  -0.14     0.14
  MONTH TO DATE    1.61                      3.43  -1.82     6.51
  SINCE DEC 1     30.45                     21.83   8.62    31.01
  SINCE JAN 1     20.68                     17.59   3.09    29.54

SNOWFALL (IN)
  YESTERDAY        0.0
  MONTH TO DATE    0.0
  SINCE MAR 1      0.0
  SINCE JUL 1      0.0
  SNOW DEPTH       0

DEGREE DAYS
 HEATING
  YESTERDAY        0                         0      0        0
  MONTH TO DATE   12                         6      6        0
  SINCE MAR 1    158                       376   -218      307
  SINCE JUL 1   1467                      2268   -801     2194

 COOLING
  YESTERDAY       13                        10      3       12
  MONTH TO DATE  161                       170     -9      203
  SINCE MAR 1    338                       270     68      376
  SINCE JAN 1    348                       282     66      376
..................................................................


WIND (MPH)
  HIGHEST WIND SPEED    22   HIGHEST WIND DIRECTION    SE (140)
  HIGHEST GUST SPEED    28   HIGHEST GUST DIRECTION    SE (140)
  AVERAGE WIND SPEED     9.2


SKY COVER
  POSSIBLE SUNSHINE  MM
  AVERAGE SKY COVER 0.4


WEATHER CONDITIONS
 THE FOLLOWING WEATHER WAS RECORDED YESTERDAY.
  THUNDERSTORM
  HAZE


RELATIVE HUMIDITY (PERCENT)
 HIGHEST    90           600 AM
 LOWEST     55           200 PM
 AVERAGE    73

..........................................................


THE TYLER CLIMATE NORMALS FOR TODAY
                         NORMAL    RECORD    YEAR
 MAXIMUM TEMPERATURE (F)   84        96      1941
 MINIMUM TEMPERATURE (F)   66        47      1910


SUNRISE AND SUNSET
MAY 24 2016...........SUNRISE   618 AM CDT   SUNSET   819 PM CDT
MAY 25 2016...........SUNRISE   618 AM CDT   SUNSET   820 PM CDT


-  INDICATES NEGATIVE NUMBERS.
R  INDICATES RECORD WAS SET OR TIED.
MM INDICATES DATA IS MISSING.
T  INDICATES TRACE AMOUNT.




$$
