000
CDUS44 KSHV 262145
CLITYR


CLIMATE REPORT
NATIONAL WEATHER SERVICE SHREVEPORT, LA
445 PM CDT TUE SEP 26 2017


...................................

...THE TYLER CLIMATE SUMMARY FOR SEPTEMBER 26 2017...
VALID TODAY AS OF 0400 PM LOCAL TIME.

CLIMATE NORMAL PERIOD 1981 TO 2010
CLIMATE RECORD PERIOD 1896 TO 2017


WEATHER ITEM   OBSERVED TIME   RECORD YEAR NORMAL DEPARTURE LAST
                VALUE   (LST)  VALUE       VALUE  FROM      YEAR
                                                  NORMAL
..................................................................
TEMPERATURE (F)
 TODAY
  MAXIMUM         92    207 PM 100    2005  84      8       76
                                      1939
  MINIMUM         69    640 AM  43    1956  62      7       69
  AVERAGE         81                        73      8       73

PRECIPITATION (IN)
  TODAY            0.00          2.32 1960   0.11  -0.11      T
  MONTH TO DATE    0.18                      2.94  -2.76     0.16
  SINCE DEC 1     34.50                     36.44  -1.94    41.37
  SINCE JAN 1     31.85                     32.20  -0.35    31.60

DEGREE DAYS
 HEATING
  TODAY            0                         0      0        0
  MONTH TO DATE    0                         0      0        0
  SINCE SEP 1      0                         0      0        0
  SINCE JUL 1      0                         0      0        0

 COOLING
  TODAY           16                         8      8        8
  MONTH TO DATE  323                       311     12      458
  SINCE SEP 1    323                       311     12      458
  SINCE JAN 1   2457                      2233    224     2757
..................................................................


WIND (MPH)
  HIGHEST WIND SPEED    12   HIGHEST WIND DIRECTION     E (90)
  HIGHEST GUST SPEED    14   HIGHEST GUST DIRECTION    SE (150)
  AVERAGE WIND SPEED     3.5


SKY COVER
  POSSIBLE SUNSHINE  MM
  AVERAGE SKY COVER 0.1


WEATHER CONDITIONS
 THE FOLLOWING WEATHER WAS RECORDED TODAY.
  NO SIGNIFICANT WEATHER WAS OBSERVED.


RELATIVE HUMIDITY (PERCENT)
 HIGHEST    90           100 AM
 LOWEST     36           100 PM
 AVERAGE    63

..........................................................


THE TYLER CLIMATE NORMALS FOR TOMORROW
                         NORMAL    RECORD    YEAR
 MAXIMUM TEMPERATURE (F)   83        99      1953
 MINIMUM TEMPERATURE (F)   62        39      1942


SUNRISE AND SUNSET
SEPTEMBER 26 2017.....SUNRISE   713 AM CDT   SUNSET   713 PM CDT
SEPTEMBER 27 2017.....SUNRISE   713 AM CDT   SUNSET   711 PM CDT


-  INDICATES NEGATIVE NUMBERS.
R  INDICATES RECORD WAS SET OR TIED.
MM INDICATES DATA IS MISSING.
T  INDICATES TRACE AMOUNT.




$$
