000
CDUS44 KSHV 272337
CLITYR


CLIMATE REPORT
NATIONAL WEATHER SERVICE SHREVEPORT, LA
509 PM CDT THU AUG 27 2015


...................................

...THE TYLER CLIMATE SUMMARY FOR AUGUST 27 2015...
VALID TODAY AS OF 0500 PM LOCAL TIME.

CLIMATE NORMAL PERIOD 1981 TO 2010
CLIMATE RECORD PERIOD 1896 TO 2015


WEATHER ITEM   OBSERVED TIME   RECORD YEAR NORMAL DEPARTURE LAST
                VALUE   (LST)  VALUE       VALUE  FROM      YEAR
                                                  NORMAL
..................................................................
TEMPERATURE (F)
 TODAY
  MAXIMUM         89    248 PM 105    2011  92     -3       96
  MINIMUM         67    613 AM  58    1970  72     -5       74
  AVERAGE         78                        82     -4       85

PRECIPITATION (IN)
  TODAY            0.00          4.53 1946   0.09  -0.09     0.00
  MONTH TO DATE    2.01                      2.42  -0.41     0.04
  SINCE DEC 1     41.98                     33.06   8.92    24.34
  SINCE JAN 1     40.51                     28.82  11.69    21.32

DEGREE DAYS
 HEATING
  TODAY            0                         0      0        0
  MONTH TO DATE    0                         0      0        0
  SINCE JUN 1      0                         0      0        0
  SINCE JUL 1      0                         0      0        0

 COOLING
  TODAY           13                        17     -4       20
  MONTH TO DATE  561                       499     62      510
  SINCE JUN 1   1739                      1488    251     1497
  SINCE JAN 1   2201                      1857    344     1890
..................................................................


WIND (MPH)
  HIGHEST WIND SPEED     9   HIGHEST WIND DIRECTION    SE (140)
  HIGHEST GUST SPEED    14   HIGHEST GUST DIRECTION     S (160)
  AVERAGE WIND SPEED     2.3


SKY COVER
  POSSIBLE SUNSHINE  MM
  AVERAGE SKY COVER 0.0


WEATHER CONDITIONS
 THE FOLLOWING WEATHER WAS RECORDED TODAY.
  NO SIGNIFICANT WEATHER WAS OBSERVED.


RELATIVE HUMIDITY (PERCENT)
 HIGHEST    87           600 AM
 LOWEST     42           100 PM
 AVERAGE    65

..........................................................


THE TYLER CLIMATE NORMALS FOR TOMORROW
                         NORMAL    RECORD    YEAR
 MAXIMUM TEMPERATURE (F)   91       106      2011
 MINIMUM TEMPERATURE (F)   72        56      1992


SUNRISE AND SUNSET
AUGUST 27 2015........SUNRISE   653 AM CDT   SUNSET   752 PM CDT
AUGUST 28 2015........SUNRISE   654 AM CDT   SUNSET   751 PM CDT


-  INDICATES NEGATIVE NUMBERS.
R  INDICATES RECORD WAS SET OR TIED.
MM INDICATES DATA IS MISSING.
T  INDICATES TRACE AMOUNT.




$$
