000
CDUS44 KMRX 230857
CLITYS


CLIMATE REPORT
NATIONAL WEATHER SERVICE MORRISTOWN TN
357 AM EST THU FEB 23 2017


...................................

...THE KNOXVILLE    ASOS CLIMATE SUMMARY FOR FEBRUARY 22 2017...

CLIMATE NORMAL PERIOD 1981 TO 2010
CLIMATE RECORD PERIOD 1871 TO 2017


WEATHER ITEM   OBSERVED TIME   RECORD YEAR NORMAL DEPARTURE LAST
                VALUE   (LST)  VALUE       VALUE  FROM      YEAR
                                                  NORMAL
..................................................................
TEMPERATURE (F)
 YESTERDAY
  MAXIMUM         64    245 PM  76    1980  54     10       61
                                      1874
  MINIMUM         53   1159 PM   5    1963  34     19       51
  AVERAGE         59                        44     15       56

PRECIPITATION (IN)
  YESTERDAY        0.10          2.10 1961   0.16  -0.06     0.63
  MONTH TO DATE    1.83                      3.35  -1.52     5.76
  SINCE DEC 1     12.16                     12.17  -0.01    16.36
  SINCE JAN 1      5.20                      7.67  -2.47     8.52

SNOWFALL (IN)
  YESTERDAY        0.0                       0.0    0.0      0.0
  MONTH TO DATE    T                         1.3   -1.3      2.5
  SINCE DEC 1      2.3                       4.8   -2.5      5.1
  SINCE JUL 1      2.3                       4.8   -2.5      5.1
  SNOW DEPTH       0

DEGREE DAYS
 HEATING
  YESTERDAY        6                        21    -15        9
  MONTH TO DATE  355                       515   -160      521
  SINCE DEC 1   1580                      2096   -516     1797
  SINCE JUL 1   1984                      2777   -793     2307

 COOLING
  YESTERDAY        0                         0      0        0
  MONTH TO DATE    0                         0      0        0
  SINCE DEC 1      0                         0      0        5
  SINCE JAN 1      0                         0      0        0
..................................................................


WIND (MPH)
  HIGHEST WIND SPEED    12   HIGHEST WIND DIRECTION    NE (30)
  HIGHEST GUST SPEED    13   HIGHEST GUST DIRECTION     N (340)
  AVERAGE WIND SPEED     5.1


SKY COVER
  POSSIBLE SUNSHINE  MM
  AVERAGE SKY COVER 0.9


WEATHER CONDITIONS
 THE FOLLOWING WEATHER WAS RECORDED YESTERDAY.
  LIGHT RAIN
  FOG
  FOG W/VISIBILITY <= 1/4 MILE


RELATIVE HUMIDITY (PERCENT)
 HIGHEST    93          1100 AM
 LOWEST     77           100 AM
 AVERAGE    85

..........................................................


THE KNOXVILLE    ASOS CLIMATE NORMALS FOR TODAY
                         NORMAL    RECORD    YEAR
 MAXIMUM TEMPERATURE (F)   55        83      1996
 MINIMUM TEMPERATURE (F)   34        13      1963


SUNRISE AND SUNSET
FEBRUARY 23 2017......SUNRISE   713 AM EST   SUNSET   626 PM EST
FEBRUARY 24 2017......SUNRISE   712 AM EST   SUNSET   627 PM EST


-  INDICATES NEGATIVE NUMBERS.
R  INDICATES RECORD WAS SET OR TIED.
MM INDICATES DATA IS MISSING.
T  INDICATES TRACE AMOUNT.




$$
