175
CDUS44 KMRX 070913
CLITYS


CLIMATE REPORT
NATIONAL WEATHER SERVICE MORRISTOWN TN
413 AM EST SUN FEB 7 2016


...................................

...THE KNOXVILLE    ASOS CLIMATE SUMMARY FOR FEBRUARY 6 2016...

CLIMATE NORMAL PERIOD 1981 TO 2010
CLIMATE RECORD PERIOD 1871 TO 2016


WEATHER ITEM   OBSERVED TIME   RECORD YEAR NORMAL DEPARTURE LAST
                VALUE   (LST)  VALUE       VALUE  FROM      YEAR
                                                  NORMAL
..................................................................
TEMPERATURE (F)
 YESTERDAY
  MAXIMUM         49    223 PM  73    1986  50     -1       46
  MINIMUM         27    809 AM   5    1996  31     -4       15
  AVERAGE         38                        40     -2       31

PRECIPITATION (IN)
  YESTERDAY        0.00          1.75 2004   0.15  -0.15     0.00
  MONTH TO DATE    3.09                      0.92   2.17     0.65
  SINCE DEC 1     13.70                      9.74   3.96     8.28
  SINCE JAN 1      5.86                      5.24   0.62     4.04

SNOWFALL (IN)
  YESTERDAY        0.0                       0.1   -0.1      0.0
  MONTH TO DATE    0.0                       0.5   -0.5       T
  SINCE DEC 1      2.6                       4.0   -1.4      1.1
  SINCE JUL 1      2.6                       4.0   -1.4      1.1
  SNOW DEPTH       0

DEGREE DAYS
 HEATING
  YESTERDAY       27                        25      2       34
  MONTH TO DATE   97                       151    -54      169
  SINCE DEC 1   1373                      1732   -359     1694
  SINCE JUL 1   1883                      2413   -530     2520

 COOLING
  YESTERDAY        0                         0      0        0
  MONTH TO DATE    0                         0      0        0
  SINCE DEC 1      5                         0      5        0
  SINCE JAN 1      0                         0      0        0
..................................................................


WIND (MPH)
  HIGHEST WIND SPEED    10   HIGHEST WIND DIRECTION     N (360)
  HIGHEST GUST SPEED    13   HIGHEST GUST DIRECTION     N (20)
  AVERAGE WIND SPEED     3.3


SKY COVER
  POSSIBLE SUNSHINE  MM
  AVERAGE SKY COVER 0.6


WEATHER CONDITIONS
 THE FOLLOWING WEATHER WAS RECORDED YESTERDAY.
  NO SIGNIFICANT WEATHER WAS OBSERVED.


RELATIVE HUMIDITY (PERCENT)
 HIGHEST    81           600 AM
 LOWEST     23           200 PM
 AVERAGE    52

..........................................................


THE KNOXVILLE    ASOS CLIMATE NORMALS FOR TODAY
                         NORMAL    RECORD    YEAR
 MAXIMUM TEMPERATURE (F)   50        71      1925
 MINIMUM TEMPERATURE (F)   31         3      1984


SUNRISE AND SUNSET
FEBRUARY  7 2016......SUNRISE   731 AM EST   SUNSET   609 PM EST
FEBRUARY  8 2016......SUNRISE   731 AM EST   SUNSET   610 PM EST


-  INDICATES NEGATIVE NUMBERS.
R  INDICATES RECORD WAS SET OR TIED.
MM INDICATES DATA IS MISSING.
T  INDICATES TRACE AMOUNT.




$$
