000
CDUS44 KMRX 180827
CLITYS


CLIMATE REPORT
NATIONAL WEATHER SERVICE MORRISTOWN TN
427 AM EDT WED OCT 18 2017


...................................

...THE KNOXVILLE    ASOS CLIMATE SUMMARY FOR OCTOBER 17 2017...

CLIMATE NORMAL PERIOD 1981 TO 2010
CLIMATE RECORD PERIOD 1871 TO 2017


WEATHER ITEM   OBSERVED TIME   RECORD YEAR NORMAL DEPARTURE LAST
                VALUE   (LST)  VALUE       VALUE  FROM      YEAR
                                                  NORMAL
..................................................................
TEMPERATURE (F)
 YESTERDAY
  MAXIMUM         67    420 PM  85    2007  71     -4       83
                                      1897
                                      1881
  MINIMUM         42    659 AM  25    1876  48     -6       57
  AVERAGE         55                        59     -4       70

PRECIPITATION (IN)
  YESTERDAY        0.00          1.73 1879   0.07  -0.07     0.00
  MONTH TO DATE    2.76                      1.33   1.43      T
  SINCE SEP 1      5.19                      4.57   0.62     1.42
  SINCE JAN 1     42.71                     38.17   4.54    32.24

SNOWFALL (IN)
  YESTERDAY        0.0                       0.0    0.0      0.0
  MONTH TO DATE    0.0                       0.0    0.0      0.0
  SINCE SEP 1      0.0                       0.0    0.0      0.0
  SINCE JUL 1      0.0                       0.0    0.0      0.0
  SNOW DEPTH       0

DEGREE DAYS
 HEATING
  YESTERDAY       10                         6      4        0
  MONTH TO DATE   23                        75    -52       12
  SINCE SEP 1     38                        98    -60       16
  SINCE JUL 1     38                        98    -60       16

 COOLING
  YESTERDAY        0                         1     -1        5
  MONTH TO DATE   89                        28     61       55
  SINCE SEP 1    264                       234     30      417
  SINCE JAN 1   1552                      1515     37     2067
..................................................................


WIND (MPH)
  HIGHEST WIND SPEED    13   HIGHEST WIND DIRECTION    NE (30)
  HIGHEST GUST SPEED    18   HIGHEST GUST DIRECTION    NE (50)
  AVERAGE WIND SPEED     4.7


SKY COVER
  POSSIBLE SUNSHINE  MM
  AVERAGE SKY COVER 0.1


WEATHER CONDITIONS
 THE FOLLOWING WEATHER WAS RECORDED YESTERDAY.
  NO SIGNIFICANT WEATHER WAS OBSERVED.


RELATIVE HUMIDITY (PERCENT)
 HIGHEST   100           600 AM
 LOWEST     40           400 PM
 AVERAGE    70

..........................................................


THE KNOXVILLE    ASOS CLIMATE NORMALS FOR TODAY
                         NORMAL    RECORD    YEAR
 MAXIMUM TEMPERATURE (F)   71        86      1938
 MINIMUM TEMPERATURE (F)   48        30      1943


SUNRISE AND SUNSET
OCTOBER 18 2017.......SUNRISE   745 AM EDT   SUNSET   656 PM EDT
OCTOBER 19 2017.......SUNRISE   746 AM EDT   SUNSET   655 PM EDT


-  INDICATES NEGATIVE NUMBERS.
R  INDICATES RECORD WAS SET OR TIED.
MM INDICATES DATA IS MISSING.
T  INDICATES TRACE AMOUNT.




$$
