079
CDUS44 KMRX 062116
CLITYS


CLIMATE REPORT
NATIONAL WEATHER SERVICE MORRISTOWN TN
515 PM EDT FRI MAY 6 2016


...................................

...THE KNOXVILLE    ASOS CLIMATE SUMMARY FOR MAY 6 2016...
VALID TODAY AS OF 0500 PM LOCAL TIME.

CLIMATE NORMAL PERIOD 1981 TO 2010
CLIMATE RECORD PERIOD 1871 TO 2016


WEATHER ITEM   OBSERVED TIME   RECORD YEAR NORMAL DEPARTURE LAST
                VALUE   (LST)  VALUE       VALUE  FROM      YEAR
                                                  NORMAL
..................................................................
TEMPERATURE (F)
 TODAY
  MAXIMUM         70    325 PM  89    1949  76     -6       85
  MINIMUM         45    604 AM  38    1891  53     -8       59
  AVERAGE         58                        64     -6       72

PRECIPITATION (IN)
  TODAY            0.00          2.33 1984   0.15  -0.15     0.00
  MONTH TO DATE    0.75                      0.90  -0.15      T
  SINCE MAR 1      6.07                      9.25  -3.18     8.58
  SINCE JAN 1     15.95                     17.83  -1.88    15.72

SNOWFALL (IN)
  TODAY            0.0                       0.0    0.0      0.0
  MONTH TO DATE    0.0                       0.0    0.0      0.0
  SINCE MAR 1      0.0                       1.4   -1.4       T
  SINCE JUL 1      5.2                       6.5   -1.3      9.3
  SNOW DEPTH       0

DEGREE DAYS
 HEATING
  TODAY            7                         3      4        0
  MONTH TO DATE   28                        20      8       22
  SINCE MAR 1    498                       699   -201      572
  SINCE JUL 1   2931                      3595   -664     3837

 COOLING
  TODAY            0                         2     -2        7
  MONTH TO DATE   13                        12      1       14
  SINCE MAR 1     86                        49     37       39
  SINCE JAN 1     86                        49     37       39
..................................................................


WIND (MPH)
  HIGHEST WIND SPEED    18   HIGHEST WIND DIRECTION    NW (320)
  HIGHEST GUST SPEED    25   HIGHEST GUST DIRECTION    NW (330)
  AVERAGE WIND SPEED     8.3


SKY COVER
  POSSIBLE SUNSHINE  MM
  AVERAGE SKY COVER 0.5


WEATHER CONDITIONS
 THE FOLLOWING WEATHER WAS RECORDED TODAY.
  NO SIGNIFICANT WEATHER WAS OBSERVED.


RELATIVE HUMIDITY (PERCENT)
 HIGHEST    93           700 AM
 LOWEST     31           400 PM
 AVERAGE    62

..........................................................


THE KNOXVILLE    ASOS CLIMATE NORMALS FOR TOMORROW
                         NORMAL    RECORD    YEAR
 MAXIMUM TEMPERATURE (F)   76        92      1940
 MINIMUM TEMPERATURE (F)   54        37      1989


SUNRISE AND SUNSET
MAY  6 2016...........SUNRISE   638 AM EDT   SUNSET   827 PM EDT
MAY  7 2016...........SUNRISE   637 AM EDT   SUNSET   828 PM EDT


-  INDICATES NEGATIVE NUMBERS.
R  INDICATES RECORD WAS SET OR TIED.
MM INDICATES DATA IS MISSING.
T  INDICATES TRACE AMOUNT.




$$
