000
CDUS44 KMRX 111214
CLITYS

CLIMATE REPORT NATIONAL WEATHER SERVICE MORRISTOWN TN
814 AM EDT FRI JUL 11 2014

...................................

...THE KNOXVILLE CLIMATE SUMMARY FOR JULY 10 2014...

CLIMATE NORMAL PERIOD 1981 TO 2010
CLIMATE RECORD PERIOD 1871 TO 2014


WEATHER ITEM   OBSERVED TIME   RECORD YEAR NORMAL DEPARTURE LAST
                VALUE   (LST)  VALUE       VALUE  FROM      YEAR
                                                  NORMAL
..................................................................
TEMPERATURE (F)
 YESTERDAY
  MAXIMUM         86    408 PM 101    1936  88     -2       88
  MINIMUM         67    300 AM  51    1961  69     -2       72
  AVERAGE         77                        78     -1       80

PRECIPITATION (IN)
  YESTERDAY        0.00          2.34 1939   0.16  -0.16     0.35
  MONTH TO DATE    0.30                      1.67  -1.37     5.27
  SINCE JUN 1      4.85                      5.48  -0.63    14.65
  SINCE JAN 1     20.88                     26.92  -6.04    46.07

SNOWFALL (IN)
  YESTERDAY        0.0                       0.0    0.0      0.0
  MONTH TO DATE    0.0                       0.0    0.0      0.0
  SINCE JUN 1      0.0                       0.0    0.0      0.0
  SINCE JUL 1      0.0                       0.0    0.0      0.0
  SNOW DEPTH       0

DEGREE DAYS
 HEATING
  YESTERDAY        0                         0      0        0
  MONTH TO DATE    0                         0      0        0
  SINCE JUN 1      0                         4     -4        0
  SINCE JUL 1      0                         0      0        0

 COOLING
  YESTERDAY       12                        13     -1       15
  MONTH TO DATE  115                       130    -15       98
  SINCE JUN 1    445                       435     10      418
  SINCE JAN 1    650                       597     53      574
..................................................................


WIND (MPH)
  HIGHEST WIND SPEED    14   HIGHEST WIND DIRECTION    NE (30)
  HIGHEST GUST SPEED    17   HIGHEST GUST DIRECTION    NE (30)
  AVERAGE WIND SPEED     3.4


SKY COVER
  POSSIBLE SUNSHINE  MM
  AVERAGE SKY COVER  MM


WEATHER CONDITIONS
 THE FOLLOWING WEATHER WAS RECORDED YESTERDAY.
  FOG


RELATIVE HUMIDITY (PERCENT)
 HIGHEST   100           300 AM
 LOWEST     51           200 PM
 AVERAGE    76

..........................................................


THE KNOXVILLE    ASOS CLIMATE NORMALS FOR TODAY
                         NORMAL    RECORD    YEAR
 MAXIMUM TEMPERATURE (F)   88        99      1881
 MINIMUM TEMPERATURE (F)   69        54      1963


SUNRISE AND SUNSET
JULY 11 2014..........SUNRISE   629 AM EDT   SUNSET   854 PM EDT
JULY 12 2014..........SUNRISE   629 AM EDT   SUNSET   854 PM EDT


-  INDICATES NEGATIVE NUMBERS.
R  INDICATES RECORD WAS SET OR TIED.
MM INDICATES DATA IS MISSING.
T  INDICATES TRACE AMOUNT.

&&

THE LOW TEMPERATURE THIS MORNING WAS 65.
THERE HAS BEEN NO PRECIPITATION SINCE MIDNIGHT.

$$
