547
CDUS44 KMRX 220919
CLITYS


CLIMATE REPORT
NATIONAL WEATHER SERVICE MORRISTOWN TN
419 AM EST SUN JAN 22 2017


...................................

...THE KNOXVILLE    ASOS CLIMATE SUMMARY FOR JANUARY 21 2017...

CLIMATE NORMAL PERIOD 1981 TO 2010
CLIMATE RECORD PERIOD 1871 TO 2017


WEATHER ITEM   OBSERVED TIME   RECORD YEAR NORMAL DEPARTURE LAST
                VALUE   (LST)  VALUE       VALUE  FROM      YEAR
                                                  NORMAL
..................................................................
TEMPERATURE (F)
 YESTERDAY
  MAXIMUM         61    428 PM  72    1959  47     14       40
  MINIMUM         49    834 AM -24    1985  29     20       29
  AVERAGE         55                        38     17       35

PRECIPITATION (IN)
  YESTERDAY        0.12          1.70 1882   0.14  -0.02     0.04
  MONTH TO DATE    1.98                      2.93  -0.95     1.05
  SINCE DEC 1      8.94                      7.43   1.51     8.89
  SINCE JAN 1      1.98                      2.93  -0.95     1.05

SNOWFALL (IN)
  YESTERDAY       MM                         0.1   MM        0.0
  MONTH TO DATE    2.3                       1.8    0.5      1.8
  SINCE DEC 1      2.3                       2.6   -0.3      1.8
  SINCE JUL 1      2.3                       2.6   -0.3      1.8
  SNOW DEPTH       0

DEGREE DAYS
 HEATING
  YESTERDAY       10                        27    -17       30
  MONTH TO DATE  355                       567   -212      630
  SINCE DEC 1   1036                      1319   -283     1013
  SINCE JUL 1   1440                      2000   -560     1523

 COOLING
  YESTERDAY        0                         0      0        0
  MONTH TO DATE    0                         0      0        0
  SINCE DEC 1      0                         0      0        5
  SINCE JAN 1      0                         0      0        0
..................................................................


WIND (MPH)
  HIGHEST WIND SPEED    15   HIGHEST WIND DIRECTION    SW (220)
  HIGHEST GUST SPEED    19   HIGHEST GUST DIRECTION    SW (230)
  AVERAGE WIND SPEED     4.1


SKY COVER
  POSSIBLE SUNSHINE  MM
  AVERAGE SKY COVER 0.7


WEATHER CONDITIONS
 THE FOLLOWING WEATHER WAS RECORDED YESTERDAY.
  LIGHT RAIN
  FOG


RELATIVE HUMIDITY (PERCENT)
 HIGHEST    93           800 AM
 LOWEST     72          1200 AM
 AVERAGE    83

..........................................................


THE KNOXVILLE    ASOS CLIMATE NORMALS FOR TODAY
                         NORMAL    RECORD    YEAR
 MAXIMUM TEMPERATURE (F)   47        76      1937
 MINIMUM TEMPERATURE (F)   29         0      1970


SUNRISE AND SUNSET
JANUARY 22 2017.......SUNRISE   742 AM EST   SUNSET   553 PM EST
JANUARY 23 2017.......SUNRISE   742 AM EST   SUNSET   554 PM EST


-  INDICATES NEGATIVE NUMBERS.
R  INDICATES RECORD WAS SET OR TIED.
MM INDICATES DATA IS MISSING.
T  INDICATES TRACE AMOUNT.




$$
