332
CDUS44 KMRX 262152
CLITYS


CLIMATE REPORT
NATIONAL WEATHER SERVICE MORRISTOWN TN
552 PM EDT FRI AUG 26 2016


...................................

...THE KNOXVILLE    ASOS CLIMATE SUMMARY FOR AUGUST 26 2016...
VALID TODAY AS OF 0500 PM LOCAL TIME.

CLIMATE NORMAL PERIOD 1981 TO 2010
CLIMATE RECORD PERIOD 1871 TO 2016


WEATHER ITEM   OBSERVED TIME   RECORD YEAR NORMAL DEPARTURE LAST
                VALUE   (LST)  VALUE       VALUE  FROM      YEAR
                                                  NORMAL
..................................................................
TEMPERATURE (F)
 TODAY
  MAXIMUM         95    359 PM  97    1987  87      8       80
  MINIMUM         72    556 AM  53    1917  67      5       60
  AVERAGE         84                        77      7       70

PRECIPITATION (IN)
  TODAY            0.00          1.46 2008   0.09  -0.09     0.00
  MONTH TO DATE    2.23                      2.84  -0.61     3.66
  SINCE JUN 1     11.46                     11.73  -0.27    15.44
  SINCE JAN 1     30.72                     33.17  -2.45    32.92

SNOWFALL (IN)
  TODAY            0.0                       0.0    0.0      0.0
  MONTH TO DATE    0.0                       0.0    0.0      0.0
  SINCE JUN 1      0.0                       0.0    0.0      0.0
  SINCE JUL 1      0.0                       0.0    0.0      0.0
  SNOW DEPTH       0

DEGREE DAYS
 HEATING
  TODAY            0                         0      0        0
  MONTH TO DATE    0                         0      0        0
  SINCE JUN 1      0                         4     -4        0
  SINCE JUL 1      0                         0      0        0

 COOLING
  TODAY           19                        12      7        5
  MONTH TO DATE  428                       334     94      311
  SINCE JUN 1   1352                      1056    296     1134
  SINCE JAN 1   1563                      1218    345     1368
..................................................................


WIND (MPH)
  HIGHEST WIND SPEED    16   HIGHEST WIND DIRECTION     E (70)
  HIGHEST GUST SPEED    22   HIGHEST GUST DIRECTION     E (70)
  AVERAGE WIND SPEED     5.4


SKY COVER
  POSSIBLE SUNSHINE  MM
  AVERAGE SKY COVER 0.3


WEATHER CONDITIONS
 THE FOLLOWING WEATHER WAS RECORDED TODAY.
  FOG


RELATIVE HUMIDITY (PERCENT)
 HIGHEST    93           400 AM
 LOWEST     41           300 PM
 AVERAGE    67

..........................................................


THE KNOXVILLE    ASOS CLIMATE NORMALS FOR TOMORROW
                         NORMAL    RECORD    YEAR
 MAXIMUM TEMPERATURE (F)   87       101      1943
 MINIMUM TEMPERATURE (F)   67        50      1879


SUNRISE AND SUNSET
AUGUST 26 2016........SUNRISE   704 AM EDT   SUNSET   811 PM EDT
AUGUST 27 2016........SUNRISE   704 AM EDT   SUNSET   810 PM EDT


-  INDICATES NEGATIVE NUMBERS.
R  INDICATES RECORD WAS SET OR TIED.
MM INDICATES DATA IS MISSING.
T  INDICATES TRACE AMOUNT.




$$
