000
CDUS44 KMRX 280834
CLITYS


CLIMATE REPORT
NATIONAL WEATHER SERVICE MORRISTOWN TN
432 AM EDT WED SEP 28 2016


...................................

...THE KNOXVILLE    ASOS CLIMATE SUMMARY FOR SEPTEMBER 27 2016...

CLIMATE NORMAL PERIOD 1981 TO 2010
CLIMATE RECORD PERIOD 1871 TO 2016


WEATHER ITEM   OBSERVED TIME   RECORD YEAR NORMAL DEPARTURE LAST
                VALUE   (LST)  VALUE       VALUE  FROM      YEAR
                                                  NORMAL
..................................................................
TEMPERATURE (F)
 YESTERDAY
  MAXIMUM         80    422 PM  90    1998  78      2       84
                                      1986
                                      1911
  MINIMUM         61    825 AM  38    1899  56      5       63
  AVERAGE         71                        67      4       74

PRECIPITATION (IN)
  YESTERDAY        0.10          2.16 1880   0.11  -0.01     0.00
  MONTH TO DATE    1.42                      2.91  -1.49     1.19
  SINCE SEP 1      1.42                      2.91  -1.49     1.19
  SINCE JAN 1     32.24                     36.51  -4.27    34.11

SNOWFALL (IN)
  YESTERDAY        0.0                       0.0    0.0      0.0
  MONTH TO DATE    0.0                       0.0    0.0      0.0
  SINCE SEP 1      0.0                       0.0    0.0      0.0
  SINCE JUL 1      0.0                       0.0    0.0      0.0
  SNOW DEPTH       0

DEGREE DAYS
 HEATING
  YESTERDAY        0                         2     -2        0
  MONTH TO DATE    0                        15    -15       10
  SINCE SEP 1      0                        15    -15       10
  SINCE JUL 1      0                        15    -15       10

 COOLING
  YESTERDAY        6                         4      2        9
  MONTH TO DATE  358                       196    162      210
  SINCE SEP 1    358                       196    162      210
  SINCE JAN 1   2008                      1477    531     1632
..................................................................


WIND (MPH)
  HIGHEST WIND SPEED    16   HIGHEST WIND DIRECTION     N (360)
  HIGHEST GUST SPEED    20   HIGHEST GUST DIRECTION     N (10)
  AVERAGE WIND SPEED     4.1


SKY COVER
  POSSIBLE SUNSHINE  MM
  AVERAGE SKY COVER 0.7


WEATHER CONDITIONS
 THE FOLLOWING WEATHER WAS RECORDED YESTERDAY.
  LIGHT RAIN
  FOG


RELATIVE HUMIDITY (PERCENT)
 HIGHEST    90           200 AM
 LOWEST     48           500 PM
 AVERAGE    69

..........................................................


THE KNOXVILLE    ASOS CLIMATE NORMALS FOR TODAY
                         NORMAL    RECORD    YEAR
 MAXIMUM TEMPERATURE (F)   77        93      1939
 MINIMUM TEMPERATURE (F)   55        37      1985


SUNRISE AND SUNSET
SEPTEMBER 28 2016.....SUNRISE   729 AM EDT   SUNSET   723 PM EDT
SEPTEMBER 29 2016.....SUNRISE   730 AM EDT   SUNSET   722 PM EDT


-  INDICATES NEGATIVE NUMBERS.
R  INDICATES RECORD WAS SET OR TIED.
MM INDICATES DATA IS MISSING.
T  INDICATES TRACE AMOUNT.




$$
