000
CDUS44 KMRX 272112
CLITYS


CLIMATE REPORT
NATIONAL WEATHER SERVICE MORRISTOWN TN
512 PM EDT TUE JUN 27 2017


...................................

...THE KNOXVILLE    ASOS CLIMATE SUMMARY FOR JUNE 27 2017...
VALID TODAY AS OF 0500 PM LOCAL TIME.

CLIMATE NORMAL PERIOD 1981 TO 2010
CLIMATE RECORD PERIOD 1871 TO 2017


WEATHER ITEM   OBSERVED TIME   RECORD YEAR NORMAL DEPARTURE LAST
                VALUE   (LST)  VALUE       VALUE  FROM      YEAR
                                                  NORMAL
..................................................................
TEMPERATURE (F)
 TODAY
  MAXIMUM         79    346 PM 101    1952  88     -9       92
                                      1931
  MINIMUM         60    616 AM  54    1961  67     -7       73
  AVERAGE         70                        77     -7       83

PRECIPITATION (IN)
  TODAY            0.00          1.86 1900   0.13  -0.13     0.23
  MONTH TO DATE    4.05                      3.36   0.69     4.40
  SINCE JUN 1      4.05                      3.36   0.69     4.40
  SINCE JAN 1     28.18                     24.80   3.38    23.66

SNOWFALL (IN)
  TODAY            0.0                       0.0    0.0      0.0
  MONTH TO DATE    0.0                       0.0    0.0      0.0
  SINCE JUN 1      0.0                       0.0    0.0      0.0
  SINCE JUL 1      2.3                       6.5   -4.2      5.2
  SNOW DEPTH       0

DEGREE DAYS
 HEATING
  TODAY            0                         0      0        0
  MONTH TO DATE    0                         0      0        0
  SINCE JUN 1      0                         0      0        0
  SINCE JUL 1   2591                      3633  -1042     2955

 COOLING
  TODAY            5                        12     -7       18
  MONTH TO DATE  237                       266    -29      356
  SINCE JUN 1    237                       266    -29      356
  SINCE JAN 1    485                       428     57      567
..................................................................


WIND (MPH)
  HIGHEST WIND SPEED    12   HIGHEST WIND DIRECTION     N (10)
  HIGHEST GUST SPEED    16   HIGHEST GUST DIRECTION    NE (60)
  AVERAGE WIND SPEED     3.7


SKY COVER
  POSSIBLE SUNSHINE  MM
  AVERAGE SKY COVER 0.7


WEATHER CONDITIONS
 THE FOLLOWING WEATHER WAS RECORDED TODAY.
  NO SIGNIFICANT WEATHER WAS OBSERVED.


RELATIVE HUMIDITY (PERCENT)
 HIGHEST    90           400 AM
 LOWEST     39           300 PM
 AVERAGE    65

..........................................................


THE KNOXVILLE    ASOS CLIMATE NORMALS FOR TOMORROW
                         NORMAL    RECORD    YEAR
 MAXIMUM TEMPERATURE (F)   88       101      2012
 MINIMUM TEMPERATURE (F)   68        51      1987


SUNRISE AND SUNSET
JUNE 27 2017..........SUNRISE   622 AM EDT   SUNSET   856 PM EDT
JUNE 28 2017..........SUNRISE   622 AM EDT   SUNSET   856 PM EDT


-  INDICATES NEGATIVE NUMBERS.
R  INDICATES RECORD WAS SET OR TIED.
MM INDICATES DATA IS MISSING.
T  INDICATES TRACE AMOUNT.




$$
