000
CDUS43 KLOT 050637
CLIUGN


CLIMATE REPORT
NATIONAL WEATHER SERVICE CHICAGO IL
134 AM CDT SUN JUL 5 2015


...................................

...THE WAUKEGAN   CLIMATE SUMMARY FOR JULY 4 2015...

CLIMATE NORMAL PERIOD 1981 TO 2010
CLIMATE RECORD PERIOD 2000 TO 2015


WEATHER ITEM   OBSERVED TIME   RECORD YEAR NORMAL DEPARTURE LAST
                VALUE   (LST)  VALUE       VALUE  FROM      YEAR
                                                  NORMAL
..................................................................
TEMPERATURE (F)
 YESTERDAY
  MAXIMUM         77   1240 PM 104    2012  80     -3       71
  MINIMUM         55    108 AM  46    2011  62     -7       54
  AVERAGE         66

PRECIPITATION (IN)
  YESTERDAY        0.00          0.24 2005   0.13  -0.13     0.00
                                      2004
  MONTH TO DATE    0.00                      0.48  -0.48     0.15
  SINCE JUN 1      4.26                      4.36  -0.10     7.40
  SINCE JAN 1     13.66                     17.22  -3.56    18.24

DEGREE DAYS
 HEATING
  YESTERDAY        0                         0      0        2
  MONTH TO DATE   22                         3     19        8
  SINCE JUN 1    125                        89     36       81
  SINCE JUL 1     22                         3     19        8

 COOLING
  YESTERDAY        1                         7     -6        0
  MONTH TO DATE    1                        25    -24        7
  SINCE JUN 1     55                       130    -75       90
  SINCE JAN 1     80                       155    -75      113
..................................................................


WIND (MPH)
  RESULTANT WIND SPEED   3   RESULTANT WIND DIRECTION  SE (130)
  HIGHEST WIND SPEED    13   HIGHEST WIND DIRECTION    SE (130)
  HIGHEST GUST SPEED    14   HIGHEST GUST DIRECTION    SE (140)
  AVERAGE WIND SPEED     3.5


SKY COVER
  POSSIBLE SUNSHINE  MM
  AVERAGE SKY COVER 0.0


WEATHER CONDITIONS
 THE FOLLOWING WEATHER WAS RECORDED YESTERDAY.
  FOG
  HAZE


RELATIVE HUMIDITY (PERCENT)
 HIGHEST    93
 LOWEST     53
 AVERAGE    73

..........................................................


THE WAUKEGAN   CLIMATE NORMALS FOR TODAY
                         NORMAL    RECORD    YEAR
 MAXIMUM TEMPERATURE (F)   80       104      2012
 MINIMUM TEMPERATURE (F)   62        50      2008


SUNRISE AND SUNSET
JULY  5 2015..........SUNRISE   520 AM CDT   SUNSET   831 PM CDT
JULY  6 2015..........SUNRISE   521 AM CDT   SUNSET   831 PM CDT


-  INDICATES NEGATIVE NUMBERS.
R  INDICATES RECORD WAS SET OR TIED.
MM INDICATES DATA IS MISSING.
T  INDICATES TRACE AMOUNT.




$$
