000
CDUS43 KLOT 310632
CLIUGN


CLIMATE REPORT
NATIONAL WEATHER SERVICE CHICAGO IL
131 AM CDT SUN AUG 31 2014


...................................

...THE WAUKEGAN   CLIMATE SUMMARY FOR AUGUST 30 2014...

CLIMATE NORMAL PERIOD 1981 TO 2010
CLIMATE RECORD PERIOD 2000 TO 2014


WEATHER ITEM   OBSERVED TIME   RECORD YEAR NORMAL DEPARTURE LAST
                VALUE   (LST)  VALUE       VALUE  FROM      YEAR
                                                  NORMAL
..................................................................
TEMPERATURE (F)
 YESTERDAY
  MAXIMUM         81    346 PM  96    2013  78      3       96
  MINIMUM         68   1101 PM  47    2009  59      9       64
  AVERAGE         75

PRECIPITATION (IN)
  YESTERDAY        T             0.16 2011   0.11  -0.11     0.11
  MONTH TO DATE    3.71                      3.72  -0.01     1.25
  SINCE JUN 1     12.11                     11.48   0.63     7.87
  SINCE JAN 1     22.95                     24.34  -1.39    21.73

DEGREE DAYS
 HEATING
  YESTERDAY        0                         1     -1        0
  MONTH TO DATE    9                         6      3       12
  SINCE JUN 1    116                       104     12      136
  SINCE JUL 1     43                        18     25       39

 COOLING
  YESTERDAY       10                         4      6       15
  MONTH TO DATE  155                       165    -10      161
  SINCE JUN 1    339                       475   -136      438
  SINCE JAN 1    362                       500   -138      485
..................................................................


WIND (MPH)
  RESULTANT WIND SPEED  10   RESULTANT WIND DIRECTION  SW (210)
  HIGHEST WIND SPEED    28   HIGHEST WIND DIRECTION    SW (210)
  HIGHEST GUST SPEED    33   HIGHEST GUST DIRECTION    SW (220)
  AVERAGE WIND SPEED    11.0


SKY COVER
  POSSIBLE SUNSHINE  MM
  AVERAGE SKY COVER 0.3


WEATHER CONDITIONS
 THE FOLLOWING WEATHER WAS RECORDED YESTERDAY.
  LIGHT RAIN


RELATIVE HUMIDITY (PERCENT)
 HIGHEST    90
 LOWEST     58
 AVERAGE    74

..........................................................


THE WAUKEGAN   CLIMATE NORMALS FOR TODAY
                         NORMAL    RECORD    YEAR
 MAXIMUM TEMPERATURE (F)   77        95      2012
 MINIMUM TEMPERATURE (F)   59        46      2009


SUNRISE AND SUNSET
AUGUST 31 2014........SUNRISE   615 AM CDT   SUNSET   727 PM CDT
SEPTEMBER  1 2014.....SUNRISE   617 AM CDT   SUNSET   726 PM CDT


-  INDICATES NEGATIVE NUMBERS.
R  INDICATES RECORD WAS SET OR TIED.
MM INDICATES DATA IS MISSING.
T  INDICATES TRACE AMOUNT.




$$
