000
CDUS43 KLOT 240638
CLIUGN


CLIMATE REPORT
NATIONAL WEATHER SERVICE CHICAGO IL
1237 AM CST MON NOV 24 2014


...................................

...THE WAUKEGAN   CLIMATE SUMMARY FOR NOVEMBER 23 2014...

CLIMATE NORMAL PERIOD 1981 TO 2010
CLIMATE RECORD PERIOD 2000 TO 2014


WEATHER ITEM   OBSERVED TIME   RECORD YEAR NORMAL DEPARTURE LAST
                VALUE   (LST)  VALUE       VALUE  FROM      YEAR
                                                  NORMAL
..................................................................
TEMPERATURE (F)
 YESTERDAY
  MAXIMUM         52   1236 PM  64    2003  42     10       25
  MINIMUM         45   1159 PM  12    2013  28     17       12
  AVERAGE         49

PRECIPITATION (IN)
  YESTERDAY        0.74R         0.35 2003   0.09   0.65     0.00
  MONTH TO DATE    1.04                      2.19  -1.15     1.94
  SINCE SEP 1      8.21                      8.57  -0.36     6.34
  SINCE JAN 1     31.16                     33.02  -1.86    28.18

DEGREE DAYS
 HEATING
  YESTERDAY       16                        30    -14       46
  MONTH TO DATE  717                       558    159      585
  SINCE SEP 1   1353                      1136    217     1186
  SINCE JUL 1   1396                      1164    232     1225

 COOLING
  YESTERDAY        0                         0      0        0
  MONTH TO DATE    0                         0      0        0
  SINCE SEP 1     53                        62     -9      100
  SINCE JAN 1    424                       564   -140      590
..................................................................


WIND (MPH)
  RESULTANT WIND SPEED   9   RESULTANT WIND DIRECTION   S (180)
  HIGHEST WIND SPEED    22   HIGHEST WIND DIRECTION     S (200)
  HIGHEST GUST SPEED    31   HIGHEST GUST DIRECTION    SW (220)
  AVERAGE WIND SPEED    10.4


SKY COVER
  POSSIBLE SUNSHINE  MM
  AVERAGE SKY COVER 0.9


WEATHER CONDITIONS
 THE FOLLOWING WEATHER WAS RECORDED YESTERDAY.
  RAIN
  LIGHT RAIN
  FOG
  HAZE


RELATIVE HUMIDITY (PERCENT)
 HIGHEST   100
 LOWEST     80
 AVERAGE    90

..........................................................


THE WAUKEGAN   CLIMATE NORMALS FOR TODAY
                         NORMAL    RECORD    YEAR
 MAXIMUM TEMPERATURE (F)   42        62      2001
 MINIMUM TEMPERATURE (F)   28         8      2013


SUNRISE AND SUNSET
NOVEMBER 24 2014......SUNRISE   653 AM CST   SUNSET   423 PM CST
NOVEMBER 25 2014......SUNRISE   654 AM CST   SUNSET   422 PM CST


-  INDICATES NEGATIVE NUMBERS.
R  INDICATES RECORD WAS SET OR TIED.
MM INDICATES DATA IS MISSING.
T  INDICATES TRACE AMOUNT.




$$
