000
CDUS43 KLOT 220640
CLIUGN


CLIMATE REPORT
NATIONAL WEATHER SERVICE CHICAGO IL
139 AM CDT TUE JUL 22 2014


...................................

...THE WAUKEGAN   CLIMATE SUMMARY FOR JULY 21 2014...

CLIMATE NORMAL PERIOD 1981 TO 2010
CLIMATE RECORD PERIOD 2000 TO 2014


WEATHER ITEM   OBSERVED TIME   RECORD YEAR NORMAL DEPARTURE LAST
                VALUE   (LST)  VALUE       VALUE  FROM      YEAR
                                                  NORMAL
..................................................................
TEMPERATURE (F)
 YESTERDAY
  MAXIMUM         83   1247 PM  98    2002  80      3       80
  MINIMUM         59    345 AM  52    2007  62     -3       64
  AVERAGE         71

PRECIPITATION (IN)
  YESTERDAY        0.00          1.61 2003   0.13  -0.13     0.95
  MONTH TO DATE    0.91                      2.68  -1.77     1.74
  SINCE JUN 1      8.16                      6.56   1.60     5.99
  SINCE JAN 1     19.00                     19.42  -0.42    19.85

DEGREE DAYS
 HEATING
  YESTERDAY        0                         0      0        0
  MONTH TO DATE   24                         3     21        7
  SINCE JUN 1     97                        89      8      104
  SINCE JUL 1     24                         3     21        7

 COOLING
  YESTERDAY        6                         7     -1        7
  MONTH TO DATE   66                       144    -78      170
  SINCE JUN 1    149                       249   -100      260
  SINCE JAN 1    172                       274   -102      307
..................................................................


WIND (MPH)
  RESULTANT WIND SPEED   6   RESULTANT WIND DIRECTION   S (170)
  HIGHEST WIND SPEED    15   HIGHEST WIND DIRECTION    SE (140)
  HIGHEST GUST SPEED    20   HIGHEST GUST DIRECTION    SW (210)
  AVERAGE WIND SPEED     7.5


SKY COVER
  POSSIBLE SUNSHINE  MM
  AVERAGE SKY COVER 0.0


WEATHER CONDITIONS
 THE FOLLOWING WEATHER WAS RECORDED YESTERDAY.
  FOG
  HAZE


RELATIVE HUMIDITY (PERCENT)
 HIGHEST    97
 LOWEST     51
 AVERAGE    74

..........................................................


THE WAUKEGAN   CLIMATE NORMALS FOR TODAY
                         NORMAL    RECORD    YEAR
 MAXIMUM TEMPERATURE (F)   80        90      2010
 MINIMUM TEMPERATURE (F)   62        50      2007


SUNRISE AND SUNSET
JULY 22 2014..........SUNRISE   534 AM CDT   SUNSET   821 PM CDT
JULY 23 2014..........SUNRISE   535 AM CDT   SUNSET   820 PM CDT


-  INDICATES NEGATIVE NUMBERS.
R  INDICATES RECORD WAS SET OR TIED.
MM INDICATES DATA IS MISSING.
T  INDICATES TRACE AMOUNT.




$$
