000
CDUS43 KLOT 230634
CLIUGN


CLIMATE REPORT
NATIONAL WEATHER SERVICE CHICAGO IL
133 AM CDT SAT SEP 23 2017


...................................

...THE WAUKEGAN   CLIMATE SUMMARY FOR SEPTEMBER 22 2017...

CLIMATE NORMAL PERIOD 1981 TO 2010
CLIMATE RECORD PERIOD 2000 TO 2017


WEATHER ITEM   OBSERVED TIME   RECORD YEAR NORMAL DEPARTURE LAST
                VALUE   (LST)  VALUE       VALUE  FROM      YEAR
                                                  NORMAL
..................................................................
TEMPERATURE (F)
 YESTERDAY
  MAXIMUM         92R  1214 PM  84    2005  69     23       80
  MINIMUM         68    503 AM  40    1999  50     18       65
  AVERAGE         80

PRECIPITATION (IN)
  YESTERDAY        0.00          2.02 2000   0.13  -0.13      T
  MONTH TO DATE    0.42                      2.47  -2.05     0.71
  SINCE SEP 1      0.42                      2.47  -2.05     0.71
  SINCE JAN 1     29.26                     26.92   2.34    20.02

DEGREE DAYS
 HEATING
  YESTERDAY        0                         6     -6        0
  MONTH TO DATE   77                        72      5        5
  SINCE SEP 1     77                        72      5        5
  SINCE JUL 1     99                       100     -1       16

 COOLING
  YESTERDAY       15                         1     14        8
  MONTH TO DATE   59                        50      9      114
  SINCE SEP 1     59                        50      9      114
  SINCE JAN 1    505                       552    -47      829
..................................................................


WIND (MPH)
  RESULTANT WIND SPEED   5   RESULTANT WIND DIRECTION   S (170)
  HIGHEST WIND SPEED    16   HIGHEST WIND DIRECTION     S (200)
  HIGHEST GUST SPEED    23   HIGHEST GUST DIRECTION     S (180)
  AVERAGE WIND SPEED     6.2


SKY COVER
  POSSIBLE SUNSHINE  MM
  AVERAGE SKY COVER 0.0


WEATHER CONDITIONS
 THE FOLLOWING WEATHER WAS RECORDED YESTERDAY.
  FOG
  HAZE


RELATIVE HUMIDITY (PERCENT)
 HIGHEST   100
 LOWEST     44
 AVERAGE    72

..........................................................


THE WAUKEGAN   CLIMATE NORMALS FOR TODAY
                         NORMAL    RECORD    YEAR
 MAXIMUM TEMPERATURE (F)   68        88      2010
 MINIMUM TEMPERATURE (F)   50        36      2012


SUNRISE AND SUNSET
SEPTEMBER 23 2017.....SUNRISE   640 AM CDT   SUNSET   646 PM CDT
SEPTEMBER 24 2017.....SUNRISE   641 AM CDT   SUNSET   645 PM CDT


-  INDICATES NEGATIVE NUMBERS.
R  INDICATES RECORD WAS SET OR TIED.
MM INDICATES DATA IS MISSING.
T  INDICATES TRACE AMOUNT.




$$
