000
CDUS46 KSEW 290831
CLIUIL


CLIMATE REPORT
NATIONAL WEATHER SERVICE SEATTLE WA
1231 AM PST SAT NOV 29 2014


...................................

...THE QUILLAYUTE WA AIRPORT CLIMATE SUMMARY FOR NOVEMBER 28 2014...

CLIMATE NORMAL PERIOD 1981 TO 2010
CLIMATE RECORD PERIOD 1966 TO 2014


WEATHER ITEM   OBSERVED TIME   RECORD YEAR NORMAL DEPARTURE LAST
                VALUE   (LST)  VALUE       VALUE  FROM      YEAR
                                                  NORMAL
..................................................................
TEMPERATURE (F)
 YESTERDAY
  MAXIMUM         54    108 AM  60    2013  48      6       60
                                      2002
  MINIMUM         33   1138 PM  21    2006  36     -3       36
                                      1985
  AVERAGE         44                        42      2       48

PRECIPITATION (IN)
  YESTERDAY        0.42          6.03 2003   0.52  -0.10      T
  MONTH TO DATE   13.16                     14.47  -1.31     7.07
  SINCE OCT 1     30.52                     24.96   5.56    10.22
  SINCE JAN 1     90.92                     85.50   5.42    81.63

DEGREE DAYS
 HEATING
  YESTERDAY       21                        23     -2       17
  MONTH TO DATE  512                       578    -66      486
  SINCE SEP 1    911                      1299   -388      993
  SINCE JUL 1   1161                      1668   -507     1165

 COOLING
  YESTERDAY        0                         0      0        0
  MONTH TO DATE    0                         0      0        0
  SINCE SEP 1      7                         2      5       14
  SINCE JAN 1     25                        19      6       39
..................................................................


WIND (MPH)
  RESULTANT WIND SPEED   4   RESULTANT WIND DIRECTION   W (280)
  HIGHEST WIND SPEED    21   HIGHEST WIND DIRECTION    SW (210)
  HIGHEST GUST SPEED    27   HIGHEST GUST DIRECTION     W (270)
  AVERAGE WIND SPEED     5.5


SKY COVER
  AVERAGE SKY COVER 0.8


WEATHER CONDITIONS
 THE FOLLOWING WEATHER WAS RECORDED YESTERDAY.
  HEAVY RAIN
  RAIN
  LIGHT RAIN
  LIGHT SNOW
  FOG
  HAZE


RELATIVE HUMIDITY (PERCENT)
 HIGHEST   100           100 AM
 LOWEST     65           600 PM
 AVERAGE    83

..........................................................


THE QUILLAYUTE WA AIRPORT CLIMATE NORMALS FOR TODAY
                         NORMAL    RECORD    YEAR
 MAXIMUM TEMPERATURE (F)   48        61      1999
 MINIMUM TEMPERATURE (F)   36        21      1985


SUNRISE AND SUNSET
NOVEMBER 29 2014......SUNRISE   744 AM PST   SUNSET   428 PM PST
NOVEMBER 30 2014......SUNRISE   746 AM PST   SUNSET   428 PM PST


-  INDICATES NEGATIVE NUMBERS.
R  INDICATES RECORD WAS SET OR TIED.
MM INDICATES DATA IS MISSING.
T  INDICATES TRACE AMOUNT.




$$
