000
CDUS46 KSEW 220829
CLIUIL


CLIMATE REPORT
NATIONAL WEATHER SERVICE SEATTLE WA
1228 AM PST MON DEC 22 2014


...................................

...THE QUILLAYUTE WA AIRPORT CLIMATE SUMMARY FOR DECEMBER 21 2014...

CLIMATE NORMAL PERIOD 1981 TO 2010
CLIMATE RECORD PERIOD 1966 TO 2014


WEATHER ITEM   OBSERVED TIME   RECORD YEAR NORMAL DEPARTURE LAST
                VALUE   (LST)  VALUE       VALUE  FROM      YEAR
                                                  NORMAL
..................................................................
TEMPERATURE (F)
 YESTERDAY
  MAXIMUM         53    203 PM  54    2005  46      7       50
                                      1975
  MINIMUM         49   1142 PM  10    1990  34     15       46
  AVERAGE         51                        40     11       48

PRECIPITATION (IN)
  YESTERDAY        0.07          3.60 1967   0.41  -0.34     0.19
  MONTH TO DATE   12.07                      8.93   3.14     3.77
  SINCE OCT 1     42.61                     34.94   7.67    14.84
  SINCE JAN 1    103.01                     95.48   7.53    86.25

DEGREE DAYS
 HEATING
  YESTERDAY       14                        25    -11       17
  MONTH TO DATE  388                       517   -129      552
  SINCE DEC 1    388                       517   -129      552
  SINCE JUL 1   1622                      2231   -609     1748

 COOLING
  YESTERDAY        0                         0      0        0
  MONTH TO DATE    0                         0      0        0
  SINCE DEC 1      0                         0      0        0
  SINCE JAN 1     25                        19      6       39
..................................................................


WIND (MPH)
  RESULTANT WIND SPEED   9   RESULTANT WIND DIRECTION   W (260)
  HIGHEST WIND SPEED    18   HIGHEST WIND DIRECTION     W (250)
  HIGHEST GUST SPEED    25   HIGHEST GUST DIRECTION     W (270)
  AVERAGE WIND SPEED     9.2


SKY COVER
  AVERAGE SKY COVER 0.8


WEATHER CONDITIONS
 THE FOLLOWING WEATHER WAS RECORDED YESTERDAY.
  THUNDERSTORM
  RAIN
  LIGHT RAIN
  FOG


RELATIVE HUMIDITY (PERCENT)
 HIGHEST   100           100 PM
 LOWEST     86          1100 PM
 AVERAGE    93

..........................................................


THE QUILLAYUTE WA AIRPORT CLIMATE NORMALS FOR TODAY
                         NORMAL    RECORD    YEAR
 MAXIMUM TEMPERATURE (F)   46        56      1986
 MINIMUM TEMPERATURE (F)   34        11      1983


SUNRISE AND SUNSET
DECEMBER 22 2014......SUNRISE   806 AM PST   SUNSET   428 PM PST
DECEMBER 23 2014......SUNRISE   806 AM PST   SUNSET   429 PM PST


-  INDICATES NEGATIVE NUMBERS.
R  INDICATES RECORD WAS SET OR TIED.
MM INDICATES DATA IS MISSING.
T  INDICATES TRACE AMOUNT.




$$
