000
CDUS46 KSEW 010830
CLIUIL


CLIMATE REPORT
NATIONAL WEATHER SERVICE SEATTLE WA
130 AM PDT MON SEP 1 2014


...................................

...THE QUILLAYUTE WA AIRPORT CLIMATE SUMMARY FOR AUGUST 31 2014...

CLIMATE NORMAL PERIOD 1981 TO 2010
CLIMATE RECORD PERIOD 1966 TO 2014


WEATHER ITEM   OBSERVED TIME   RECORD YEAR NORMAL DEPARTURE LAST
                VALUE   (LST)  VALUE       VALUE  FROM      YEAR
                                                  NORMAL
..................................................................
TEMPERATURE (F)
 YESTERDAY
  MAXIMUM         69   1142 AM  94    1987  68      1       80
  MINIMUM         53    601 AM  40    1972  49      4       54
  AVERAGE         61                        59      2       67

PRECIPITATION (IN)
  YESTERDAY        0.00          2.25 2010   0.11  -0.11     0.00
  MONTH TO DATE    0.69                      2.49  -1.80     3.01
  SINCE OCT 1     73.08                     95.72 -22.64   108.79
  SINCE JAN 1     55.85                     56.72  -0.87    61.82

DEGREE DAYS
 HEATING
  YESTERDAY        4                         6     -2        0
  MONTH TO DATE  114                       174    -60       59
  SINCE JUN 1    499                       663   -164      352
  SINCE JUL 1    250                       369   -119      172

 COOLING
  YESTERDAY        0                         0      0        2
  MONTH TO DATE    8                         6      2        9
  SINCE JUN 1     14                        16     -2       22
  SINCE JAN 1     18                        17      1       25
..................................................................


WIND (MPH)
  RESULTANT WIND SPEED   1   RESULTANT WIND DIRECTION   E (90)
  HIGHEST WIND SPEED    13   HIGHEST WIND DIRECTION    SW (210)
  HIGHEST GUST SPEED    19   HIGHEST GUST DIRECTION     W (250)
  AVERAGE WIND SPEED     3.8


SKY COVER
  AVERAGE SKY COVER 1.0


WEATHER CONDITIONS
 THE FOLLOWING WEATHER WAS RECORDED YESTERDAY.
  FOG


RELATIVE HUMIDITY (PERCENT)
 HIGHEST   100          1200 AM
 LOWEST     93           100 AM
 AVERAGE    97

..........................................................


THE QUILLAYUTE WA AIRPORT CLIMATE NORMALS FOR TODAY
                         NORMAL    RECORD    YEAR
 MAXIMUM TEMPERATURE (F)   68        92      1988
 MINIMUM TEMPERATURE (F)   49        35      1973


SUNRISE AND SUNSET
SEPTEMBER  1 2014.....SUNRISE   636 AM PDT   SUNSET   759 PM PDT
SEPTEMBER  2 2014.....SUNRISE   638 AM PDT   SUNSET   757 PM PDT


-  INDICATES NEGATIVE NUMBERS.
R  INDICATES RECORD WAS SET OR TIED.
MM INDICATES DATA IS MISSING.
T  INDICATES TRACE AMOUNT.




$$
