000
CDUS46 KSEW 300843
CLIUIL


CLIMATE REPORT
NATIONAL WEATHER SERVICE SEATTLE WA
143 AM PDT THU MAR 30 2017


...................................

...THE QUILLAYUTE WA AIRPORT CLIMATE SUMMARY FOR MARCH 29 2017...

CLIMATE NORMAL PERIOD 1981 TO 2010
CLIMATE RECORD PERIOD 1966 TO 2017


WEATHER ITEM   OBSERVED TIME   RECORD YEAR NORMAL DEPARTURE LAST
                VALUE   (LST)  VALUE       VALUE  FROM      YEAR
                                                  NORMAL
..................................................................
TEMPERATURE (F)
 YESTERDAY
  MAXIMUM         49    338 PM  67    1995  53     -4       66
  MINIMUM         44   1159 PM  24    1998  38      6       33
  AVERAGE         47                        45      2       50

PRECIPITATION (IN)
  YESTERDAY        1.22          1.93 2015   0.33   0.89     0.00
  MONTH TO DATE   22.92                     10.17  12.75    15.84
  SINCE OCT 1    102.90                     74.13  28.77    91.28
  SINCE JAN 1     42.97                     35.13   7.84    47.30

DEGREE DAYS
 HEATING
  YESTERDAY       18                        20     -2       15
  MONTH TO DATE  621                       608     13      502
  SINCE MAR 1    621                       608     13      502
  SINCE JUL 1   4443                      4453    -10     3625

 COOLING
  YESTERDAY        0                         0      0        0
  MONTH TO DATE    0                         0      0        0
  SINCE MAR 1      0                         0      0        0
  SINCE JAN 1      0                         0      0        0
..................................................................


WIND (MPH)
  RESULTANT WIND SPEED   8   RESULTANT WIND DIRECTION   S (180)
  HIGHEST WIND SPEED    21   HIGHEST WIND DIRECTION     W (270)
  HIGHEST GUST SPEED    27   HIGHEST GUST DIRECTION    SE (150)
  AVERAGE WIND SPEED    10.2


SKY COVER
  AVERAGE SKY COVER 1.0


WEATHER CONDITIONS
 THE FOLLOWING WEATHER WAS RECORDED YESTERDAY.
  RAIN
  LIGHT RAIN
  FOG


RELATIVE HUMIDITY (PERCENT)
 HIGHEST   100          1200 AM
 LOWEST     92           700 PM
 AVERAGE    96

..........................................................


THE QUILLAYUTE WA AIRPORT CLIMATE NORMALS FOR TODAY
                         NORMAL    RECORD    YEAR
 MAXIMUM TEMPERATURE (F)   53        73      2013
 MINIMUM TEMPERATURE (F)   38        27      1977


SUNRISE AND SUNSET
MARCH 30 2017.........SUNRISE   700 AM PDT   SUNSET   746 PM PDT
MARCH 31 2017.........SUNRISE   658 AM PDT   SUNSET   747 PM PDT


-  INDICATES NEGATIVE NUMBERS.
R  INDICATES RECORD WAS SET OR TIED.
MM INDICATES DATA IS MISSING.
T  INDICATES TRACE AMOUNT.




$$
