000
CDUS46 KSEW 310826
CLIUIL


CLIMATE REPORT
NATIONAL WEATHER SERVICE SEATTLE WA
126 AM PDT FRI OCT 31 2014


...................................

...THE QUILLAYUTE WA AIRPORT CLIMATE SUMMARY FOR OCTOBER 30 2014...

CLIMATE NORMAL PERIOD 1981 TO 2010
CLIMATE RECORD PERIOD 1966 TO 2014


WEATHER ITEM   OBSERVED TIME   RECORD YEAR NORMAL DEPARTURE LAST
                VALUE   (LST)  VALUE       VALUE  FROM      YEAR
                                                  NORMAL
..................................................................
TEMPERATURE (F)
 YESTERDAY
  MAXIMUM         58    207 PM  64    2008  54      4       58
                                      1970
  MINIMUM         49   1148 PM  24    1972  40      9       38
  AVERAGE         54                        47      7       48

PRECIPITATION (IN)
  YESTERDAY        1.08          3.64 1999   0.45   0.63     0.42
  MONTH TO DATE   17.11                     10.04   7.07     3.08
  SINCE OCT 1     17.11                     10.04   7.07     3.08
  SINCE JAN 1     77.51                     70.58   6.93    74.49

DEGREE DAYS
 HEATING
  YESTERDAY       11                        18     -7       17
  MONTH TO DATE  246                       448   -202      379
  SINCE SEP 1    385                       704   -319      498
  SINCE JUL 1    635                      1073   -438      670

 COOLING
  YESTERDAY        0                         0      0        0
  MONTH TO DATE    0                         0      0        0
  SINCE SEP 1      7                         2      5       14
  SINCE JAN 1     25                        19      6       39
..................................................................


WIND (MPH)
  RESULTANT WIND SPEED   4   RESULTANT WIND DIRECTION  SE (130)
  HIGHEST WIND SPEED    14   HIGHEST WIND DIRECTION    SW (240)
  HIGHEST GUST SPEED    22   HIGHEST GUST DIRECTION     S (180)
  AVERAGE WIND SPEED     6.0


SKY COVER
  AVERAGE SKY COVER 0.9


WEATHER CONDITIONS
 THE FOLLOWING WEATHER WAS RECORDED YESTERDAY.
  HEAVY RAIN
  RAIN
  LIGHT RAIN
  FOG


RELATIVE HUMIDITY (PERCENT)
 HIGHEST   100           800 AM
 LOWEST     83           300 AM
 AVERAGE    92

..........................................................


THE QUILLAYUTE WA AIRPORT CLIMATE NORMALS FOR TODAY
                         NORMAL    RECORD    YEAR
 MAXIMUM TEMPERATURE (F)   54        67      1970
 MINIMUM TEMPERATURE (F)   40        23      2006


SUNRISE AND SUNSET
OCTOBER 31 2014.......SUNRISE   802 AM PDT   SUNSET   601 PM PDT
NOVEMBER  1 2014......SUNRISE   803 AM PDT   SUNSET   600 PM PDT


-  INDICATES NEGATIVE NUMBERS.
R  INDICATES RECORD WAS SET OR TIED.
MM INDICATES DATA IS MISSING.
T  INDICATES TRACE AMOUNT.




$$
