000
CDUS46 KSEW 240838
CLIUIL


CLIMATE REPORT
NATIONAL WEATHER SERVICE SEATTLE WA
1237 AM PST TUE JAN 24 2017


...................................

...THE QUILLAYUTE WA AIRPORT CLIMATE SUMMARY FOR JANUARY 23 2017...

CLIMATE NORMAL PERIOD 1981 TO 2010
CLIMATE RECORD PERIOD 1966 TO 2017


WEATHER ITEM   OBSERVED TIME   RECORD YEAR NORMAL DEPARTURE LAST
                VALUE   (LST)  VALUE       VALUE  FROM      YEAR
                                                  NORMAL
..................................................................
TEMPERATURE (F)
 YESTERDAY
  MAXIMUM         51    325 PM  59    2005  48      3       51
                                      1968
  MINIMUM         29   1053 PM   7    1969  36     -7       41
  AVERAGE         40                        42     -2       46

PRECIPITATION (IN)
  YESTERDAY        0.00          3.91 1998   0.46  -0.46     0.01
  MONTH TO DATE    7.52                     11.12  -3.60     9.83
  SINCE OCT 1     67.45                     50.12  17.33    53.81
  SINCE JAN 1      7.52                     11.12  -3.60     9.83

DEGREE DAYS
 HEATING
  YESTERDAY       25                        23      2       19
  MONTH TO DATE  643                       541    102      496
  SINCE DEC 1   1504                      1305    199     1164
  SINCE JUL 1   2931                      3019    -88     2475

 COOLING
  YESTERDAY        0                         0      0        0
  MONTH TO DATE    0                         0      0        0
  SINCE DEC 1      0                         0      0        0
  SINCE JAN 1      0                         0      0        0
..................................................................


WIND (MPH)
  RESULTANT WIND SPEED   3   RESULTANT WIND DIRECTION  NE (50)
  HIGHEST WIND SPEED    10   HIGHEST WIND DIRECTION    NE (60)
  HIGHEST GUST SPEED    14   HIGHEST GUST DIRECTION    NE (40)
  AVERAGE WIND SPEED     3.8


SKY COVER
  AVERAGE SKY COVER 0.1


WEATHER CONDITIONS
 THE FOLLOWING WEATHER WAS RECORDED YESTERDAY.
  FOG


RELATIVE HUMIDITY (PERCENT)
 HIGHEST   100          1200 AM
 LOWEST     56           400 PM
 AVERAGE    78

..........................................................


THE QUILLAYUTE WA AIRPORT CLIMATE NORMALS FOR TODAY
                         NORMAL    RECORD    YEAR
 MAXIMUM TEMPERATURE (F)   48        66      2014
 MINIMUM TEMPERATURE (F)   36        19      1969


SUNRISE AND SUNSET
JANUARY 24 2017.......SUNRISE   755 AM PST   SUNSET   507 PM PST
JANUARY 25 2017.......SUNRISE   754 AM PST   SUNSET   508 PM PST


-  INDICATES NEGATIVE NUMBERS.
R  INDICATES RECORD WAS SET OR TIED.
MM INDICATES DATA IS MISSING.
T  INDICATES TRACE AMOUNT.




$$
