000
CDUS46 KSEW 230827
CLIUIL


CLIMATE REPORT
NATIONAL WEATHER SERVICE SEATTLE WA
1227 AM PST THU NOV 23 2017


...................................

...THE QUILLAYUTE WA AIRPORT CLIMATE SUMMARY FOR NOVEMBER 22 2017...

CLIMATE NORMAL PERIOD 1981 TO 2010
CLIMATE RECORD PERIOD 1966 TO 2017


WEATHER ITEM   OBSERVED TIME   RECORD YEAR NORMAL DEPARTURE LAST
                VALUE   (LST)  VALUE       VALUE  FROM      YEAR
                                                  NORMAL
..................................................................
TEMPERATURE (F)
 YESTERDAY
  MAXIMUM         58R  1040 AM  56    1995  49      9       50
  MINIMUM         55   1159 PM   9    1985  37     18       42
  AVERAGE         57                        43     14       46

PRECIPITATION (IN)
  YESTERDAY        0.76          1.84 1986   0.53   0.23     1.78
  MONTH TO DATE   15.54                     11.32   4.22    17.91
  SINCE OCT 1     22.80                     21.81   0.99    38.99
  SINCE JAN 1     94.19                     82.35  11.84   101.36

DEGREE DAYS
 HEATING
  YESTERDAY        8                        22    -14       19
  MONTH TO DATE  434                       442     -8      324
  SINCE SEP 1   1075                      1163    -88      987
  SINCE JUL 1   1381                      1532   -151     1263

 COOLING
  YESTERDAY        0                         0      0        0
  MONTH TO DATE    0                         0      0        0
  SINCE SEP 1     20                         2     18        0
  SINCE JAN 1     73                        19     54       54
..................................................................


WIND (MPH)
  RESULTANT WIND SPEED  14   RESULTANT WIND DIRECTION   S (180)
  HIGHEST WIND SPEED    22   HIGHEST WIND DIRECTION     S (190)
  HIGHEST GUST SPEED    37   HIGHEST GUST DIRECTION     S (190)
  AVERAGE WIND SPEED    13.7


SKY COVER
  AVERAGE SKY COVER 1.0


WEATHER CONDITIONS
 THE FOLLOWING WEATHER WAS RECORDED YESTERDAY.
  RAIN
  LIGHT RAIN
  FOG


RELATIVE HUMIDITY (PERCENT)
 HIGHEST   100          1200 AM
 LOWEST     93          1100 AM
 AVERAGE    97

..........................................................


THE QUILLAYUTE WA AIRPORT CLIMATE NORMALS FOR TODAY
                         NORMAL    RECORD    YEAR
 MAXIMUM TEMPERATURE (F)   49        60      2013
 MINIMUM TEMPERATURE (F)   37         5      1985


SUNRISE AND SUNSET
NOVEMBER 23 2017......SUNRISE   737 AM PST   SUNSET   432 PM PST
NOVEMBER 24 2017......SUNRISE   738 AM PST   SUNSET   432 PM PST


-  INDICATES NEGATIVE NUMBERS.
R  INDICATES RECORD WAS SET OR TIED.
MM INDICATES DATA IS MISSING.
T  INDICATES TRACE AMOUNT.




$$
