000
CDUS46 KSEW 220839
CLIUIL


CLIMATE REPORT
NATIONAL WEATHER SERVICE SEATTLE WA
139 AM PDT SAT JUL 22 2017


...................................

...THE QUILLAYUTE WA AIRPORT CLIMATE SUMMARY FOR JULY 21 2017...

CLIMATE NORMAL PERIOD 1981 TO 2010
CLIMATE RECORD PERIOD 1966 TO 2017


WEATHER ITEM   OBSERVED TIME   RECORD YEAR NORMAL DEPARTURE LAST
                VALUE   (LST)  VALUE       VALUE  FROM      YEAR
                                                  NORMAL
..................................................................
TEMPERATURE (F)
 YESTERDAY
  MAXIMUM         65   1154 AM  93    1980  68     -3       72
  MINIMUM         49    143 AM  44    2005  51     -2       55
  AVERAGE         57                        60     -3       64

PRECIPITATION (IN)
  YESTERDAY        0.02          1.60 2007   0.05  -0.03     0.00
  MONTH TO DATE    0.15                      1.42  -1.27     2.13
  SINCE OCT 1    126.98                     92.67  34.31   101.46
  SINCE JAN 1     67.05                     53.67  13.38    57.48

DEGREE DAYS
 HEATING
  YESTERDAY        8                         6      2        1
  MONTH TO DATE  144                       140      4      118
  SINCE JUN 1    412                       434    -22      367
  SINCE JUL 1    144                       140      4      118

 COOLING
  YESTERDAY        0                         0      0        0
  MONTH TO DATE    0                         0      0        0
  SINCE JUN 1     11                         3      8       11
  SINCE JAN 1     11                         4      7       11
..................................................................


WIND (MPH)
  RESULTANT WIND SPEED   3   RESULTANT WIND DIRECTION   S (170)
  HIGHEST WIND SPEED    12   HIGHEST WIND DIRECTION    SW (220)
  HIGHEST GUST SPEED    19   HIGHEST GUST DIRECTION    SW (210)
  AVERAGE WIND SPEED     3.6


SKY COVER
  AVERAGE SKY COVER 0.8


WEATHER CONDITIONS
 THE FOLLOWING WEATHER WAS RECORDED YESTERDAY.
  LIGHT RAIN
  FOG


RELATIVE HUMIDITY (PERCENT)
 HIGHEST   100           500 AM
 LOWEST     67          1200 PM
 AVERAGE    84

..........................................................


THE QUILLAYUTE WA AIRPORT CLIMATE NORMALS FOR TODAY
                         NORMAL    RECORD    YEAR
 MAXIMUM TEMPERATURE (F)   68        92      2004
 MINIMUM TEMPERATURE (F)   51        42      1977
                                             1975


SUNRISE AND SUNSET
JULY 22 2017..........SUNRISE   543 AM PDT   SUNSET   906 PM PDT
JULY 23 2017..........SUNRISE   544 AM PDT   SUNSET   905 PM PDT


-  INDICATES NEGATIVE NUMBERS.
R  INDICATES RECORD WAS SET OR TIED.
MM INDICATES DATA IS MISSING.
T  INDICATES TRACE AMOUNT.




$$
