000
CDUS43 KLSX 290731
CLIUIN


CLIMATE REPORT
NATIONAL WEATHER SERVICE ST LOUIS MO
230 AM CDT SAT AUG 29 2015


...................................

...THE QUINCY IL CLIMATE SUMMARY FOR AUGUST 28 2015...

CLIMATE NORMAL PERIOD 1981 TO 2010
CLIMATE RECORD PERIOD 1901 TO 2015


WEATHER ITEM   OBSERVED TIME   RECORD YEAR NORMAL DEPARTURE LAST
                VALUE   (LST)  VALUE       VALUE  FROM      YEAR
                                                  NORMAL
..................................................................
TEMPERATURE (F)
 YESTERDAY
  MAXIMUM         75    454 PM 101    1984  83     -8       88
                                      1913
  MINIMUM         59    502 AM  42    1986  63     -4       71
  AVERAGE         67                        73     -6

PRECIPITATION (IN)
  YESTERDAY        0.18          2.43 1977   0.11   0.07     0.02
  MONTH TO DATE    2.13                      3.28  -1.15     5.50
  SINCE JUN 1     20.08                     11.31   8.77    16.54
  SINCE JAN 1     28.76                     25.40   3.36    24.95

DEGREE DAYS
 HEATING
  YESTERDAY        0                         0      0
  MONTH TO DATE    1                         0      1
  SINCE JUN 1     12                        16     -4
  SINCE JUL 1      4                         0      4

 COOLING
  YESTERDAY        2                         8     -6
  MONTH TO DATE  222                       274    -52
  SINCE JUN 1    805                       844    -39
  SINCE JAN 1    919                       930    -11
..................................................................


WIND (MPH)
  HIGHEST WIND SPEED    15   HIGHEST WIND DIRECTION    SE (140)
  HIGHEST GUST SPEED    19   HIGHEST GUST DIRECTION    SE (130)
  AVERAGE WIND SPEED     8.3


SKY COVER
  AVERAGE SKY COVER 0.2



RELATIVE HUMIDITY (PERCENT)
 HIGHEST    90           100 AM
 LOWEST     64           500 PM
 AVERAGE    77

..........................................................


THE QUINCY IL CLIMATE NORMALS FOR TODAY
                         NORMAL    RECORD    YEAR
 MAXIMUM TEMPERATURE (F)   83       103      1984
 MINIMUM TEMPERATURE (F)   62        43      1986


SUNRISE AND SUNSET
AUGUST 29 2015........SUNRISE   630 AM CDT   SUNSET   741 PM CDT
AUGUST 30 2015........SUNRISE   631 AM CDT   SUNSET   740 PM CDT


-  INDICATES NEGATIVE NUMBERS.
R  INDICATES RECORD WAS SET OR TIED.
MM INDICATES DATA IS MISSING.
T  INDICATES TRACE AMOUNT.




$$
