000
CDUS43 KLSX 270734
CLIUIN


CLIMATE REPORT
NATIONAL WEATHER SERVICE ST LOUIS MO
232 AM CDT WED AUG 27 2014


...................................

...THE QUINCY IL CLIMATE SUMMARY FOR AUGUST 26 2014...

CLIMATE NORMAL PERIOD 1981 TO 2010
CLIMATE RECORD PERIOD 1901 TO 2014


WEATHER ITEM   OBSERVED TIME   RECORD YEAR NORMAL DEPARTURE LAST
                VALUE   (LST)  VALUE       VALUE  FROM      YEAR
                                                  NORMAL
..................................................................
TEMPERATURE (F)
 YESTERDAY
  MAXIMUM         89    325 PM 105    1936  84      5       95
  MINIMUM         72   1159 PM  46    1910  63      9       66
  AVERAGE         81                        73      8

PRECIPITATION (IN)
  YESTERDAY        0.00          3.06 1965   0.12  -0.12     0.00
  MONTH TO DATE    5.48                      3.05   2.43     0.01
  SINCE JUN 1     16.52                     11.08   5.44     2.86
  SINCE JAN 1     24.93                     25.17  -0.24    28.10

DEGREE DAYS
 HEATING
  YESTERDAY        0                         0      0
  MONTH TO DATE    0                         0      0
  SINCE JUN 1      9                        16     -7
  SINCE JUL 1      5                         0      5

 COOLING
  YESTERDAY       16                         9      7
  MONTH TO DATE  254                       258     -4
  SINCE JUN 1    719                       828   -109
  SINCE JAN 1    862                       914    -52
..................................................................


WIND (MPH)
  HIGHEST WIND SPEED    18   HIGHEST WIND DIRECTION     N (350)
  HIGHEST GUST SPEED    23   HIGHEST GUST DIRECTION     N (350)
  AVERAGE WIND SPEED     7.2


SKY COVER
  AVERAGE SKY COVER 0.2



RELATIVE HUMIDITY (PERCENT)
 HIGHEST    88           300 AM
 LOWEST     63           400 PM
 AVERAGE    76

..........................................................


THE QUINCY IL CLIMATE NORMALS FOR TODAY
                         NORMAL    RECORD    YEAR
 MAXIMUM TEMPERATURE (F)   83       100      1983
                                             1936
 MINIMUM TEMPERATURE (F)   63        48      1986
                                             1906


SUNRISE AND SUNSET
AUGUST 27 2014........SUNRISE   628 AM CDT   SUNSET   744 PM CDT
AUGUST 28 2014........SUNRISE   629 AM CDT   SUNSET   742 PM CDT


-  INDICATES NEGATIVE NUMBERS.
R  INDICATES RECORD WAS SET OR TIED.
MM INDICATES DATA IS MISSING.
T  INDICATES TRACE AMOUNT.




$$
