000
CDUS46 KEKA 011212
CLIUKI


CLIMATE REPORT
NATIONAL WEATHER SERVICE EUREKA CA
509 AM PDT MON SEP 1 2014


...................................

...THE UKIAH CA CLIMATE SUMMARY FOR AUGUST 31 2014...

CLIMATE NORMAL PERIOD 1981 TO 2010
CLIMATE RECORD PERIOD 1903 TO 2014


WEATHER ITEM   OBSERVED TIME   RECORD YEAR NORMAL DEPARTURE LAST
                VALUE   (LST)  VALUE       VALUE  FROM      YEAR
                                                  NORMAL
..................................................................
TEMPERATURE (F)
 YESTERDAY
  MAXIMUM         96    159 PM 109    1950  90      6       93
  MINIMUM         56    538 AM  41    1928  52      4       53
  AVERAGE         76                        71      5       73

PRECIPITATION (IN)
  YESTERDAY        0.00          0.56 1983   0.01  -0.01     0.00
  MONTH TO DATE    0.01                      0.10  -0.09      T
  SINCE JUL 1      0.01                      0.14  -0.13     0.03
  SINCE JAN 1     16.64                     23.52  -6.88     5.61

SNOWFALL (IN)
  YESTERDAY        0.0          MM      MM  MM     MM        0.0
  MONTH TO DATE    0.0                      MM     MM        0.0
  SINCE JUN 1      0.0                      MM     MM        0.0
  SINCE JUL 1      0.0                      MM     MM        0.0
  SNOW DEPTH       0

DEGREE DAYS
 HEATING
  YESTERDAY        0                         0      0        0
  MONTH TO DATE    0                         0      0        0
  SINCE JUN 1      2                        35    -33       18
  SINCE JUL 1      0                         3     -3        0

 COOLING
  YESTERDAY       11                         6      5        8
  MONTH TO DATE  307                       240     67      239
  SINCE JUN 1    911                       631    280      788
  SINCE JAN 1   1000                       683    317      847
..................................................................


WIND (MPH)
  HIGHEST WIND SPEED    15   HIGHEST WIND DIRECTION    NW (330)
  HIGHEST GUST SPEED    20   HIGHEST GUST DIRECTION     N (340)
  AVERAGE WIND SPEED     3.7


SKY COVER
  AVERAGE SKY COVER 0.0


WEATHER CONDITIONS
 THE FOLLOWING WEATHER WAS RECORDED YESTERDAY.
  NO SIGNIFICANT WEATHER WAS OBSERVED.


RELATIVE HUMIDITY (PERCENT)
 HIGHEST    72
 LOWEST     11
 AVERAGE    42

..........................................................


THE UKIAH CA CLIMATE NORMALS FOR TODAY
                         NORMAL    RECORD    YEAR
 MAXIMUM TEMPERATURE (F)   90       112      1950
 MINIMUM TEMPERATURE (F)   52        41      1911


SUNRISE AND SUNSET
SEPTEMBER  1 2014.....SUNRISE   642 AM PDT   SUNSET   743 PM PDT
SEPTEMBER  2 2014.....SUNRISE   642 AM PDT   SUNSET   742 PM PDT


-  INDICATES NEGATIVE NUMBERS.
R  INDICATES RECORD WAS SET OR TIED.
MM INDICATES DATA IS MISSING.
T  INDICATES TRACE AMOUNT.




$$
