000
CDUS46 KEKA 221210
CLIUKI


CLIMATE REPORT
NATIONAL WEATHER SERVICE EUREKA CA
510 AM PDT MON SEP 22 2014


...................................

...THE UKIAH CA CLIMATE SUMMARY FOR SEPTEMBER 21 2014...

CLIMATE NORMAL PERIOD 1981 TO 2010
CLIMATE RECORD PERIOD 1903 TO 2014


WEATHER ITEM   OBSERVED TIME   RECORD YEAR NORMAL DEPARTURE LAST
                VALUE   (LST)  VALUE       VALUE  FROM      YEAR
                                                  NORMAL
..................................................................
TEMPERATURE (F)
 YESTERDAY
  MAXIMUM         88    332 PM 106    1943  86      2       70
  MINIMUM         57    425 AM  35    1924  49      8       52
  AVERAGE         73                        67      6       61

PRECIPITATION (IN)
  YESTERDAY        0.00          0.45 1923   0.02  -0.02     0.22
  MONTH TO DATE    0.07                      0.30  -0.23     0.29
  SINCE JUL 1      0.08                      0.44  -0.36     0.32
  SINCE JAN 1     16.71                     23.82  -7.11     5.90

SNOWFALL (IN)
  YESTERDAY        0.0          MM      MM  MM     MM        0.0
  MONTH TO DATE    0.0                      MM     MM        0.0
  SINCE SEP 1      0.0                      MM     MM        0.0
  SINCE JUL 1      0.0                      MM     MM        0.0
  SNOW DEPTH       0

DEGREE DAYS
 HEATING
  YESTERDAY        0                         1     -1        4
  MONTH TO DATE    0                        11    -11        7
  SINCE SEP 1      0                        11    -11        7
  SINCE JUL 1      0                        14    -14        7

 COOLING
  YESTERDAY        8                         4      4        0
  MONTH TO DATE  184                       105     79      124
  SINCE SEP 1    184                       105     79      124
  SINCE JAN 1   1184                       788    396      971
..................................................................


WIND (MPH)
  HIGHEST WIND SPEED    13   HIGHEST WIND DIRECTION    SE (130)
  HIGHEST GUST SPEED    16   HIGHEST GUST DIRECTION    SE (140)
  AVERAGE WIND SPEED     3.9


SKY COVER
  AVERAGE SKY COVER 0.2


WEATHER CONDITIONS
 THE FOLLOWING WEATHER WAS RECORDED YESTERDAY.
  FOG


RELATIVE HUMIDITY (PERCENT)
 HIGHEST    93
 LOWEST     30
 AVERAGE    62

..........................................................


THE UKIAH CA CLIMATE NORMALS FOR TODAY
                         NORMAL    RECORD    YEAR
 MAXIMUM TEMPERATURE (F)   86       108      1943
 MINIMUM TEMPERATURE (F)   48        34      1924


SUNRISE AND SUNSET
SEPTEMBER 22 2014.....SUNRISE   701 AM PDT   SUNSET   710 PM PDT
SEPTEMBER 23 2014.....SUNRISE   701 AM PDT   SUNSET   708 PM PDT


-  INDICATES NEGATIVE NUMBERS.
R  INDICATES RECORD WAS SET OR TIED.
MM INDICATES DATA IS MISSING.
T  INDICATES TRACE AMOUNT.




$$
