550
CDUS46 KEKA 111219
CLIUKI


CLIMATE REPORT
NATIONAL WEATHER SERVICE EUREKA CA
418 AM PST THU FEB 11 2016


...................................

...THE UKIAH CA CLIMATE SUMMARY FOR FEBRUARY 10 2016...

CLIMATE NORMAL PERIOD 1981 TO 2010
CLIMATE RECORD PERIOD 1903 TO 2016


WEATHER ITEM   OBSERVED TIME   RECORD YEAR NORMAL DEPARTURE LAST
                VALUE   (LST)  VALUE       VALUE  FROM      YEAR
                                                  NORMAL
..................................................................
TEMPERATURE (F)
 YESTERDAY
  MAXIMUM         71    414 PM  81    1971  60     11       62
  MINIMUM         39    712 AM  20    1929  38      1       36
  AVERAGE         55                        49      6       49

PRECIPITATION (IN)
  YESTERDAY        0.00          2.23 1941   0.21  -0.21     0.00
  MONTH TO DATE    0.29                      2.04  -1.75     4.72
  SINCE OCT 1     23.28                     22.43   0.85    22.95
  SINCE JAN 1     11.07                      9.05   2.02     5.18

SNOWFALL (IN)
  YESTERDAY        0.0          MM      MM  MM     MM        0.0
  MONTH TO DATE    0.0                      MM     MM        0.0
  SINCE DEC 1      0.0                      MM     MM        0.0
  SINCE JUL 1      0.0                      MM     MM        0.0
  SNOW DEPTH       0

DEGREE DAYS
 HEATING
  YESTERDAY       10                        16     -6       16
  MONTH TO DATE  125                       165    -40       87
  SINCE DEC 1   1224                      1342   -118      933
  SINCE JUL 1   1747                      1965   -218     1334

 COOLING
  YESTERDAY        0                         0      0        0
  MONTH TO DATE    0                         0      0        0
  SINCE DEC 1      0                         0      0        0
  SINCE JAN 1      0                         0      0        0
..................................................................


WIND (MPH)
  HIGHEST WIND SPEED     6   HIGHEST WIND DIRECTION     W (280)
  HIGHEST GUST SPEED     7   HIGHEST GUST DIRECTION     W (270)
  AVERAGE WIND SPEED     0.7


SKY COVER
  AVERAGE SKY COVER 0.0


WEATHER CONDITIONS
 THE FOLLOWING WEATHER WAS RECORDED YESTERDAY.
  NO SIGNIFICANT WEATHER WAS OBSERVED.


RELATIVE HUMIDITY (PERCENT)
 HIGHEST    93
 LOWEST     35
 AVERAGE    64

..........................................................


THE UKIAH CA CLIMATE NORMALS FOR TODAY
                         NORMAL    RECORD    YEAR
 MAXIMUM TEMPERATURE (F)   60        83      1971
 MINIMUM TEMPERATURE (F)   39        22      1948


SUNRISE AND SUNSET
FEBRUARY 11 2016......SUNRISE   710 AM PST   SUNSET   545 PM PST
FEBRUARY 12 2016......SUNRISE   708 AM PST   SUNSET   546 PM PST


-  INDICATES NEGATIVE NUMBERS.
R  INDICATES RECORD WAS SET OR TIED.
MM INDICATES DATA IS MISSING.
T  INDICATES TRACE AMOUNT.




$$
