000
CDUS43 KSGF 220629
CLIUNO


CLIMATE REPORT
NATIONAL WEATHER SERVICE SPRINGFIELD MO
1229 AM CST THU FEB 22 2018


...................................

...THE WEST PLAINS MO CLIMATE SUMMARY FOR FEBRUARY 21 2018...

CLIMATE NORMAL PERIOD 1981 TO 2010
CLIMATE RECORD PERIOD 1947 TO 2018


WEATHER ITEM   OBSERVED TIME   RECORD YEAR NORMAL DEPARTURE LAST
                VALUE   (LST)  VALUE       VALUE  FROM      YEAR
                                                  NORMAL
..................................................................
TEMPERATURE (F)
 YESTERDAY
  MAXIMUM         36   1234 AM  74    1996  51    -15       61
  MINIMUM         30    708 PM   2    1963  28      2       53
  AVERAGE         33                        39     -6       57

PRECIPITATION (IN)
  YESTERDAY        0.70          1.67 1974   0.11   0.59     0.66
  MONTH TO DATE    4.80                      2.12   2.68     2.58
  SINCE DEC 1      8.85                      8.48   0.37     5.64
  SINCE JAN 1      6.82                      4.84   1.98     4.62

DEGREE DAYS
 HEATING
  YESTERDAY       32                        26      6        8
  MONTH TO DATE  564                       590    -26      375
  SINCE DEC 1   2454                      2442     12     2034
  SINCE JUL 1   3117                      3294   -177     2554

 COOLING
  YESTERDAY        0                         0      0        0
  MONTH TO DATE    6                         0      6        0
  SINCE DEC 1      6                         0      6        0
  SINCE JAN 1      6                         0      6        0
..................................................................


WIND (MPH)
  HIGHEST WIND SPEED    21   HIGHEST WIND DIRECTION     E (100)
  HIGHEST GUST SPEED    30   HIGHEST GUST DIRECTION     E (100)
  AVERAGE WIND SPEED    10.4


SKY COVER
  AVERAGE SKY COVER 1.0


WEATHER CONDITIONS
 THE FOLLOWING WEATHER WAS RECORDED YESTERDAY.
  RAIN
  LIGHT RAIN
  FREEZING RAIN
  LT FREEZING RAIN
  FOG


RELATIVE HUMIDITY (PERCENT)
 HIGHEST   100           800 PM
 LOWEST     89           400 AM
 AVERAGE    95

..........................................................


THE WEST PLAINS MO CLIMATE NORMALS FOR TODAY
                         NORMAL    RECORD    YEAR
 MAXIMUM TEMPERATURE (F)   51        74      1988
 MINIMUM TEMPERATURE (F)   28         0      1963


SUNRISE AND SUNSET
FEBRUARY 22 2018......SUNRISE   648 AM CST   SUNSET   555 PM CST
FEBRUARY 23 2018......SUNRISE   646 AM CST   SUNSET   556 PM CST


-  INDICATES NEGATIVE NUMBERS.
R  INDICATES RECORD WAS SET OR TIED.
MM INDICATES DATA IS MISSING.
T  INDICATES TRACE AMOUNT.




$$
