493
CDUS43 KSGF 040626
CLIUNO


CLIMATE REPORT
NATIONAL WEATHER SERVICE SPRINGFIELD MO
1226 AM CST SUN DEC 4 2016


...................................

...THE WEST PLAINS MO CLIMATE SUMMARY FOR DECEMBER 3 2016...

CLIMATE NORMAL PERIOD 1981 TO 2010
CLIMATE RECORD PERIOD 1947 TO 2016


WEATHER ITEM   OBSERVED TIME   RECORD YEAR NORMAL DEPARTURE LAST
                VALUE   (LST)  VALUE       VALUE  FROM      YEAR
                                                  NORMAL
..................................................................
TEMPERATURE (F)
 YESTERDAY
  MAXIMUM         44    234 PM  77    1970  49     -5       51
  MINIMUM         37   1159 PM  13    1985  30      7       26
  AVERAGE         41                        40      1       39

PRECIPITATION (IN)
  YESTERDAY        0.09          2.79 1982   0.15  -0.06     0.00
  MONTH TO DATE    0.09                      0.48  -0.39     0.00
  SINCE DEC 1      0.09                      0.48  -0.39     0.00
  SINCE JAN 1     36.33                     43.06  -6.73    48.81

DEGREE DAYS
 HEATING
  YESTERDAY       24                        26     -2       26
  MONTH TO DATE   71                        76     -5       74
  SINCE DEC 1     71                        76     -5       74
  SINCE JUL 1    591                       928   -337      709

 COOLING
  YESTERDAY        0                         0      0        0
  MONTH TO DATE    0                         0      0        0
  SINCE DEC 1      0                         0      0        0
  SINCE JAN 1   1604                      1354    250     1366
..................................................................


WIND (MPH)
  HIGHEST WIND SPEED    12   HIGHEST WIND DIRECTION     E (110)
  HIGHEST GUST SPEED    16   HIGHEST GUST DIRECTION    SE (140)
  AVERAGE WIND SPEED     6.3


SKY COVER
  AVERAGE SKY COVER 0.6


WEATHER CONDITIONS
 THE FOLLOWING WEATHER WAS RECORDED YESTERDAY.
  LIGHT RAIN
  FOG


RELATIVE HUMIDITY (PERCENT)
 HIGHEST    92           500 PM
 LOWEST     62           100 PM
 AVERAGE    77

..........................................................


THE WEST PLAINS MO CLIMATE NORMALS FOR TODAY
                         NORMAL    RECORD    YEAR
 MAXIMUM TEMPERATURE (F)   49        73      1998
 MINIMUM TEMPERATURE (F)   29        13      1991
                                             2006


SUNRISE AND SUNSET
DECEMBER  4 2016......SUNRISE   705 AM CST   SUNSET   451 PM CST
DECEMBER  5 2016......SUNRISE   706 AM CST   SUNSET   451 PM CST


-  INDICATES NEGATIVE NUMBERS.
R  INDICATES RECORD WAS SET OR TIED.
MM INDICATES DATA IS MISSING.
T  INDICATES TRACE AMOUNT.




$$
