000
CDUS43 KSGF 312225
CLIUNO


CLIMATE REPORT
NATIONAL WEATHER SERVICE SPRINGFIELD MO
525 PM CDT WED AUG 31 2016


...................................

...THE WEST PLAINS MO CLIMATE SUMMARY FOR AUGUST 31 2016...
VALID TODAY AS OF 0500 PM LOCAL TIME.

CLIMATE NORMAL PERIOD 1981 TO 2010
CLIMATE RECORD PERIOD 1947 TO 2016


WEATHER ITEM   OBSERVED TIME   RECORD YEAR NORMAL DEPARTURE LAST
                VALUE   (LST)  VALUE       VALUE  FROM      YEAR
                                                  NORMAL
..................................................................
TEMPERATURE (F)
 TODAY
  MAXIMUM         85   1232 PM 104    2000  87     -2       88
  MINIMUM         67    535 AM  50    2009  63      4       68
                                      1988
  AVERAGE         76                        75      1       78

PRECIPITATION (IN)
  TODAY            0.00          2.12 2012   0.12  -0.12     0.00
  MONTH TO DATE    3.63                      3.23   0.40     4.52
  SINCE JUN 1     17.38                     10.80   6.58    18.10
  SINCE JAN 1     32.12                     30.07   2.05    35.71

DEGREE DAYS
 HEATING
  TODAY            0                         0      0        0
  MONTH TO DATE    0                         0      0        0
  SINCE JUN 1      0                         6     -6        5
  SINCE JUL 1      0                         1     -1        0

 COOLING
  TODAY           11                        10      1       13
  MONTH TO DATE  391                       379     12      276
  SINCE JUN 1   1196                      1050    146     1035
  SINCE JAN 1   1289                      1172    117     1157
..................................................................


WIND (MPH)
  HIGHEST WIND SPEED    14   HIGHEST WIND DIRECTION     N (360)
  HIGHEST GUST SPEED    18   HIGHEST GUST DIRECTION     N (340)


SKY COVER
  AVERAGE SKY COVER 0.1


WEATHER CONDITIONS
 THE FOLLOWING WEATHER WAS RECORDED TODAY.
  THUNDERSTORM
  FOG


RELATIVE HUMIDITY (PERCENT)
 HIGHEST    90          1200 AM
 LOWEST     65          1000 AM
 AVERAGE    78

..........................................................


THE WEST PLAINS MO CLIMATE NORMALS FOR TOMORROW
                         NORMAL    RECORD    YEAR
 MAXIMUM TEMPERATURE (F)   86       101      2000
 MINIMUM TEMPERATURE (F)   63        42      1949


SUNRISE AND SUNSET
AUGUST 31 2016........SUNRISE   638 AM CDT   SUNSET   737 PM CDT
SEPTEMBER  1 2016.....SUNRISE   639 AM CDT   SUNSET   735 PM CDT


-  INDICATES NEGATIVE NUMBERS.
R  INDICATES RECORD WAS SET OR TIED.
MM INDICATES DATA IS MISSING.
T  INDICATES TRACE AMOUNT.




$$
