000
CDUS43 KSGF 070636
CLIUNO


CLIMATE REPORT
NATIONAL WEATHER SERVICE SPRINGFIELD MO
136 AM CDT TUE JUL 7 2015


...................................

...THE WEST PLAINS MO CLIMATE SUMMARY FOR JULY 6 2015...

CLIMATE NORMAL PERIOD 1981 TO 2010
CLIMATE RECORD PERIOD 1947 TO 2015


WEATHER ITEM   OBSERVED TIME   RECORD YEAR NORMAL DEPARTURE LAST
                VALUE   (LST)  VALUE       VALUE  FROM      YEAR
                                                  NORMAL
..................................................................
TEMPERATURE (F)
 YESTERDAY
  MAXIMUM         86    106 PM 104    2012  89     -3       79
  MINIMUM         70    545 AM  46    1972  67      3       64
  AVERAGE         78                        78      0       72

PRECIPITATION (IN)
  YESTERDAY        0.00          1.77 1965   0.11  -0.11     0.03
  MONTH TO DATE    2.06                      0.66   1.40     0.31
  SINCE JUN 1      7.78                      4.68   3.10     5.54
  SINCE JAN 1     25.39                     23.95   1.44    17.52

DEGREE DAYS
 HEATING
  YESTERDAY        0                         0      0        0
  MONTH TO DATE    0                         0      0        0
  SINCE JUN 1      5                         5      0        2
  SINCE JUL 1      0                         0      0        0

 COOLING
  YESTERDAY       13                        13      0        7
  MONTH TO DATE   63                        74    -11       35
  SINCE JUN 1    378                       340     38      300
  SINCE JAN 1    500                       462     38      450
..................................................................


WIND (MPH)
  HIGHEST WIND SPEED    16   HIGHEST WIND DIRECTION     S (180)
  HIGHEST GUST SPEED    19   HIGHEST GUST DIRECTION     S (190)
  AVERAGE WIND SPEED     7.2


SKY COVER
  AVERAGE SKY COVER 0.6


WEATHER CONDITIONS
 THE FOLLOWING WEATHER WAS RECORDED YESTERDAY.
  FOG
  FOG W/VISIBILITY <= 1/4 MILE


RELATIVE HUMIDITY (PERCENT)
 HIGHEST    97           500 AM
 LOWEST     65          1200 PM
 AVERAGE    81

..........................................................


THE WEST PLAINS MO CLIMATE NORMALS FOR TODAY
                         NORMAL    RECORD    YEAR
 MAXIMUM TEMPERATURE (F)   89       102      2012
 MINIMUM TEMPERATURE (F)   67        49      1972


SUNRISE AND SUNSET
JULY  7 2015..........SUNRISE   555 AM CDT   SUNSET   830 PM CDT
JULY  8 2015..........SUNRISE   556 AM CDT   SUNSET   830 PM CDT


-  INDICATES NEGATIVE NUMBERS.
R  INDICATES RECORD WAS SET OR TIED.
MM INDICATES DATA IS MISSING.
T  INDICATES TRACE AMOUNT.




$$
