000
CDUS43 KSGF 250632
CLIUNO


CLIMATE REPORT
NATIONAL WEATHER SERVICE SPRINGFIELD MO
131 AM CDT SUN JUN 25 2017


...................................

...THE WEST PLAINS MO CLIMATE SUMMARY FOR JUNE 24 2017...

CLIMATE NORMAL PERIOD 1981 TO 2010
CLIMATE RECORD PERIOD 1947 TO 2017


WEATHER ITEM   OBSERVED TIME   RECORD YEAR NORMAL DEPARTURE LAST
                VALUE   (LST)  VALUE       VALUE  FROM      YEAR
                                                  NORMAL
..................................................................
TEMPERATURE (F)
 YESTERDAY
  MAXIMUM         80    407 PM 100    1952  86     -6       87
  MINIMUM         59   1159 PM  47    1961  65     -6       69
  AVERAGE         70                        76     -6       78

PRECIPITATION (IN)
  YESTERDAY        0.00          1.30 1994   0.14  -0.14     0.07
  MONTH TO DATE    1.06                      3.23  -2.17     3.78
  SINCE JUN 1      1.06                      3.23  -2.17     3.78
  SINCE JAN 1     36.47                     22.50  13.97    18.52

DEGREE DAYS
 HEATING
  YESTERDAY        0                         0      0        0
  MONTH TO DATE    0                         4     -4        0
  SINCE JUN 1      0                         4     -4        0
  SINCE JUL 1   3324                      4346  -1022     3525

 COOLING
  YESTERDAY        5                        11     -6       13
  MONTH TO DATE  205                       198      7      272
  SINCE JUN 1    205                       198      7      272
  SINCE JAN 1    327                       320      7      365
..................................................................


WIND (MPH)
  HIGHEST WIND SPEED    13   HIGHEST WIND DIRECTION    NW (330)
  HIGHEST GUST SPEED    17   HIGHEST GUST DIRECTION    NW (330)
  AVERAGE WIND SPEED     5.5


SKY COVER
  AVERAGE SKY COVER 0.1


WEATHER CONDITIONS
 THE FOLLOWING WEATHER WAS RECORDED YESTERDAY.
  NO SIGNIFICANT WEATHER WAS OBSERVED.


RELATIVE HUMIDITY (PERCENT)
 HIGHEST    84          1200 AM
 LOWEST     36           600 PM
 AVERAGE    60

..........................................................


THE WEST PLAINS MO CLIMATE NORMALS FOR TODAY
                         NORMAL    RECORD    YEAR
 MAXIMUM TEMPERATURE (F)   87       101      2012
 MINIMUM TEMPERATURE (F)   66        48      1974


SUNRISE AND SUNSET
JUNE 25 2017..........SUNRISE   550 AM CDT   SUNSET   831 PM CDT
JUNE 26 2017..........SUNRISE   550 AM CDT   SUNSET   831 PM CDT


-  INDICATES NEGATIVE NUMBERS.
R  INDICATES RECORD WAS SET OR TIED.
MM INDICATES DATA IS MISSING.
T  INDICATES TRACE AMOUNT.




$$
