000
CDUS43 KSGF 160628
CLIUNO


CLIMATE REPORT
NATIONAL WEATHER SERVICE SPRINGFIELD MO
127 AM CDT WED APR 16 2014


...................................

...THE WEST PLAINS MO CLIMATE SUMMARY FOR APRIL 15 2014...

CLIMATE NORMAL PERIOD 1981 TO 2010
CLIMATE RECORD PERIOD 1947 TO 2014


WEATHER ITEM   OBSERVED TIME   RECORD YEAR NORMAL DEPARTURE LAST
                VALUE   (LST)  VALUE       VALUE  FROM      YEAR
                                                  NORMAL
..................................................................
TEMPERATURE (F)
 YESTERDAY
  MAXIMUM         53    352 PM  84    1967  70    -17       77
  MINIMUM         27    533 AM  25    1950  45    -18       56
  AVERAGE         40                        57    -17       67

PRECIPITATION (IN)
  YESTERDAY        0.00          1.53 1956   0.14  -0.14     0.00
  MONTH TO DATE    3.35                      2.06   1.29     1.92
  SINCE MAR 1      6.57                      6.35   0.22     5.67
  SINCE JAN 1      8.42                     11.91  -3.49    12.99

DEGREE DAYS
 HEATING
  YESTERDAY       25                         9     16        0
  MONTH TO DATE  161                       156      5      162
  SINCE MAR 1    863                       702    161      896
  SINCE JUL 1   4661                      4166    495     4208

 COOLING
  YESTERDAY        0                         1     -1        2
  MONTH TO DATE    7                        10     -3        9
  SINCE MAR 1      7                        14     -7        9
  SINCE JAN 1      7                        14     -7        9
..................................................................


WIND (MPH)
  HIGHEST WIND SPEED    15   HIGHEST WIND DIRECTION     N (10)
  HIGHEST GUST SPEED    23   HIGHEST GUST DIRECTION    NW (320)
  AVERAGE WIND SPEED     6.2


SKY COVER
  AVERAGE SKY COVER 0.0


WEATHER CONDITIONS
 THE FOLLOWING WEATHER WAS RECORDED YESTERDAY.
  NO SIGNIFICANT WEATHER WAS OBSERVED.


RELATIVE HUMIDITY (PERCENT)
 HIGHEST    75           400 AM
 LOWEST     30           300 PM
 AVERAGE    53

..........................................................


THE WEST PLAINS MO CLIMATE NORMALS FOR TODAY
                         NORMAL    RECORD    YEAR
 MAXIMUM TEMPERATURE (F)   70        88      2006
                                             1955
 MINIMUM TEMPERATURE (F)   45        24      1962


SUNRISE AND SUNSET
APRIL 16 2014.........SUNRISE   632 AM CDT   SUNSET   743 PM CDT
APRIL 17 2014.........SUNRISE   631 AM CDT   SUNSET   744 PM CDT


-  INDICATES NEGATIVE NUMBERS.
R  INDICATES RECORD WAS SET OR TIED.
MM INDICATES DATA IS MISSING.
T  INDICATES TRACE AMOUNT.




$$
