000
CDUS43 KUNR 030834
CLIUNR


CLIMATE REPORT
NATIONAL WEATHER SERVICE RAPID CITY SD
233 AM MDT THU SEP 3 2015


...................................

...THE EAST RAPID CITY SD CLIMATE SUMMARY FOR SEPTEMBER 2 2015...

CLIMATE NORMAL PERIOD 1981 TO 2010
CLIMATE RECORD PERIOD 1888 TO 2015


WEATHER ITEM   OBSERVED RECORD YEAR NORMAL DEPARTURE LAST
                VALUE   VALUE       VALUE  FROM      YEAR
                                           NORMAL
...........................................................
TEMPERATURE (F)
 YESTERDAY
  MAXIMUM         95    103    1960  79     16       79
  MINIMUM         67     40    1914  56     11       54
  AVERAGE         81                 67     14       67

PRECIPITATION (IN)
  YESTERDAY        0.00   1.01 1919   0.05  -0.05     0.00
  MONTH TO DATE    0.00               0.10  -0.10     0.40
  SINCE SEP 1      0.00               0.10  -0.10     0.40
  SINCE JAN 1     22.10              15.78   6.32    17.80

SNOWFALL (IN)
  YESTERDAY        0.0    0.0  2002   0.0    0.0      0.0
                               2001
                               2000
  MONTH TO DATE    0.0                0.0    0.0      0.0
  SINCE SEP 1      0.0                0.0    0.0      0.0
  SINCE JUL 1      0.0                0.0    0.0      0.0
  SNOW DEPTH       0

DEGREE DAYS
 HEATING
  YESTERDAY        0                  2     -2        0
  MONTH TO DATE    0                  4     -4        3
  SINCE SEP 1      0                  4     -4        3
  SINCE JUL 1     30                 34     -4       27

 COOLING
  YESTERDAY       16                  5     11        2
  MONTH TO DATE   23                 10     13        2
  SINCE SEP 1     23                 10     13        2
  SINCE JAN 1    600                605     -5      438
...........................................................


WIND (MPH)
  HIGHEST GUST SPEED    17   HIGHEST GUST DIRECTION    NE (30)



WEATHER CONDITIONS
 THE FOLLOWING WEATHER WAS RECORDED YESTERDAY.
  NO SIGNIFICANT WEATHER WAS OBSERVED.


..........................................................


THE EAST RAPID CITY SD CLIMATE NORMALS FOR TODAY
                         NORMAL    RECORD    YEAR
 MAXIMUM TEMPERATURE (F)   79       100      1899
 MINIMUM TEMPERATURE (F)   55        39      1905


SUNRISE AND SUNSET
SEPTEMBER  3 2015.....SUNRISE   618 AM MDT   SUNSET   726 PM MDT
SEPTEMBER  4 2015.....SUNRISE   619 AM MDT   SUNSET   724 PM MDT


-  INDICATES NEGATIVE NUMBERS.
R  INDICATES RECORD WAS SET OR TIED.
MM INDICATES DATA IS MISSING.
T  INDICATES TRACE AMOUNT.




$$
