000
CDUS43 KUNR 200831
CLIUNR


CLIMATE REPORT
NATIONAL WEATHER SERVICE RAPID CITY SD
231 AM MDT SUN AUG 20 2017


...................................

...THE EAST RAPID CITY SD CLIMATE SUMMARY FOR AUGUST 19 2017...

CLIMATE NORMAL PERIOD 1981 TO 2010
CLIMATE RECORD PERIOD 1888 TO 2017


WEATHER ITEM   OBSERVED RECORD YEAR NORMAL DEPARTURE LAST
                VALUE   VALUE       VALUE  FROM      YEAR
                                           NORMAL
...........................................................
TEMPERATURE (F)
 YESTERDAY
  MAXIMUM         93    100    1948  84      9       61
  MINIMUM         58     46    1908  60     -2       51
  AVERAGE         76                 72      4       56

PRECIPITATION (IN)
  YESTERDAY        0.00   1.30 1915   0.05  -0.05     0.24
  MONTH TO DATE    2.39               1.36   1.03     2.15
  SINCE JUN 1      5.16               7.02  -1.86     5.59
  SINCE JAN 1      9.79              15.07  -5.28    10.13

SNOWFALL (IN)
  YESTERDAY        0.0    0.0  2002   0.0    0.0      0.0
                               2001
                               2000
  MONTH TO DATE    0.0                0.0    0.0      0.0
  SINCE JUN 1      0.0                0.0    0.0      0.0
  SINCE JUL 1      0.0                0.0    0.0      0.0
  SNOW DEPTH       0

DEGREE DAYS
 HEATING
  YESTERDAY        0                  0      0        9
  MONTH TO DATE    5                  0      5        9
  SINCE JUN 1     17                100    -83       15
  SINCE JUL 1      5                 12     -7       10

 COOLING
  YESTERDAY       11                  7      4        0
  MONTH TO DATE   71                156    -85      165
  SINCE JUN 1    637                507    130      695
  SINCE JAN 1    650                525    125      701
...........................................................


WIND (MPH)
  HIGHEST GUST SPEED    28   HIGHEST GUST DIRECTION     N (360)



WEATHER CONDITIONS
 THE FOLLOWING WEATHER WAS RECORDED YESTERDAY.
  NO SIGNIFICANT WEATHER WAS OBSERVED.


..........................................................


THE EAST RAPID CITY SD CLIMATE NORMALS FOR TODAY
                         NORMAL    RECORD    YEAR
 MAXIMUM TEMPERATURE (F)   83       102      1898
 MINIMUM TEMPERATURE (F)   59        43      1964


SUNRISE AND SUNSET
AUGUST 20 2017........SUNRISE   603 AM MDT   SUNSET   749 PM MDT
AUGUST 21 2017........SUNRISE   604 AM MDT   SUNSET   747 PM MDT


-  INDICATES NEGATIVE NUMBERS.
R  INDICATES RECORD WAS SET OR TIED.
MM INDICATES DATA IS MISSING.
T  INDICATES TRACE AMOUNT.




$$
