000
CDUS43 KUNR 250832
CLIUNR


CLIMATE REPORT
NATIONAL WEATHER SERVICE RAPID CITY SD
231 AM MDT TUE APR 25 2017


...................................

...THE EAST RAPID CITY SD CLIMATE SUMMARY FOR APRIL 24 2017...

CLIMATE NORMAL PERIOD 1981 TO 2010
CLIMATE RECORD PERIOD 1888 TO 2017


WEATHER ITEM   OBSERVED RECORD YEAR NORMAL DEPARTURE LAST
                VALUE   VALUE       VALUE  FROM      YEAR
                                           NORMAL
...........................................................
TEMPERATURE (F)
 YESTERDAY
  MAXIMUM         58     88    1962  59     -1       63
  MINIMUM         36     23    1907  37     -1       42
  AVERAGE         47                 48     -1       53

PRECIPITATION (IN)
  YESTERDAY        T      1.16 1929   0.08  -0.08     0.00
  MONTH TO DATE    1.24               1.54  -0.30     0.42
  SINCE MAR 1      2.04               2.53  -0.49     1.47
  SINCE JAN 1      2.83               3.30  -0.47     2.28

SNOWFALL (IN)
  YESTERDAY        0.0    8.0  1929   0.2   -0.2      0.0
  MONTH TO DATE    1.4                7.6   -6.2      1.2
  SINCE MAR 1      2.7               19.4  -16.7      9.1
  SINCE JUL 1     35.9               46.1  -10.2     39.0
  SNOW DEPTH       0

DEGREE DAYS
 HEATING
  YESTERDAY       18                 17      1       12
  MONTH TO DATE  384                509   -125      351
  SINCE MAR 1   1153               1417   -264     1036
  SINCE JUL 1   5749               6371   -622     5285

 COOLING
  YESTERDAY        0                  0      0        0
  MONTH TO DATE    0                  0      0        2
  SINCE MAR 1      0                  0      0        2
  SINCE JAN 1      0                  0      0        2
...........................................................


WIND (MPH)
  HIGHEST GUST SPEED    35   HIGHEST GUST DIRECTION     N (360)



WEATHER CONDITIONS
 THE FOLLOWING WEATHER WAS RECORDED YESTERDAY.
  LIGHT RAIN
  FOG


..........................................................


THE EAST RAPID CITY SD CLIMATE NORMALS FOR TODAY
                         NORMAL    RECORD    YEAR
 MAXIMUM TEMPERATURE (F)   59        85      1901
 MINIMUM TEMPERATURE (F)   38        21      1950


SUNRISE AND SUNSET
APRIL 25 2017.........SUNRISE   553 AM MDT   SUNSET   749 PM MDT
APRIL 26 2017.........SUNRISE   551 AM MDT   SUNSET   751 PM MDT


-  INDICATES NEGATIVE NUMBERS.
R  INDICATES RECORD WAS SET OR TIED.
MM INDICATES DATA IS MISSING.
T  INDICATES TRACE AMOUNT.




$$
