000
CDUS43 KUNR 290833
CLIUNR


CLIMATE REPORT
NATIONAL WEATHER SERVICE RAPID CITY SD
231 AM MDT FRI APR 29 2016


...................................

...THE EAST RAPID CITY SD CLIMATE SUMMARY FOR APRIL 28 2016...

CLIMATE NORMAL PERIOD 1981 TO 2010
CLIMATE RECORD PERIOD 1888 TO 2016


WEATHER ITEM   OBSERVED RECORD YEAR NORMAL DEPARTURE LAST
                VALUE   VALUE       VALUE  FROM      YEAR
                                           NORMAL
...........................................................
TEMPERATURE (F)
 YESTERDAY
  MAXIMUM         39     90    1910  60    -21       62
  MINIMUM         30     20    1956  39     -9       37
  AVERAGE         35                 50    -15       50

PRECIPITATION (IN)
  YESTERDAY        T      1.10 1950   0.09  -0.09     0.00
  MONTH TO DATE    1.18               1.90  -0.72     0.95
  SINCE MAR 1      2.23               2.89  -0.66     1.05
  SINCE JAN 1      3.04               3.66  -0.62     1.60

SNOWFALL (IN)
  YESTERDAY        T     12.0  1950   0.2   -0.2      0.0
  MONTH TO DATE    3.8                8.4   -4.6       T
  SINCE MAR 1     11.7               20.2   -8.5      1.4
  SINCE JUL 1     41.6               46.9   -5.3     37.1
  SNOW DEPTH       T

DEGREE DAYS
 HEATING
  YESTERDAY       30                 16     14       15
  MONTH TO DATE  464                574   -110      496
  SINCE MAR 1   1149               1482   -333     1121
  SINCE JUL 1   5398               6436  -1038     5817

 COOLING
  YESTERDAY        0                  0      0        0
  MONTH TO DATE    2                  0      2        0
  SINCE MAR 1      2                  0      2        6
  SINCE JAN 1      2                  0      2        6
...........................................................


WIND (MPH)
  HIGHEST GUST SPEED    20   HIGHEST GUST DIRECTION     N (10)



WEATHER CONDITIONS
 THE FOLLOWING WEATHER WAS RECORDED YESTERDAY.
  LIGHT RAIN
  LIGHT SNOW
  FOG


..........................................................


THE EAST RAPID CITY SD CLIMATE NORMALS FOR TODAY
                         NORMAL    RECORD    YEAR
 MAXIMUM TEMPERATURE (F)   61        85      1926
 MINIMUM TEMPERATURE (F)   39        12      1950


SUNRISE AND SUNSET
APRIL 29 2016.........SUNRISE   546 AM MDT   SUNSET   755 PM MDT
APRIL 30 2016.........SUNRISE   545 AM MDT   SUNSET   756 PM MDT


-  INDICATES NEGATIVE NUMBERS.
R  INDICATES RECORD WAS SET OR TIED.
MM INDICATES DATA IS MISSING.
T  INDICATES TRACE AMOUNT.




$$
