000
CDUS44 KCRP 230740
CLIVCT

CLIMATE REPORT
NATIONAL WEATHER SERVICE CORPUS CHRISTI TX
239 AM CDT WED APR 23 2014


...................................

...THE VICTORIA CLIMATE SUMMARY FOR APRIL 22 2014...

CLIMATE NORMAL PERIOD 1981 TO 2010
CLIMATE RECORD PERIOD 1893 TO 2014


WEATHER ITEM   OBSERVED TIME   RECORD YEAR NORMAL DEPARTURE LAST
                VALUE   (LST)  VALUE       VALUE  FROM      YEAR
                                                  NORMAL
..................................................................
TEMPERATURE (F)
 YESTERDAY
  MAXIMUM         90    410 PM  94    2009  82      8       85
  MINIMUM         64    614 AM  42    1931  61      3       54
  AVERAGE         77                        71      6       70

PRECIPITATION (IN)
  YESTERDAY        0.00          1.10 1949   0.10  -0.10     0.00
  MONTH TO DATE    0.38                      1.97  -1.59     0.41
  SINCE MAR 1      2.00                      4.74  -2.74     0.73
  SINCE JAN 1      3.66                      9.34  -5.68     4.82

SNOWFALL (IN)
  YESTERDAY        0.0
  MONTH TO DATE    0.0
  SINCE MAR 1      0.0
  SINCE JUL 1      T
  SNOW DEPTH       0

DEGREE DAYS
 HEATING
  YESTERDAY        0                         1     -1        0
  MONTH TO DATE   32                        29      3       43
  SINCE MAR 1    237                       154     83      193
  SINCE JUL 1   1490                      1247    243     1008

 COOLING
  YESTERDAY       12                         7      5        5
  MONTH TO DATE  104                       115    -11      101
  SINCE MAR 1    156                       189    -33      174
  SINCE JAN 1    214                       227    -13      233
..................................................................


WIND (MPH)
  HIGHEST WIND SPEED    16   HIGHEST WIND DIRECTION    NE (50)
  HIGHEST GUST SPEED    20   HIGHEST GUST DIRECTION    NE (60)
  AVERAGE WIND SPEED     5.7


SKY COVER
  POSSIBLE SUNSHINE  MM
  AVERAGE SKY COVER 0.5


WEATHER CONDITIONS
 THE FOLLOWING WEATHER WAS RECORDED YESTERDAY.
  FOG


RELATIVE HUMIDITY (PERCENT)
 HIGHEST   100           300 AM
 LOWEST     44           400 PM
 AVERAGE    72

..........................................................


THE VICTORIA CLIMATE NORMALS FOR TODAY
                         NORMAL    RECORD    YEAR
 MAXIMUM TEMPERATURE (F)   82        93      1958
                                             1955
 MINIMUM TEMPERATURE (F)   61        46      1927


SUNRISE AND SUNSET
APRIL 23 2014.........SUNRISE   654 AM CDT   SUNSET   759 PM CDT
APRIL 24 2014.........SUNRISE   653 AM CDT   SUNSET   759 PM CDT


-  INDICATES NEGATIVE NUMBERS.
R  INDICATES RECORD WAS SET OR TIED.
MM INDICATES DATA IS MISSING.
T  INDICATES TRACE AMOUNT.

$$
