000
CDUS44 KCRP 012335
CLIVCT

CLIMATE REPORT
NATIONAL WEATHER SERVICE CORPUS CHRISTI TX
535 PM CST SUN FEB 1 2015

...................................

...THE VICTORIA CLIMATE SUMMARY FOR FEBRUARY 1 2015...
VALID TODAY AS OF 535 PM LOCAL TIME.

CLIMATE NORMAL PERIOD 1981 TO 2010
CLIMATE RECORD PERIOD 1893 TO 2015


WEATHER ITEM   OBSERVED TIME   RECORD YEAR NORMAL DEPARTURE LAST
                VALUE   (LST)  VALUE       VALUE  FROM      YEAR
                                                  NORMAL
..................................................................
TEMPERATURE (F)
 TODAY
  MAXIMUM         79    336 PM  90    1927  66     13       76
  MINIMUM         56    639 AM  17    1951  44     12       66
  AVERAGE         68                        55     13       71

PRECIPITATION (IN)
  TODAY            0.00          1.03 1959   0.08  -0.08      T
  MONTH TO DATE    0.00                      0.08  -0.08      T
  SINCE DEC 1      5.28                      4.91   0.37     1.59
  SINCE JAN 1      3.07                      2.60   0.47     1.14

SNOWFALL (IN)
  TODAY            0.0
  MONTH TO DATE    0.0
  SINCE DEC 1      0.0
  SINCE JUL 1      0.0
  SNOW DEPTH       0

DEGREE DAYS
 HEATING
  TODAY            0                        11    -11        0
  MONTH TO DATE    0                        11    -11        0
  SINCE DEC 1    599                       700   -101      768
  SINCE JUL 1    790                       863    -73      965

 COOLING
  TODAY            3                         1      2        6
  MONTH TO DATE    3                         1      2        6
  SINCE DEC 1     30                        42    -12       41
  SINCE JAN 1      4                        15    -11        9
..................................................................


WIND (MPH)
  HIGHEST WIND SPEED    18   HIGHEST WIND DIRECTION    SW (210)
  HIGHEST GUST SPEED    23   HIGHEST GUST DIRECTION     S (200)


SKY COVER
  POSSIBLE SUNSHINE  MM
  AVERAGE SKY COVER 0.5


WEATHER CONDITIONS
 THE FOLLOWING WEATHER WAS RECORDED TODAY.
  FOG
  FOG W/VISIBILITY <= 1/4 MILE


RELATIVE HUMIDITY (PERCENT)
 HIGHEST   100           600 AM
 LOWEST     54           300 PM
 AVERAGE    77

..........................................................


THE VICTORIA CLIMATE NORMALS FOR TOMORROW
                         NORMAL    RECORD    YEAR
 MAXIMUM TEMPERATURE (F)   66        90      1927
 MINIMUM TEMPERATURE (F)   44        15      1951


SUNRISE AND SUNSET
FEBRUARY  1 2015......SUNRISE   716 AM CST   SUNSET   607 PM CST
FEBRUARY  2 2015......SUNRISE   716 AM CST   SUNSET   607 PM CST


-  INDICATES NEGATIVE NUMBERS.
R  INDICATES RECORD WAS SET OR TIED.
MM INDICATES DATA IS MISSING.
T  INDICATES TRACE AMOUNT.




$$
