000
CDUS44 KCRP 191031
CLIVCT

CLIMATE REPORT
NATIONAL WEATHER SERVICE CORPUS CHRISTI TX
428 AM CST SUN NOV 19 2017

...THE VICTORIA CLIMATE SUMMARY FOR NOVEMBER 18 2017...

CLIMATE NORMAL PERIOD 1981 TO 2010
CLIMATE RECORD PERIOD 1893 TO 2017


WEATHER ITEM   OBSERVED TIME   RECORD YEAR NORMAL DEPARTURE LAST
                VALUE   (LST)  VALUE       VALUE  FROM      YEAR
                                                  NORMAL
..................................................................
TEMPERATURE (F)
 YESTERDAY
  MAXIMUM         88R   324 PM  88    1973  73     15       85
  MINIMUM         59   1159 PM  26    1959  51      8       57
  AVERAGE         74                        62     12       71

PRECIPITATION (IN)
  YESTERDAY        0.00          2.06 2016   0.11  -0.11     2.06
  MONTH TO DATE    0.48                      2.03  -1.55     3.93
  SINCE SEP 1      4.18                     10.83  -6.65     6.54
  SINCE JAN 1     44.58                     37.70   6.88    36.12

SNOWFALL (IN)
  YESTERDAY        0.0
  MONTH TO DATE    0.0
  SINCE SEP 1      0.0
  SINCE JUL 1      0.0
  SNOW DEPTH       0

DEGREE DAYS
 HEATING
  YESTERDAY        0                         5     -5        0
  MONTH TO DATE   22                        61    -39        0
  SINCE SEP 1     66                        84    -18        6
  SINCE JUL 1     66                        84    -18        6

 COOLING
  YESTERDAY        9                         2      7        6
  MONTH TO DATE  138                        60     78      110
  SINCE SEP 1    845                       750     95      919
  SINCE JAN 1   3678                      3103    575     3406
..................................................................


WIND (MPH)
  HIGHEST WIND SPEED    29   HIGHEST WIND DIRECTION     N (360)
  HIGHEST GUST SPEED    38   HIGHEST GUST DIRECTION     N (360)
  AVERAGE WIND SPEED    12.1


SKY COVER
  POSSIBLE SUNSHINE  MM
  AVERAGE SKY COVER 0.5


WEATHER CONDITIONS
 THE FOLLOWING WEATHER WAS RECORDED YESTERDAY.
  FOG


RELATIVE HUMIDITY (PERCENT)
 HIGHEST    97           300 AM
 LOWEST     31           500 PM
 AVERAGE    64

..........................................................


THE VICTORIA CLIMATE NORMALS FOR TODAY
                         NORMAL    RECORD    YEAR
 MAXIMUM TEMPERATURE (F)   73        87      1988
                                             1945
 MINIMUM TEMPERATURE (F)   51        30      1959


SUNRISE AND SUNSET
NOVEMBER 19 2017......SUNRISE   654 AM CST   SUNSET   532 PM CST
NOVEMBER 20 2017......SUNRISE   655 AM CST   SUNSET   532 PM CST


-  INDICATES NEGATIVE NUMBERS.
R  INDICATES RECORD WAS SET OR TIED.
MM INDICATES DATA IS MISSING.
T  INDICATES TRACE AMOUNT.

$$

87
