000
CDUS44 KCRP 292314 RRA
CLIVCT

CLIMATE REPORT
NATIONAL WEATHER SERVICE CORPUS CHRISTI TX
615 PM CDT MON JUN 29 2015

...................................

...THE VICTORIA CLIMATE SUMMARY FOR JUNE 29 2015...
VALID TODAY AS OF 615 PM LOCAL TIME.

CLIMATE NORMAL PERIOD 1981 TO 2010
CLIMATE RECORD PERIOD 1893 TO 2015


WEATHER ITEM   OBSERVED TIME   RECORD YEAR NORMAL DEPARTURE LAST
                VALUE   (LST)  VALUE       VALUE  FROM      YEAR
                                                  NORMAL
..................................................................
TEMPERATURE (F)
 TODAY
  MAXIMUM         92    145 PM 109    2013  93     -1       92
  MINIMUM         76    617 AM  63    1985  74      2       79
  AVERAGE         84                        83      1       86

PRECIPITATION (IN)
  TODAY            0.05          3.31 2002   0.13  -0.08     0.00
  MONTH TO DATE    9.37                      4.33   5.04     4.11
  SINCE JUN 1      9.37                      4.33   5.04     4.11
  SINCE JAN 1     37.10                     19.71  17.39    15.39

SNOWFALL (IN)
  TODAY            0.0
  MONTH TO DATE    0.0
  SINCE JUN 1      0.0
  SINCE JUL 1      0.0
  SNOW DEPTH       0

DEGREE DAYS
 HEATING
  TODAY            0                         0      0        0
  MONTH TO DATE    0                         0      0        0
  SINCE JUN 1      0                         0      0        0
  SINCE JUL 1   1220                      1249    -29     1493

 COOLING
  TODAY           19                        18      1       21
  MONTH TO DATE  479                       490    -11      539
  SINCE JUN 1    479                       490    -11      539
  SINCE JAN 1   1179                      1149     30     1189
..................................................................


WIND (MPH)
  HIGHEST WIND SPEED    25   HIGHEST WIND DIRECTION    SE (150)
  HIGHEST GUST SPEED    29   HIGHEST GUST DIRECTION     S (170)


SKY COVER
  POSSIBLE SUNSHINE  MM
  AVERAGE SKY COVER 0.3


WEATHER CONDITIONS
 THE FOLLOWING WEATHER WAS RECORDED TODAY.
  THUNDERSTORM
  HEAVY RAIN
  LIGHT RAIN
  FOG
  HAZE


RELATIVE HUMIDITY (PERCENT)
 HIGHEST   100           100 AM
 LOWEST     60           100 PM
 AVERAGE    80

..........................................................


THE VICTORIA CLIMATE NORMALS FOR TOMORROW
                         NORMAL    RECORD    YEAR
 MAXIMUM TEMPERATURE (F)   93       104      1937
 MINIMUM TEMPERATURE (F)   74        67      1985
                                             1974


SUNRISE AND SUNSET
JUNE 29 2015..........SUNRISE   632 AM CDT   SUNSET   830 PM CDT
JUNE 30 2015..........SUNRISE   632 AM CDT   SUNSET   830 PM CDT


-  INDICATES NEGATIVE NUMBERS.
R  INDICATES RECORD WAS SET OR TIED.
MM INDICATES DATA IS MISSING.
T  INDICATES TRACE AMOUNT.




$$
