000
CDUS44 KCRP 191007
CLIVCT

CLIMATE REPORT
NATIONAL WEATHER SERVICE CORPUS CHRISTI TX
404 AM CST FRI JAN 19 2018


...................................

...THE VICTORIA CLIMATE SUMMARY FOR JANUARY 18 2018...

CLIMATE NORMAL PERIOD 1981 TO 2010
CLIMATE RECORD PERIOD 1893 TO 2018


WEATHER ITEM   OBSERVED TIME   RECORD YEAR NORMAL DEPARTURE LAST
                VALUE   (LST)  VALUE       VALUE  FROM      YEAR
                                                  NORMAL
..................................................................
TEMPERATURE (F)
 YESTERDAY
  MAXIMUM         43    442 PM  84    1938  65    -22       62
  MINIMUM         34    823 AM   9    1930  43     -9       53
  AVERAGE         39                        54    -15       58

PRECIPITATION (IN)
  YESTERDAY        0.00          1.35 1991   0.08  -0.08     0.97
  MONTH TO DATE    0.23                      1.49  -1.26     1.76
  SINCE DEC 1      2.27                      3.80  -1.53     4.77
  SINCE JAN 1      0.23                      1.49  -1.26     1.76

SNOWFALL (IN)
  YESTERDAY        0.0
  MONTH TO DATE    T
  SINCE DEC 1      2.0
  SINCE JUL 1      2.0
  SNOW DEPTH       0

DEGREE DAYS
 HEATING
  YESTERDAY       26                        12     14        7
  MONTH TO DATE  326                       216    110      121
  SINCE DEC 1    660                       547    113      356
  SINCE JUL 1    778                       710     68      406

 COOLING
  YESTERDAY        0                         0      0        0
  MONTH TO DATE    0                         7     -7       60
  SINCE DEC 1     21                        34    -13      117
  SINCE JAN 1      0                         7     -7       60
..................................................................


WIND (MPH)
  HIGHEST WIND SPEED    12   HIGHEST WIND DIRECTION     E (70)
  HIGHEST GUST SPEED    13   HIGHEST GUST DIRECTION    NE (60)
  AVERAGE WIND SPEED     6.7


SKY COVER
  POSSIBLE SUNSHINE  MM
  AVERAGE SKY COVER 1.0


WEATHER CONDITIONS
 THE FOLLOWING WEATHER WAS RECORDED YESTERDAY.
  NO SIGNIFICANT WEATHER WAS OBSERVED.


RELATIVE HUMIDITY (PERCENT)
 HIGHEST    59           800 PM
 LOWEST     44           300 AM
 AVERAGE    52

..........................................................


THE VICTORIA CLIMATE NORMALS FOR TODAY
                         NORMAL    RECORD    YEAR
 MAXIMUM TEMPERATURE (F)   65        84      2000
 MINIMUM TEMPERATURE (F)   43        14      1940


SUNRISE AND SUNSET
JANUARY 19 2018.......SUNRISE   721 AM CST   SUNSET   556 PM CST
JANUARY 20 2018.......SUNRISE   721 AM CST   SUNSET   557 PM CST


-  INDICATES NEGATIVE NUMBERS.
R  INDICATES RECORD WAS SET OR TIED.
MM INDICATES DATA IS MISSING.
T  INDICATES TRACE AMOUNT.




$$
