000
CDUS44 KCRP 260734 RRA
CLIVCT

CLIMATE REPORT
NATIONAL WEATHER SERVICE CORPUS CHRISTI TX
234 AM CDT SUN MAR 26 2017


...THE VICTORIA CLIMATE SUMMARY FOR MARCH 25 2017...

CLIMATE NORMAL PERIOD 1981 TO 2010
CLIMATE RECORD PERIOD 1893 TO 2017


WEATHER ITEM   OBSERVED TIME   RECORD YEAR NORMAL DEPARTURE LAST
                VALUE   (LST)  VALUE       VALUE  FROM      YEAR
                                                  NORMAL
..................................................................
TEMPERATURE (F)
 YESTERDAY
  MAXIMUM         85    401 PM  98    1928  76      9       72
  MINIMUM         67    903 AM  33    2006  54     13       42
  AVERAGE         76                        65     11       57

PRECIPITATION (IN)
  YESTERDAY        0.01          0.67 1997   0.11  -0.10     0.00
  MONTH TO DATE    4.19                      2.21   1.98     4.26
  SINCE MAR 1      4.19                      2.21   1.98     4.26
  SINCE JAN 1     12.79                      6.81   5.98     9.20

SNOWFALL (IN)
  YESTERDAY        0.0
  MONTH TO DATE    0.0
  SINCE MAR 1      0.0
  SINCE JUL 1      0.0
  SNOW DEPTH       0

DEGREE DAYS
 HEATING
  YESTERDAY        0                         3     -3        8
  MONTH TO DATE   34                       111    -77       51
  SINCE MAR 1     34                       111    -77       51
  SINCE JUL 1    565                      1204   -639      901

 COOLING
  YESTERDAY       11                         3      8        0
  MONTH TO DATE  127                        54     73       94
  SINCE MAR 1    127                        54     73       94
  SINCE JAN 1    334                        92    242      129
..................................................................


WIND (MPH)
  HIGHEST WIND SPEED    20   HIGHEST WIND DIRECTION    SW (210)
  HIGHEST GUST SPEED    26   HIGHEST GUST DIRECTION    SW (210)
  AVERAGE WIND SPEED     7.6


SKY COVER
  POSSIBLE SUNSHINE  MM
  AVERAGE SKY COVER 0.5


WEATHER CONDITIONS
 THE FOLLOWING WEATHER WAS RECORDED YESTERDAY.
  LIGHT RAIN
  FOG
  HAZE


RELATIVE HUMIDITY (PERCENT)
 HIGHEST    97          1000 PM
 LOWEST     40           500 PM
 AVERAGE    69

..........................................................


THE VICTORIA CLIMATE NORMALS FOR TODAY
                         NORMAL    RECORD    YEAR
 MAXIMUM TEMPERATURE (F)   77        99      1928
 MINIMUM TEMPERATURE (F)   54        32      1955


SUNRISE AND SUNSET
MARCH 26 2017.........SUNRISE   724 AM CDT   SUNSET   743 PM CDT
MARCH 27 2017.........SUNRISE   723 AM CDT   SUNSET   743 PM CDT


-  INDICATES NEGATIVE NUMBERS.
R  INDICATES RECORD WAS SET OR TIED.
MM INDICATES DATA IS MISSING.
T  INDICATES TRACE AMOUNT.

$$

TMT
