000
CDUS44 KCRP 080944
CLIVCT

CLIMATE REPORT
NATIONAL WEATHER SERVICE CORPUS CHRISTI TX
339 AM CST MON FEB 8 2016


...................................

...THE VICTORIA CLIMATE SUMMARY FOR FEBRUARY 7 2016...

CLIMATE NORMAL PERIOD 1981 TO 2010
CLIMATE RECORD PERIOD 1893 TO 2016


WEATHER ITEM   OBSERVED TIME   RECORD YEAR NORMAL DEPARTURE LAST
                VALUE   (LST)  VALUE       VALUE  FROM      YEAR
                                                  NORMAL
..................................................................
TEMPERATURE (F)
 YESTERDAY
  MAXIMUM         69    404 PM  86    1926  67      2       73
  MINIMUM         30    717 AM  25    1914  45    -15       42
  AVERAGE         50                        56     -6       58

PRECIPITATION (IN)
  YESTERDAY        0.00          1.45 1978   0.07  -0.07     0.00
  MONTH TO DATE    T                         0.50  -0.50     0.61
  SINCE DEC 1      4.75                      5.33  -0.58     5.89
  SINCE JAN 1      3.15                      3.02   0.13     3.68

SNOWFALL (IN)
  YESTERDAY        0.0
  MONTH TO DATE    0.0
  SINCE DEC 1      0.0
  SINCE JUL 1      0.0
  SNOW DEPTH       0

DEGREE DAYS
 HEATING
  YESTERDAY       15                        10      5        7
  MONTH TO DATE   84                        71     13       86
  SINCE DEC 1    664                       760    -96      685
  SINCE JUL 1    762                       923   -161      876

 COOLING
  YESTERDAY        0                         1     -1        0
  MONTH TO DATE    5                         7     -2        1
  SINCE DEC 1     66                        48     18       28
  SINCE JAN 1     10                        21    -11        2
..................................................................


WIND (MPH)
  HIGHEST WIND SPEED    16   HIGHEST WIND DIRECTION     S (160)
  HIGHEST GUST SPEED    19   HIGHEST GUST DIRECTION     S (160)
  AVERAGE WIND SPEED     5.8


SKY COVER
  POSSIBLE SUNSHINE  MM
  AVERAGE SKY COVER 0.0


WEATHER CONDITIONS
 THE FOLLOWING WEATHER WAS RECORDED YESTERDAY.
  FOG
  HAZE


RELATIVE HUMIDITY (PERCENT)
 HIGHEST   100           300 AM
 LOWEST     24           300 PM
 AVERAGE    62

..........................................................


THE VICTORIA CLIMATE NORMALS FOR TODAY
                         NORMAL    RECORD    YEAR
 MAXIMUM TEMPERATURE (F)   67        87      1926
 MINIMUM TEMPERATURE (F)   45        16      1933


SUNRISE AND SUNSET
FEBRUARY  8 2016......SUNRISE   712 AM CST   SUNSET   612 PM CST
FEBRUARY  9 2016......SUNRISE   711 AM CST   SUNSET   613 PM CST


-  INDICATES NEGATIVE NUMBERS.
R  INDICATES RECORD WAS SET OR TIED.
MM INDICATES DATA IS MISSING.
T  INDICATES TRACE AMOUNT.

$$

GW
