000
CDUS44 KCRP 021032
CLIVCT

CLIMATE REPORT
NATIONAL WEATHER SERVICE CORPUS CHRISTI TX
429 AM CST FRI DEC 2 2016

...THE VICTORIA CLIMATE SUMMARY FOR DECEMBER 1 2016...

CLIMATE NORMAL PERIOD 1981 TO 2010
CLIMATE RECORD PERIOD 1893 TO 2016


WEATHER ITEM   OBSERVED TIME   RECORD YEAR NORMAL DEPARTURE LAST
                VALUE   (LST)  VALUE       VALUE  FROM      YEAR
                                                  NORMAL
..................................................................
TEMPERATURE (F)
 YESTERDAY
  MAXIMUM         69    245 PM  87    1933  69      0       57
  MINIMUM         40    701 AM  26    1911  47     -7       50
  AVERAGE         55                        58     -3       54

PRECIPITATION (IN)
  YESTERDAY        0.00          1.39 2009   0.10  -0.10     0.04
  MONTH TO DATE    0.00                      0.10  -0.10     0.04
  SINCE DEC 1      0.00                      0.10  -0.10     0.04
  SINCE JAN 1     36.24                     39.01  -2.77    52.12

SNOWFALL (IN)
  YESTERDAY        0.0
  MONTH TO DATE    0.0
  SINCE DEC 1      0.0
  SINCE JUL 1      0.0
  SNOW DEPTH       0

DEGREE DAYS
 HEATING
  YESTERDAY       10                         8      2       11
  MONTH TO DATE   10                         8      2       11
  SINCE DEC 1     10                         8      2       11
  SINCE JUL 1     60                       171   -111      109

 COOLING
  YESTERDAY        0                         1     -1        0
  MONTH TO DATE    0                         1     -1        0
  SINCE DEC 1      0                         1     -1        0
  SINCE JAN 1   3427                      3124    303     3280
..................................................................


WIND (MPH)
  HIGHEST WIND SPEED    16   HIGHEST WIND DIRECTION     E (110)
  HIGHEST GUST SPEED    20   HIGHEST GUST DIRECTION    SE (120)
  AVERAGE WIND SPEED     8.5


SKY COVER
  POSSIBLE SUNSHINE  MM
  AVERAGE SKY COVER 0.4


WEATHER CONDITIONS
 THE FOLLOWING WEATHER WAS RECORDED YESTERDAY.
  NO SIGNIFICANT WEATHER WAS OBSERVED.


RELATIVE HUMIDITY (PERCENT)
 HIGHEST    92           500 AM
 LOWEST     36          1100 AM
 AVERAGE    64

..........................................................


THE VICTORIA CLIMATE NORMALS FOR TODAY
                         NORMAL    RECORD    YEAR
 MAXIMUM TEMPERATURE (F)   69        85      2012
                                             1926
 MINIMUM TEMPERATURE (F)   47        32      1985
                                             1911


SUNRISE AND SUNSET
DECEMBER  2 2016......SUNRISE   705 AM CST   SUNSET   530 PM CST
DECEMBER  3 2016......SUNRISE   705 AM CST   SUNSET   530 PM CST


-  INDICATES NEGATIVE NUMBERS.
R  INDICATES RECORD WAS SET OR TIED.
MM INDICATES DATA IS MISSING.
T  INDICATES TRACE AMOUNT.

$$

87
