654
CDUS44 KCRP 200124
CLIVCT

CLIMATE REPORT
NATIONAL WEATHER SERVICE CORPUS CHRISTI TX
721 PM CST THU JAN 19 2017


...................................

...THE VICTORIA CLIMATE SUMMARY FOR JANUARY 19 2017...
VALID TODAY AS OF 700 PM LOCAL TIME.

CLIMATE NORMAL PERIOD 1981 TO 2010
CLIMATE RECORD PERIOD 1893 TO 2017


WEATHER ITEM   OBSERVED TIME   RECORD YEAR NORMAL DEPARTURE LAST
                VALUE   (LST)  VALUE       VALUE  FROM      YEAR
                                                  NORMAL
..................................................................
TEMPERATURE (F)
 TODAY
  MAXIMUM         67    517 PM  84    2000  65      2       72
  MINIMUM         54    744 AM  14    1940  43     11       42
  AVERAGE         61                        54      7       57

PRECIPITATION (IN)
  TODAY            0.32          1.72 1981   0.08   0.24     0.00
  MONTH TO DATE    2.08                      1.57   0.51     3.08
  SINCE DEC 1      5.09                      3.88   1.21     4.68
  SINCE JAN 1      2.08                      1.57   0.51     3.08

SNOWFALL (IN)
  TODAY            0.0
  MONTH TO DATE    0.0
  SINCE DEC 1      0.0
  SINCE JUL 1      0.0
  SNOW DEPTH       0

DEGREE DAYS
 HEATING
  TODAY            4                        12     -8        8
  MONTH TO DATE  125                       228   -103      251
  SINCE DEC 1    360                       559   -199      464
  SINCE JUL 1    410                       722   -312      562

 COOLING
  TODAY            0                         0      0        0
  MONTH TO DATE   60                         7     53        0
  SINCE DEC 1    117                        34     83       56
  SINCE JAN 1     60                         7     53        0
..................................................................


WIND (MPH)
  HIGHEST WIND SPEED    15   HIGHEST WIND DIRECTION    NW (320)
  HIGHEST GUST SPEED    19   HIGHEST GUST DIRECTION    NW (310)


SKY COVER
  POSSIBLE SUNSHINE  MM
  AVERAGE SKY COVER 0.9


WEATHER CONDITIONS
 THE FOLLOWING WEATHER WAS RECORDED TODAY.
  HEAVY RAIN
  RAIN
  LIGHT RAIN
  FOG


RELATIVE HUMIDITY (PERCENT)
 HIGHEST   100           700 AM
 LOWEST     78           200 PM
 AVERAGE    89

..........................................................


THE VICTORIA CLIMATE NORMALS FOR TOMORROW
                         NORMAL    RECORD    YEAR
 MAXIMUM TEMPERATURE (F)   65        82      1974
                                             1933
                                             1923
 MINIMUM TEMPERATURE (F)   43        16      1940


SUNRISE AND SUNSET
JANUARY 19 2017.......SUNRISE   721 AM CST   SUNSET   556 PM CST
JANUARY 20 2017.......SUNRISE   721 AM CST   SUNSET   557 PM CST


-  INDICATES NEGATIVE NUMBERS.
R  INDICATES RECORD WAS SET OR TIED.
MM INDICATES DATA IS MISSING.
T  INDICATES TRACE AMOUNT.




$$
