000
CDUS45 KGJT 180737
CLIVEL


CLIMATE REPORT
NATIONAL WEATHER SERVICE GRAND JUNCTION CO
135 AM MDT THU SEP 18 2014


...................................

...THE VERNAL UT CLIMATE SUMMARY FOR SEPTEMBER 17 2014...

CLIMATE NORMAL PERIOD 1981 TO 2010
CLIMATE RECORD PERIOD 9999 TO 9999


WEATHER ITEM   OBSERVED TIME   RECORD YEAR NORMAL DEPARTURE LAST
                VALUE   (LST)  VALUE       VALUE  FROM      YEAR
                                                  NORMAL
..................................................................
TEMPERATURE (F)
 YESTERDAY
  MAXIMUM         83    144 PM  MM      MM  74      9       77
  MINIMUM         50    620 AM  MM      MM  45      5       54
  AVERAGE         67                        60      7       66

PRECIPITATION (IN)
  YESTERDAY        0.00         MM      MM   0.03  -0.03      T
  MONTH TO DATE    0.67                      0.58   0.09     1.46
  SINCE SEP 1      0.67                      0.58   0.09     1.46
  SINCE JAN 1      7.41                      6.19   1.22     6.29

SNOWFALL (IN)
  YESTERDAY       MM            MM      MM   0.0   MM       MM
  MONTH TO DATE   MM                         0.0   MM       MM
  SINCE SEP 1     MM                         0.0   MM       MM
  SINCE JUL 1     MM                         0.0   MM       MM
  SNOW DEPTH      MM

DEGREE DAYS
 HEATING
  YESTERDAY        0                         6     -6        0
  MONTH TO DATE   47                        57    -10        8
  SINCE SEP 1     47                        57    -10        8
  SINCE JUL 1     69                        73     -4       10

 COOLING
  YESTERDAY        2                         0      2        1
  MONTH TO DATE   21                        20      1       70
  SINCE SEP 1     21                        20      1       70
  SINCE JAN 1    608                       509     99      787
..................................................................


WIND (MPH)
  HIGHEST WIND SPEED    14   HIGHEST WIND DIRECTION    NW (320)
  HIGHEST GUST SPEED    19   HIGHEST GUST DIRECTION    NW (330)
  AVERAGE WIND SPEED     3.6


SKY COVER
  POSSIBLE SUNSHINE  MM
  AVERAGE SKY COVER 0.0


WEATHER CONDITIONS
 THE FOLLOWING WEATHER WAS RECORDED YESTERDAY.
  NO SIGNIFICANT WEATHER WAS OBSERVED.


RELATIVE HUMIDITY (PERCENT)
 HIGHEST    71           600 AM
 LOWEST     24           200 PM
 AVERAGE    48

..........................................................


THE VERNAL UT CLIMATE NORMALS FOR TODAY
                         NORMAL    RECORD    YEAR
 MAXIMUM TEMPERATURE (F)   74        MM        MM
 MINIMUM TEMPERATURE (F)   45        MM        MM


SUNRISE AND SUNSET
SEPTEMBER 18 2014.....SUNRISE   702 AM MDT   SUNSET   722 PM MDT
SEPTEMBER 19 2014.....SUNRISE   703 AM MDT   SUNSET   720 PM MDT


-  INDICATES NEGATIVE NUMBERS.
R  INDICATES RECORD WAS SET OR TIED.
MM INDICATES DATA IS MISSING.
T  INDICATES TRACE AMOUNT.




$$
