000
CDUS45 KGJT 192342
CLIVEL


CLIMATE REPORT
NATIONAL WEATHER SERVICE GRAND JUNCTION CO
441 PM MST FRI DEC 19 2014


...................................

...THE VERNAL UT CLIMATE SUMMARY FOR DECEMBER 19 2014...
VALID TODAY AS OF 0400 PM LOCAL TIME.

CLIMATE NORMAL PERIOD 1981 TO 2010
CLIMATE RECORD PERIOD 9999 TO 9999


WEATHER ITEM   OBSERVED TIME   RECORD YEAR NORMAL DEPARTURE LAST
                VALUE   (LST)  VALUE       VALUE  FROM      YEAR
                                                  NORMAL
..................................................................
TEMPERATURE (F)
 TODAY
  MAXIMUM         30    359 PM  MM      MM  29      1       23
  MINIMUM         26    754 AM  MM      MM  12     14       14
  AVERAGE         28                        21      7       19

PRECIPITATION (IN)
  TODAY            0.00         MM      MM   0.02  -0.02     0.06
  MONTH TO DATE    0.25                      0.37  -0.12     0.85
  SINCE DEC 1      0.25                      0.37  -0.12     0.85
  SINCE JAN 1     10.12                      9.04   1.08     9.47

SNOWFALL (IN)
  TODAY           MM            MM      MM   0.2   MM       MM
  MONTH TO DATE   MM                         3.1   MM       MM
  SINCE DEC 1     MM                         3.1   MM       MM
  SINCE JUL 1     MM                         4.7   MM       MM
  SNOW DEPTH      MM

DEGREE DAYS
 HEATING
  TODAY           37                        44     -7       46
  MONTH TO DATE  602                       796   -194     1114
  SINCE DEC 1    602                       796   -194     1114
  SINCE JUL 1   2085                      2427   -342     2785

 COOLING
  TODAY            0                         0      0        0
  MONTH TO DATE    0                         0      0        0
  SINCE DEC 1      0                         0      0        0
  SINCE JAN 1    621                       511    110      787
..................................................................


WIND (MPH)
  HIGHEST WIND SPEED     6   HIGHEST WIND DIRECTION    NW (330)
  HIGHEST GUST SPEED     7   HIGHEST GUST DIRECTION     E (80)
  AVERAGE WIND SPEED     2.5


SKY COVER
  POSSIBLE SUNSHINE  MM
  AVERAGE SKY COVER 1.0


WEATHER CONDITIONS
 THE FOLLOWING WEATHER WAS RECORDED TODAY.
  FOG


RELATIVE HUMIDITY (PERCENT)
 HIGHEST    92           600 AM
 LOWEST     69           300 PM
 AVERAGE    81

..........................................................


THE VERNAL UT CLIMATE NORMALS FOR TOMORROW
                         NORMAL    RECORD    YEAR
 MAXIMUM TEMPERATURE (F)   29        MM        MM
 MINIMUM TEMPERATURE (F)   12        MM        MM


SUNRISE AND SUNSET
DECEMBER 19 2014......SUNRISE   737 AM MST   SUNSET   454 PM MST
DECEMBER 20 2014......SUNRISE   737 AM MST   SUNSET   454 PM MST


-  INDICATES NEGATIVE NUMBERS.
R  INDICATES RECORD WAS SET OR TIED.
MM INDICATES DATA IS MISSING.
T  INDICATES TRACE AMOUNT.




$$
