000
CDUS43 KSGF 250631
CLIVIH


CLIMATE REPORT
NATIONAL WEATHER SERVICE SPRINGFIELD MO
130 AM CDT SAT OCT 25 2014


...................................

...THE VICHY-ROLLA MO CLIMATE SUMMARY FOR OCTOBER 24 2014...

CLIMATE NORMAL PERIOD 1981 TO 2010
CLIMATE RECORD PERIOD 1888 TO 2014


WEATHER ITEM   OBSERVED TIME   RECORD YEAR NORMAL DEPARTURE LAST
                VALUE   (LST)  VALUE       VALUE  FROM      YEAR
                                                  NORMAL
..................................................................
TEMPERATURE (F)
 YESTERDAY
  MAXIMUM         71    243 PM  81    2012  65      6       49
                                      1963
  MINIMUM         46    547 AM  23    2006  44      2       26
  AVERAGE         59                        54      5       38

PRECIPITATION (IN)
  YESTERDAY        0.00          1.21 2001   0.12  -0.12     0.00
  MONTH TO DATE    5.20                      2.71   2.49     0.98
  SINCE SEP 1      7.11                      6.75   0.36     3.84
  SINCE JAN 1     24.41                     36.30 -11.89    36.82

DEGREE DAYS
 HEATING
  YESTERDAY        6                        11     -5       27
  MONTH TO DATE  200                       197      3      235
  SINCE SEP 1    261                       258      3      263
  SINCE JUL 1    264                       261      3      267

 COOLING
  YESTERDAY        0                         0      0        0
  MONTH TO DATE   13                        25    -12       38
  SINCE SEP 1    135                       166    -31      225
  SINCE JAN 1   1174                      1243    -69     1124
..................................................................


WIND (MPH)
  HIGHEST WIND SPEED    14   HIGHEST WIND DIRECTION    SW (210)
  HIGHEST GUST SPEED    18   HIGHEST GUST DIRECTION     S (200)
  AVERAGE WIND SPEED     8.1


SKY COVER
  AVERAGE SKY COVER 0.4


WEATHER CONDITIONS
 THE FOLLOWING WEATHER WAS RECORDED YESTERDAY.
  FOG
  FOG W/VISIBILITY <= 1/4 MILE


RELATIVE HUMIDITY (PERCENT)
 HIGHEST    93           300 AM
 LOWEST     66           200 PM
 AVERAGE    80

..........................................................


THE VICHY-ROLLA MO CLIMATE NORMALS FOR TODAY
                         NORMAL    RECORD    YEAR
 MAXIMUM TEMPERATURE (F)   65        83      1902
 MINIMUM TEMPERATURE (F)   43        24      2013


SUNRISE AND SUNSET
OCTOBER 25 2014.......SUNRISE   726 AM CDT   SUNSET   616 PM CDT
OCTOBER 26 2014.......SUNRISE   727 AM CDT   SUNSET   615 PM CDT


-  INDICATES NEGATIVE NUMBERS.
R  INDICATES RECORD WAS SET OR TIED.
MM INDICATES DATA IS MISSING.
T  INDICATES TRACE AMOUNT.




$$
