000
CDUS43 KSGF 302229
CLIVIH


CLIMATE REPORT
NATIONAL WEATHER SERVICE SPRINGFIELD MO
529 PM CDT SUN APR 30 2017


...................................

...THE VICHY-ROLLA MO CLIMATE SUMMARY FOR APRIL 30 2017...
VALID TODAY AS OF 0500 PM LOCAL TIME.

CLIMATE NORMAL PERIOD 1981 TO 2010
CLIMATE RECORD PERIOD 1888 TO 2017


WEATHER ITEM   OBSERVED TIME   RECORD YEAR NORMAL DEPARTURE LAST
                VALUE   (LST)  VALUE       VALUE  FROM      YEAR
                                                  NORMAL
..................................................................
TEMPERATURE (F)
 TODAY
  MAXIMUM         73    320 PM  94    1899  71      2       75
  MINIMUM         59    335 AM  34    1996  48     11       52
  AVERAGE         66                        60      6       64

PRECIPITATION (IN)
  TODAY            2.52          3.29 1970   0.15   2.37     0.53
  MONTH TO DATE   11.09                      4.22   6.87     4.08
  SINCE MAR 1     14.23                      7.67   6.56     6.94
  SINCE JAN 1     16.29                     11.77   4.52     9.06

DEGREE DAYS
 COOLING
  TODAY            1                         1      0        0
  MONTH TO DATE   33                        22     11       14
  SINCE MAR 1     36                        26     10       14
  SINCE JAN 1     37                        26     11       14
..................................................................


WIND (MPH)
  HIGHEST WIND SPEED    31   HIGHEST WIND DIRECTION     S (200)
  HIGHEST GUST SPEED    42   HIGHEST GUST DIRECTION     S (200)


SKY COVER
  AVERAGE SKY COVER 1.0


WEATHER CONDITIONS
 THE FOLLOWING WEATHER WAS RECORDED TODAY.
  THUNDERSTORM
  HEAVY RAIN
  RAIN
  LIGHT RAIN


RELATIVE HUMIDITY (PERCENT)
 HIGHEST   100           300 AM
 LOWEST     66           400 PM
 AVERAGE    83

..........................................................


THE VICHY-ROLLA MO CLIMATE NORMALS FOR TOMORROW
                         NORMAL    RECORD    YEAR
 MAXIMUM TEMPERATURE (F)   71        90      1899
 MINIMUM TEMPERATURE (F)   49        25      1903


SUNRISE AND SUNSET
APRIL 30 2017.........SUNRISE   612 AM CDT   SUNSET   758 PM CDT
MAY  1 2017...........SUNRISE   610 AM CDT   SUNSET   758 PM CDT


-  INDICATES NEGATIVE NUMBERS.
R  INDICATES RECORD WAS SET OR TIED.
MM INDICATES DATA IS MISSING.
T  INDICATES TRACE AMOUNT.




$$
