000
CDUS43 KSGF 010630
CLIVIH


CLIMATE REPORT
NATIONAL WEATHER SERVICE SPRINGFIELD MO
129 AM CDT FRI AUG 1 2014


...................................

...THE VICHY-ROLLA MO CLIMATE SUMMARY FOR JULY 31 2014...

CLIMATE NORMAL PERIOD 1981 TO 2010
CLIMATE RECORD PERIOD 1888 TO 2014


WEATHER ITEM   OBSERVED TIME   RECORD YEAR NORMAL DEPARTURE LAST
                VALUE   (LST)  VALUE       VALUE  FROM      YEAR
                                                  NORMAL
..................................................................
TEMPERATURE (F)
 YESTERDAY
  MAXIMUM         85    451 PM 106    1980  89     -4       83
  MINIMUM         56    524 AM  50    1971  66    -10       61
  AVERAGE         71                        78     -7       72

PRECIPITATION (IN)
  YESTERDAY        0.00          2.23 1958   0.14  -0.14     0.02
  MONTH TO DATE    0.11                      4.44  -4.33     3.60
  SINCE JUN 1      3.42                      9.07  -5.65     7.39
  SINCE JAN 1     13.04                     25.88 -12.84    28.69

DEGREE DAYS
 HEATING
  YESTERDAY        0                         0      0        0
  MONTH TO DATE    3                         0      3        2
  SINCE JUN 1      4                        15    -11       19
  SINCE JUL 1      3                         1      2        2

 COOLING
  YESTERDAY        6                        13     -7        7
  MONTH TO DATE  241                       382   -141      282
  SINCE JUN 1    499                       617   -118      499
  SINCE JAN 1    646                       724    -78      606
..................................................................


WIND (MPH)
  HIGHEST WIND SPEED    10   HIGHEST WIND DIRECTION    SE (120)
  HIGHEST GUST SPEED    14   HIGHEST GUST DIRECTION    SE (150)
  AVERAGE WIND SPEED     3.7


SKY COVER
  AVERAGE SKY COVER 0.2


WEATHER CONDITIONS
 THE FOLLOWING WEATHER WAS RECORDED YESTERDAY.
  FOG
  FOG W/VISIBILITY <= 1/4 MILE


RELATIVE HUMIDITY (PERCENT)
 HIGHEST   100           100 AM
 LOWEST     32           400 PM
 AVERAGE    66

..........................................................


THE VICHY-ROLLA MO CLIMATE NORMALS FOR TODAY
                         NORMAL    RECORD    YEAR
 MAXIMUM TEMPERATURE (F)   89       104      1897
 MINIMUM TEMPERATURE (F)   66        56      1992


SUNRISE AND SUNSET
AUGUST  1 2014........SUNRISE   610 AM CDT   SUNSET   816 PM CDT
AUGUST  2 2014........SUNRISE   611 AM CDT   SUNSET   815 PM CDT


-  INDICATES NEGATIVE NUMBERS.
R  INDICATES RECORD WAS SET OR TIED.
MM INDICATES DATA IS MISSING.
T  INDICATES TRACE AMOUNT.




$$
