000
CDUS42 KTAE 210637
CLIVLD


CLIMATE REPORT
NATIONAL WEATHER SERVICE TALLAHASSEE FL
237 AM EDT SUN SEP 21 2014


...................................

...THE VALDOSTA CLIMATE SUMMARY FOR SEPTEMBER 20 2014...

CLIMATE NORMAL PERIOD 1981 TO 2010
CLIMATE RECORD PERIOD 1948 TO 2014


WEATHER ITEM   OBSERVED TIME   NORMAL DEPARTURE LAST
                VALUE   (LST)  VALUE  FROM      YEAR
                                      NORMAL
......................................................
TEMPERATURE (F)
 YESTERDAY
  MAXIMUM         83    425 PM  87     -4       92
  MINIMUM         66   1159 PM  66      0       68
  AVERAGE         75            76     -1       80

PRECIPITATION (IN)
  YESTERDAY        T             0.15  -0.15     0.00
  MONTH TO DATE    6.19          3.40   2.79     0.14
  SINCE SEP 1      6.19          3.40   2.79     0.14
  SINCE JAN 1     41.62         40.43   1.19    34.30

DEGREE DAYS
 HEATING
  YESTERDAY        0             0      0        0
  MONTH TO DATE    0             0      0        0
  SINCE SEP 1      0             0      0        0
  SINCE JUL 1      0             0      0        0

 COOLING
  YESTERDAY       10            11     -1       15
  MONTH TO DATE  316           270     46      337
  SINCE SEP 1    316           270     46      337
  SINCE JAN 1   2677          2124    553     2611
......................................................


WIND (MPH)
  HIGHEST WIND SPEED    18   HIGHEST WIND DIRECTION     N (10)
  HIGHEST GUST SPEED    23   HIGHEST GUST DIRECTION    NE (30)
  AVERAGE WIND SPEED     6.7




RELATIVE HUMIDITY (PERCENT)
 HIGHEST    97
 LOWEST     58
 AVERAGE    78

..........................................................




SUNRISE AND SUNSET
SEPTEMBER 21 2014.....SUNRISE   721 AM EDT   SUNSET   731 PM EDT
SEPTEMBER 22 2014.....SUNRISE   721 AM EDT   SUNSET   730 PM EDT


-  INDICATES NEGATIVE NUMBERS.
R  INDICATES RECORD WAS SET OR TIED.
MM INDICATES DATA IS MISSING.
T  INDICATES TRACE AMOUNT.




$$
