000
CDUS42 KTAE 220635
CLIVLD


CLIMATE REPORT
NATIONAL WEATHER SERVICE TALLAHASSEE FL
234 AM EDT TUE AUG 22 2017


...................................

...THE VALDOSTA CLIMATE SUMMARY FOR AUGUST 21 2017...

CLIMATE NORMAL PERIOD 1981 TO 2010
CLIMATE RECORD PERIOD 1948 TO 2017


WEATHER ITEM   OBSERVED TIME   NORMAL DEPARTURE LAST
                VALUE   (LST)  VALUE  FROM      YEAR
                                      NORMAL
......................................................
TEMPERATURE (F)
 YESTERDAY
  MAXIMUM         90    311 PM  91     -1       96
  MINIMUM         71    614 AM  71      0       72
  AVERAGE         81            81      0       84

PRECIPITATION (IN)
  YESTERDAY        T             0.16  -0.16     0.00
  MONTH TO DATE    2.93          3.74  -0.81     1.28
  SINCE JUN 1     15.10         16.43  -1.33    19.39
  SINCE JAN 1     30.89         35.43  -4.54    43.69

DEGREE DAYS
 COOLING
  YESTERDAY       16            16      0       19
  MONTH TO DATE  348           343      5      363
  SINCE JUN 1   1277          1283     -6     1438
  SINCE JAN 1   1818          1695    123     1948
......................................................


WIND (MPH)
  HIGHEST WIND SPEED    16   HIGHEST WIND DIRECTION    NE (40)
  HIGHEST GUST SPEED    20   HIGHEST GUST DIRECTION    NE (60)
  AVERAGE WIND SPEED     3.5




RELATIVE HUMIDITY (PERCENT)
 HIGHEST   100
 LOWEST     59
 AVERAGE    80

..........................................................




SUNRISE AND SUNSET
AUGUST 22 2017........SUNRISE   704 AM EDT   SUNSET   808 PM EDT
AUGUST 23 2017........SUNRISE   704 AM EDT   SUNSET   806 PM EDT


-  INDICATES NEGATIVE NUMBERS.
R  INDICATES RECORD WAS SET OR TIED.
MM INDICATES DATA IS MISSING.
T  INDICATES TRACE AMOUNT.




$$
