874
CDUS42 KTAE 230631
CLIVLD


CLIMATE REPORT
NATIONAL WEATHER SERVICE TALLAHASSEE FL
231 AM EDT SUN APR 23 2017


...................................

...THE VALDOSTA CLIMATE SUMMARY FOR APRIL 22 2017...

CLIMATE NORMAL PERIOD 1981 TO 2010
CLIMATE RECORD PERIOD 1948 TO 2017


WEATHER ITEM   OBSERVED TIME   NORMAL DEPARTURE LAST
                VALUE   (LST)  VALUE  FROM      YEAR
                                      NORMAL
......................................................
TEMPERATURE (F)
 YESTERDAY
  MAXIMUM         86    423 PM  81      5       81
  MINIMUM         56    548 AM  54      2       59
  AVERAGE         71            67      4       70

PRECIPITATION (IN)
  YESTERDAY        0.00          0.09  -0.09     0.64
  MONTH TO DATE    1.92          2.34  -0.42     4.68
  SINCE MAR 1      3.12          7.21  -4.09    10.85
  SINCE JAN 1     13.43         15.94  -2.51    19.71

DEGREE DAYS
 HEATING
  YESTERDAY        0             1     -1        0
  MONTH TO DATE   27            60    -33       30
  SINCE MAR 1    201           246    -45      121
  SINCE JUL 1    987          1626   -639     1063

 COOLING
  YESTERDAY        6             4      2        5
  MONTH TO DATE   92            57     35       46
  SINCE MAR 1    149            90     59      135
  SINCE JAN 1    195           100     95      145
......................................................


WIND (MPH)
  HIGHEST WIND SPEED    12   HIGHEST WIND DIRECTION     S (200)
  HIGHEST GUST SPEED    17   HIGHEST GUST DIRECTION     S (190)
  AVERAGE WIND SPEED     3.5




RELATIVE HUMIDITY (PERCENT)
 HIGHEST   100
 LOWEST     43
 AVERAGE    72

..........................................................




SUNRISE AND SUNSET
APRIL 23 2017.........SUNRISE   657 AM EDT   SUNSET   807 PM EDT
APRIL 24 2017.........SUNRISE   656 AM EDT   SUNSET   807 PM EDT


-  INDICATES NEGATIVE NUMBERS.
R  INDICATES RECORD WAS SET OR TIED.
MM INDICATES DATA IS MISSING.
T  INDICATES TRACE AMOUNT.




$$
