385
CDUS42 KTAE 252234
CLIVLD


CLIMATE REPORT
NATIONAL WEATHER SERVICE TALLAHASSEE FL
531 PM EST SAT FEB 25 2017

...................................

...THE VALDOSTA CLIMATE SUMMARY FOR FEBRUARY 25 2017...
VALID TODAY AS OF 0500 PM LOCAL TIME.

CLIMATE NORMAL PERIOD 1981 TO 2010
CLIMATE RECORD PERIOD 1948 TO 2017


WEATHER ITEM   OBSERVED TIME   NORMAL DEPARTURE LAST
                VALUE   (LST)  VALUE  FROM      YEAR
                                      NORMAL
......................................................
TEMPERATURE (F)
 TODAY
  MAXIMUM         81    217 PM  69     12       62
  MINIMUM         59    648 AM  44     15       42
  AVERAGE         70            56     14       52

PRECIPITATION (IN)
  TODAY            0.00          0.22  -0.22     0.00
  MONTH TO DATE    1.20          3.45  -2.25     4.97
  SINCE DEC 1     12.46         11.19   1.27    11.37
  SINCE JAN 1     10.31          8.02   2.29     8.86

......................................................


THE VALDOSTA CLIMATE NORMALS FOR TOMORROW
                         NORMAL
 MAXIMUM TEMPERATURE (F)   70
 MINIMUM TEMPERATURE (F)   44



-  INDICATES NEGATIVE NUMBERS.
R  INDICATES RECORD WAS SET OR TIED.
MM INDICATES DATA IS MISSING.
T  INDICATES TRACE AMOUNT.

$$
