000
CDUS42 KTAE 180634
CLIVLD


CLIMATE REPORT
NATIONAL WEATHER SERVICE TALLAHASSEE FL
233 AM EDT WED OCT 18 2017


...................................

...THE VALDOSTA CLIMATE SUMMARY FOR OCTOBER 17 2017...

CLIMATE NORMAL PERIOD 1981 TO 2010
CLIMATE RECORD PERIOD 1948 TO 2017


WEATHER ITEM   OBSERVED TIME   NORMAL DEPARTURE LAST
                VALUE   (LST)  VALUE  FROM      YEAR
                                      NORMAL
......................................................
TEMPERATURE (F)
 YESTERDAY
  MAXIMUM         73    400 PM  80     -7       88
  MINIMUM         55   1158 PM  56     -1       65
  AVERAGE         64            68     -4       77

PRECIPITATION (IN)
  YESTERDAY        0.00          0.11  -0.11     0.00
  MONTH TO DATE    2.84          1.75   1.09     0.46
  SINCE SEP 1      5.18          6.39  -1.21     6.07
  SINCE JAN 1     36.96         43.42  -6.46    50.40

DEGREE DAYS
 HEATING
  YESTERDAY        1             1      0        0
  MONTH TO DATE    1             7     -6        0
  SINCE SEP 1      1             8     -7        0
  SINCE JUL 1      1             8     -7        0

 COOLING
  YESTERDAY        0             4     -4       12
  MONTH TO DATE  205           107     98      150
  SINCE SEP 1    545           478     67      598
  SINCE JAN 1   2528          2332    196     2728
......................................................


WIND (MPH)
  HIGHEST WIND SPEED    23   HIGHEST WIND DIRECTION    NE (40)
  HIGHEST GUST SPEED    31   HIGHEST GUST DIRECTION    NE (30)
  AVERAGE WIND SPEED     9.7




RELATIVE HUMIDITY (PERCENT)
 HIGHEST    77
 LOWEST     46
 AVERAGE    62

..........................................................




SUNRISE AND SUNSET
OCTOBER 18 2017.......SUNRISE   738 AM EDT   SUNSET   658 PM EDT
OCTOBER 19 2017.......SUNRISE   739 AM EDT   SUNSET   657 PM EDT


-  INDICATES NEGATIVE NUMBERS.
R  INDICATES RECORD WAS SET OR TIED.
MM INDICATES DATA IS MISSING.
T  INDICATES TRACE AMOUNT.




$$
