000
CDUS42 KTAE 280631
CLIVLD


CLIMATE REPORT
NATIONAL WEATHER SERVICE TALLAHASSEE FL
130 AM EST WED JAN 28 2015


...................................

...THE VALDOSTA CLIMATE SUMMARY FOR JANUARY 27 2015...

CLIMATE NORMAL PERIOD 1981 TO 2010
CLIMATE RECORD PERIOD 1948 TO 2015


WEATHER ITEM   OBSERVED TIME   NORMAL DEPARTURE LAST
                VALUE   (LST)  VALUE  FROM      YEAR
                                      NORMAL
......................................................
TEMPERATURE (F)
 YESTERDAY
  MAXIMUM         62    246 PM  63     -1       77
  MINIMUM         34    716 AM  39     -5       44
  AVERAGE         48            51     -3       61

PRECIPITATION (IN)
  YESTERDAY        0.00          0.17  -0.17     0.06
  MONTH TO DATE    4.56          4.05   0.51     1.54
  SINCE DEC 1      8.66          7.22   1.44     6.08
  SINCE JAN 1      4.56          4.05   0.51     1.54

DEGREE DAYS
 HEATING
  YESTERDAY       17            14      3        4
  MONTH TO DATE  354           403    -49      411
  SINCE DEC 1    626           785   -159      609
  SINCE JUL 1    993          1016    -23      775
......................................................


WIND (MPH)
  HIGHEST WIND SPEED    12   HIGHEST WIND DIRECTION    NW (320)
  HIGHEST GUST SPEED    21   HIGHEST GUST DIRECTION    NW (300)
  AVERAGE WIND SPEED     2.2




RELATIVE HUMIDITY (PERCENT)
 HIGHEST   100
 LOWEST     40
 AVERAGE    70

..........................................................




SUNRISE AND SUNSET
JANUARY 28 2015.......SUNRISE   727 AM EST   SUNSET   605 PM EST
JANUARY 29 2015.......SUNRISE   727 AM EST   SUNSET   606 PM EST


-  INDICATES NEGATIVE NUMBERS.
R  INDICATES RECORD WAS SET OR TIED.
MM INDICATES DATA IS MISSING.
T  INDICATES TRACE AMOUNT.




$$
