000
CDUS42 KTAE 300637
CLIVLD


CLIMATE REPORT
NATIONAL WEATHER SERVICE TALLAHASSEE FL
237 AM EDT TUE AUG 30 2016


...................................

...THE VALDOSTA CLIMATE SUMMARY FOR AUGUST 29 2016...

CLIMATE NORMAL PERIOD 1981 TO 2010
CLIMATE RECORD PERIOD 1948 TO 2016


WEATHER ITEM   OBSERVED TIME   NORMAL DEPARTURE LAST
                VALUE   (LST)  VALUE  FROM      YEAR
                                      NORMAL
......................................................
TEMPERATURE (F)
 YESTERDAY
  MAXIMUM         94    208 PM  91      3       84
  MINIMUM         73    629 AM  71      2       72
  AVERAGE         84            80      4       78

PRECIPITATION (IN)
  YESTERDAY        0.01          0.16  -0.15     1.73
  MONTH TO DATE    1.92          5.03  -3.11     6.39
  SINCE JUN 1     20.03         17.72   2.31    19.60
  SINCE JAN 1     44.33         36.72   7.61    38.16

DEGREE DAYS
 COOLING
  YESTERDAY       19            16      3       13
  MONTH TO DATE  510           471     39      516
  SINCE JUN 1   1585          1411    174     1586
  SINCE JAN 1   2095          1823    272     2233
......................................................


WIND (MPH)
  HIGHEST WIND SPEED    15   HIGHEST WIND DIRECTION    SE (140)
  HIGHEST GUST SPEED    19   HIGHEST GUST DIRECTION    NE (30)
  AVERAGE WIND SPEED     6.0




RELATIVE HUMIDITY (PERCENT)
 HIGHEST   100
 LOWEST     52
 AVERAGE    76

..........................................................




SUNRISE AND SUNSET
AUGUST 30 2016........SUNRISE   709 AM EDT   SUNSET   758 PM EDT
AUGUST 31 2016........SUNRISE   709 AM EDT   SUNSET   757 PM EDT


-  INDICATES NEGATIVE NUMBERS.
R  INDICATES RECORD WAS SET OR TIED.
MM INDICATES DATA IS MISSING.
T  INDICATES TRACE AMOUNT.




$$
