000
CDUS42 KFFC 190831
CLIVPC


CLIMATE REPORT
NATIONAL WEATHER SERVICE PEACHTREE CITY GA
431 AM EDT SAT APR 19 2014


...................................

...THE CARTERSVILLE CLIMATE SUMMARY FOR APRIL 18 2014...

CLIMATE NORMAL PERIOD 1981 TO 2010
CLIMATE RECORD PERIOD 9999 TO 9999


WEATHER ITEM   OBSERVED TIME   RECORD YEAR NORMAL DEPARTURE LAST
                VALUE   (LST)  VALUE       VALUE  FROM      YEAR
                                                  NORMAL
..................................................................
TEMPERATURE (F)
 YESTERDAY
  MAXIMUM         59   1229 PM  MM      MM  73    -14       80
  MINIMUM         50   1159 PM  MM      MM  46      4       57
  AVERAGE         55                        60     -5       69

PRECIPITATION (IN)
  YESTERDAY        0.67         MM      MM   0.11   0.56     0.00
  MONTH TO DATE    5.38                      2.16   3.22     1.75
  SINCE MAR 1     10.09                      6.88   3.21     2.33
  SINCE JAN 1     15.81                     16.38  -0.57     2.33

SNOWFALL (IN)
  YESTERDAY       MM            MM      MM  MM     MM       MM
  MONTH TO DATE    0.0                      MM     MM        0.0
  SINCE MAR 1      0.0                      MM     MM        0.0
  SINCE JUL 1      0.0                      MM     MM        0.0
  SNOW DEPTH      MM

DEGREE DAYS
 HEATING
  YESTERDAY       10                         6      4        0
  MONTH TO DATE  134                       142     -8      110
  SINCE MAR 1    604                       558     46      138
  SINCE JUL 1   3398                      3170    228      138

 COOLING
  YESTERDAY        0                         1     -1        4
  MONTH TO DATE    4                         7     -3       26
  SINCE MAR 1      4                        11     -7       26
  SINCE JAN 1      4                        11     -7       26
..................................................................


WIND (MPH)
  RESULTANT WIND SPEED   4   RESULTANT WIND DIRECTION   E (80)
  HIGHEST WIND SPEED    12   HIGHEST WIND DIRECTION    NE (60)
  HIGHEST GUST SPEED    16   HIGHEST GUST DIRECTION     E (70)
  AVERAGE WIND SPEED     4.2


SKY COVER
  AVERAGE SKY COVER 0.8


WEATHER CONDITIONS
 THE FOLLOWING WEATHER WAS RECORDED YESTERDAY.
  RAIN
  LIGHT RAIN
  FOG


RELATIVE HUMIDITY (PERCENT)
 HIGHEST    93           800 PM
 LOWEST     43           200 AM
 AVERAGE    68

..........................................................


THE CARTERSVILLE CLIMATE NORMALS FOR TODAY
                         NORMAL    RECORD    YEAR
 MAXIMUM TEMPERATURE (F)   73        MM        MM
 MINIMUM TEMPERATURE (F)   47        MM        MM


SUNRISE AND SUNSET
APRIL 19 2014.........SUNRISE   703 AM EDT   SUNSET   814 PM EDT
APRIL 20 2014.........SUNRISE   702 AM EDT   SUNSET   815 PM EDT


-  INDICATES NEGATIVE NUMBERS.
R  INDICATES RECORD WAS SET OR TIED.
MM INDICATES DATA IS MISSING.
T  INDICATES TRACE AMOUNT.




$$
