000
CDUS42 KFFC 240927
CLIVPC


CLIMATE REPORT
NATIONAL WEATHER SERVICE PEACHTREE CITY GA
423 AM EST SAT FEB 24 2018


...................................

...THE CARTERSVILLE CLIMATE SUMMARY FOR FEBRUARY 23 2018...

CLIMATE NORMAL PERIOD 1981 TO 2010
CLIMATE RECORD PERIOD 9999 TO 9999


WEATHER ITEM   OBSERVED TIME   RECORD YEAR NORMAL DEPARTURE LAST
                VALUE   (LST)  VALUE       VALUE  FROM      YEAR
                                                  NORMAL
..................................................................
TEMPERATURE (F)
 YESTERDAY
  MAXIMUM         78    354 PM  MM      MM  58     20       75
  MINIMUM         54    733 AM  MM      MM  35     19       48
  AVERAGE         66                        46     20       62

PRECIPITATION (IN)
  YESTERDAY        0.00         MM      MM   0.19  -0.19     0.00
  MONTH TO DATE    6.49                      3.94   2.55     2.26
  SINCE DEC 1     11.18                     12.78  -1.60    10.98
  SINCE JAN 1      8.17                      8.54  -0.37     8.46

SNOWFALL (IN)
  YESTERDAY        0.0          MM      MM  MM     MM        0.0
  MONTH TO DATE    0.0                      MM     MM        0.0
  SINCE DEC 1      0.0                      MM     MM         T
  SINCE JUL 1      0.0                      MM     MM         T
  SNOW DEPTH       0

DEGREE DAYS
 HEATING
  YESTERDAY        0                        19    -19        3
  MONTH TO DATE  267                       482   -215      309
  SINCE DEC 1   1797                      1914   -117     1400
  SINCE JUL 1   2341                      2523   -182     1769
..................................................................


WIND (MPH)
  RESULTANT WIND SPEED   5   RESULTANT WIND DIRECTION   S (160)
  HIGHEST WIND SPEED    15   HIGHEST WIND DIRECTION     S (170)
  HIGHEST GUST SPEED    21   HIGHEST GUST DIRECTION    SE (150)
  AVERAGE WIND SPEED     4.9


SKY COVER
  AVERAGE SKY COVER 0.2


WEATHER CONDITIONS
 THE FOLLOWING WEATHER WAS RECORDED YESTERDAY.
  FOG


RELATIVE HUMIDITY (PERCENT)
 HIGHEST   100           500 AM
 LOWEST     52           400 PM
 AVERAGE    76

..........................................................


THE CARTERSVILLE CLIMATE NORMALS FOR TODAY
                         NORMAL    RECORD    YEAR
 MAXIMUM TEMPERATURE (F)   58        MM        MM
 MINIMUM TEMPERATURE (F)   35        MM        MM


SUNRISE AND SUNSET
FEBRUARY 24 2018......SUNRISE   714 AM EST   SUNSET   631 PM EST
FEBRUARY 25 2018......SUNRISE   713 AM EST   SUNSET   632 PM EST


-  INDICATES NEGATIVE NUMBERS.
R  INDICATES RECORD WAS SET OR TIED.
MM INDICATES DATA IS MISSING.
T  INDICATES TRACE AMOUNT.




$$
