000
CDUS42 KFFC 250820
CLIVPC


CLIMATE REPORT
NATIONAL WEATHER SERVICE PEACHTREE CITY GA
420 AM EDT THU AUG 25 2016


...................................

...THE CARTERSVILLE CLIMATE SUMMARY FOR AUGUST 24 2016...

CLIMATE NORMAL PERIOD 1981 TO 2010
CLIMATE RECORD PERIOD 9999 TO 9999


WEATHER ITEM   OBSERVED TIME   RECORD YEAR NORMAL DEPARTURE LAST
                VALUE   (LST)  VALUE       VALUE  FROM      YEAR
                                                  NORMAL
..................................................................
TEMPERATURE (F)
 YESTERDAY
  MAXIMUM         89    248 PM  MM      MM  89      0       90
  MINIMUM         71   1105 PM  MM      MM  66      5       67
  AVERAGE         80                        78      2       79

PRECIPITATION (IN)
  YESTERDAY        0.12         MM      MM   0.12   0.00     0.00
  MONTH TO DATE    2.24                      3.22  -0.98     2.40
  SINCE JUN 1     10.93                     11.72  -0.79     8.44
  SINCE JAN 1     27.45                     33.88  -6.43    26.54

DEGREE DAYS
 COOLING
  YESTERDAY       15                        13      2       14
  MONTH TO DATE  400                       328     72      353
  SINCE JUN 1   1290                      1035    255     1172
  SINCE JAN 1   1483                      1184    299     1390
..................................................................


WIND (MPH)
  RESULTANT WIND SPEED   3   RESULTANT WIND DIRECTION  SE (140)
  HIGHEST WIND SPEED    14   HIGHEST WIND DIRECTION     S (160)
  HIGHEST GUST SPEED    20   HIGHEST GUST DIRECTION    SE (130)
  AVERAGE WIND SPEED     2.8


SKY COVER
  AVERAGE SKY COVER 0.3


WEATHER CONDITIONS
 THE FOLLOWING WEATHER WAS RECORDED YESTERDAY.
  HEAVY RAIN
  LIGHT RAIN
  FOG


RELATIVE HUMIDITY (PERCENT)
 HIGHEST    94           100 PM
 LOWEST     65          1100 AM
 AVERAGE    80

..........................................................


THE CARTERSVILLE CLIMATE NORMALS FOR TODAY
                         NORMAL    RECORD    YEAR
 MAXIMUM TEMPERATURE (F)   89        MM        MM
 MINIMUM TEMPERATURE (F)   66        MM        MM


SUNRISE AND SUNSET
AUGUST 25 2016........SUNRISE   708 AM EDT   SUNSET   814 PM EDT
AUGUST 26 2016........SUNRISE   709 AM EDT   SUNSET   812 PM EDT


-  INDICATES NEGATIVE NUMBERS.
R  INDICATES RECORD WAS SET OR TIED.
MM INDICATES DATA IS MISSING.
T  INDICATES TRACE AMOUNT.




$$
