000
CDUS42 KFFC 250020
CLIVPC


CLIMATE REPORT
NATIONAL WEATHER SERVICE PEACHTREE CITY GA
820 PM EDT THU APR 24 2014


...................................

...THE CARTERSVILLE CLIMATE SUMMARY FOR APRIL 24 2014...
VALID AS OF 0800 PM LOCAL TIME.

CLIMATE NORMAL PERIOD 1981 TO 2010
CLIMATE RECORD PERIOD 9999 TO 9999


WEATHER ITEM   OBSERVED TIME   RECORD YEAR NORMAL DEPARTURE LAST
                VALUE   (LST)  VALUE       VALUE  FROM      YEAR
                                                  NORMAL
..................................................................
TEMPERATURE (F)
 TODAY
  MAXIMUM         82    355 PM  MM      MM  75      7       73
  MINIMUM         36    509 AM  MM      MM  48    -12       50
  AVERAGE         59                        61     -2       62

PRECIPITATION (IN)
  TODAY            0.00         MM      MM   0.15  -0.15     0.18
  MONTH TO DATE    5.49                      3.04   2.45     2.55
  SINCE MAR 1     10.20                      7.76   2.44     3.13

SNOWFALL (IN)
  TODAY           MM            MM      MM  MM     MM       MM
  MONTH TO DATE    0.0                      MM     MM        0.0
  SINCE MAR 1      0.0                      MM     MM        0.0
  SINCE JUL 1      0.0                      MM     MM        0.0
  SNOW DEPTH      MM

DEGREE DAYS
 HEATING
  TODAY            6                         5      1        3
  MONTH TO DATE  166                       174     -8      161
  SINCE MAR 1    636                       590     46      189
  SINCE JUL 1   3430                      3202    228      189

 COOLING
  TODAY            0                         1     -1        0
  MONTH TO DATE    4                        13     -9       26
  SINCE MAR 1      4                        17    -13       26
  SINCE JAN 1      4                        17    -13       26
..................................................................


WIND (MPH)
  RESULTANT WIND SPEED   3   RESULTANT WIND DIRECTION   E (110)
  HIGHEST WIND SPEED    13   HIGHEST WIND DIRECTION    SE (130)
  HIGHEST GUST SPEED    19   HIGHEST GUST DIRECTION     E (110)
  AVERAGE WIND SPEED     3.6


SKY COVER
  AVERAGE SKY COVER 0.1


WEATHER CONDITIONS
 THE FOLLOWING WEATHER WAS RECORDED TODAY.
  NO SIGNIFICANT WEATHER WAS OBSERVED.


RELATIVE HUMIDITY (PERCENT)
 HIGHEST    93           300 AM
 LOWEST     30           300 PM
 AVERAGE    62

..........................................................


THE CARTERSVILLE CLIMATE NORMALS FOR TOMORROW
                         NORMAL    RECORD    YEAR
 MAXIMUM TEMPERATURE (F)   75        MM        MM
 MINIMUM TEMPERATURE (F)   49        MM        MM


SUNRISE AND SUNSET
APRIL 24 2014.........SUNRISE   658 AM EDT   SUNSET   818 PM EDT
APRIL 25 2014.........SUNRISE   656 AM EDT   SUNSET   819 PM EDT


-  INDICATES NEGATIVE NUMBERS.
R  INDICATES RECORD WAS SET OR TIED.
MM INDICATES DATA IS MISSING.
T  INDICATES TRACE AMOUNT.




$$
