000
CDUS43 KLOT 030643
CLIVPZ


CLIMATE REPORT
NATIONAL WEATHER SERVICE CHICAGO IL
143 AM CDT FRI JUL 3 2015


...................................

...THE VALPARAISO CLIMATE SUMMARY FOR JULY 2 2015...

CLIMATE NORMAL PERIOD 1981 TO 2010
CLIMATE RECORD PERIOD 1998 TO 2015


WEATHER ITEM   OBSERVED TIME   RECORD YEAR NORMAL DEPARTURE LAST
                VALUE   (LST)  VALUE       VALUE  FROM      YEAR
                                                  NORMAL
..................................................................
TEMPERATURE (F)
 YESTERDAY
  MAXIMUM         75   1235 PM  93    2002  83     -8       72
  MINIMUM         54    456 AM  43    2001  62     -8       57
  AVERAGE         65                        73     -8       65

PRECIPITATION (IN)
  YESTERDAY        0.00          0.18 2013   0.10  -0.10      T
  MONTH TO DATE    0.00                      0.21  -0.21     0.09
  SINCE JUN 1      5.61                      4.12   1.49     8.30
  SINCE JAN 1     14.40                     17.10  -2.70    17.23

DEGREE DAYS
 HEATING
  YESTERDAY        0                         0      0        0
  MONTH TO DATE    2                         0      2        0
  SINCE JUN 1     29                        41    -12       20
  SINCE JUL 1      2                         0      2        0

 COOLING
  YESTERDAY        0                         8     -8        0
  MONTH TO DATE    0                        16    -16        9
  SINCE JUN 1    132                       180    -48      168
  SINCE JAN 1    208                       227    -19      241
..................................................................


WIND (MPH)
  RESULTANT WIND SPEED   6   RESULTANT WIND DIRECTION   N (20)
  HIGHEST WIND SPEED    15   HIGHEST WIND DIRECTION     E (70)
  HIGHEST GUST SPEED    20   HIGHEST GUST DIRECTION     E (70)
  AVERAGE WIND SPEED     6.9



WEATHER CONDITIONS
 THE FOLLOWING WEATHER WAS RECORDED YESTERDAY.
  NO SIGNIFICANT WEATHER WAS OBSERVED.


..........................................................


THE VALPARAISO CLIMATE NORMALS FOR TODAY
                         NORMAL    RECORD    YEAR
 MAXIMUM TEMPERATURE (F)   83        95      2002
 MINIMUM TEMPERATURE (F)   62        53      2005


SUNRISE AND SUNSET
JULY  3 2015..........SUNRISE   519 AM CDT   SUNSET   825 PM CDT
JULY  4 2015..........SUNRISE   520 AM CDT   SUNSET   825 PM CDT


-  INDICATES NEGATIVE NUMBERS.
R  INDICATES RECORD WAS SET OR TIED.
MM INDICATES DATA IS MISSING.
T  INDICATES TRACE AMOUNT.




$$
