000
CDUS43 KLOT 240636
CLIVPZ


CLIMATE REPORT
NATIONAL WEATHER SERVICE CHICAGO IL
135 AM CDT SUN JUL 24 2016


...................................

...THE VALPARAISO CLIMATE SUMMARY FOR JULY 23 2016...

CLIMATE NORMAL PERIOD 1981 TO 2010
CLIMATE RECORD PERIOD 1998 TO 2016


WEATHER ITEM   OBSERVED TIME   RECORD YEAR NORMAL DEPARTURE LAST
                VALUE   (LST)  VALUE       VALUE  FROM      YEAR
                                                  NORMAL
..................................................................
TEMPERATURE (F)
 YESTERDAY
  MAXIMUM         91   1258 PM  96    2012  82      9       85
  MINIMUM         70   1159 PM  55    2007  62      8       60
  AVERAGE         81                        72      9       73

PRECIPITATION (IN)
  YESTERDAY        0.67          1.28 2001   0.13   0.54     0.00
  MONTH TO DATE    3.15                      3.32  -0.17     4.92
  SINCE JUN 1      3.40                      7.23  -3.83    10.53
  SINCE JAN 1     12.80                     20.21  -7.41    19.32

DEGREE DAYS
 HEATING
  YESTERDAY        0                         0      0        0
  MONTH TO DATE    8                         0      8        6
  SINCE JUN 1     28                        41    -13       33
  SINCE JUL 1      8                         0      8        6

 COOLING
  YESTERDAY       16                         8      8        8
  MONTH TO DATE  196                       184     12      119
  SINCE JUN 1    396                       348     48      251
  SINCE JAN 1    473                       395     78      327
..................................................................


WIND (MPH)
  RESULTANT WIND SPEED   3   RESULTANT WIND DIRECTION  SW (220)
  HIGHEST WIND SPEED    26   HIGHEST WIND DIRECTION    NW (300)
  HIGHEST GUST SPEED    38   HIGHEST GUST DIRECTION    NW (300)
  AVERAGE WIND SPEED     6.3



WEATHER CONDITIONS
 THE FOLLOWING WEATHER WAS RECORDED YESTERDAY.
  THUNDERSTORM
  HEAVY RAIN
  LIGHT RAIN


..........................................................


THE VALPARAISO CLIMATE NORMALS FOR TODAY
                         NORMAL    RECORD    YEAR
 MAXIMUM TEMPERATURE (F)   82        98      2005
 MINIMUM TEMPERATURE (F)   62        50      2014
                                             2013


SUNRISE AND SUNSET
JULY 24 2016..........SUNRISE   536 AM CDT   SUNSET   813 PM CDT
JULY 25 2016..........SUNRISE   537 AM CDT   SUNSET   812 PM CDT


-  INDICATES NEGATIVE NUMBERS.
R  INDICATES RECORD WAS SET OR TIED.
MM INDICATES DATA IS MISSING.
T  INDICATES TRACE AMOUNT.




$$
