000
CDUS43 KLOT 240637
CLIVPZ


CLIMATE REPORT
NATIONAL WEATHER SERVICE CHICAGO IL
1236 AM CST SAT FEB 24 2018


...................................

...THE VALPARAISO CLIMATE SUMMARY FOR FEBRUARY 23 2018...

CLIMATE NORMAL PERIOD 1981 TO 2010
CLIMATE RECORD PERIOD 1998 TO 2018


WEATHER ITEM   OBSERVED TIME   RECORD YEAR NORMAL DEPARTURE LAST
                VALUE   (LST)  VALUE       VALUE  FROM      YEAR
                                                  NORMAL
..................................................................
TEMPERATURE (F)
 YESTERDAY
  MAXIMUM         47   1155 AM  61    2000  38      9       58
  MINIMUM         38   1159 PM   0    2015  22     16       39
  AVERAGE         43                        30     13       49

PRECIPITATION (IN)
  YESTERDAY        0.07          0.12 2012   0.06   0.01     0.10
  MONTH TO DATE    5.27                      1.16   4.11     0.63
  SINCE DEC 1      6.12                      5.09   1.03     3.79
  SINCE JAN 1      5.96                      2.91   3.05     3.04

DEGREE DAYS
 HEATING
  YESTERDAY       22                        35    -13       16
  MONTH TO DATE  881                       879      2      550
  SINCE DEC 1   3260                      3306    -46     2791
  SINCE JUL 1   4259                      4564   -305     3604

 COOLING
  YESTERDAY        0                         0      0        0
  MONTH TO DATE    0                         0      0        0
  SINCE DEC 1      0                         0      0        0
  SINCE JAN 1      0                         0      0        0
..................................................................


WIND (MPH)
  RESULTANT WIND SPEED   5   RESULTANT WIND DIRECTION  SW (240)
  HIGHEST WIND SPEED    23   HIGHEST WIND DIRECTION     W (250)
  HIGHEST GUST SPEED    28   HIGHEST GUST DIRECTION    SW (240)
  AVERAGE WIND SPEED    10.0



WEATHER CONDITIONS
 THE FOLLOWING WEATHER WAS RECORDED YESTERDAY.
  LIGHT RAIN
  FOG


..........................................................


THE VALPARAISO CLIMATE NORMALS FOR TODAY
                         NORMAL    RECORD    YEAR
 MAXIMUM TEMPERATURE (F)   38        66      2017
 MINIMUM TEMPERATURE (F)   23         0      2015


SUNRISE AND SUNSET
FEBRUARY 24 2018......SUNRISE   630 AM CST   SUNSET   533 PM CST
FEBRUARY 25 2018......SUNRISE   629 AM CST   SUNSET   534 PM CST


-  INDICATES NEGATIVE NUMBERS.
R  INDICATES RECORD WAS SET OR TIED.
MM INDICATES DATA IS MISSING.
T  INDICATES TRACE AMOUNT.




$$
