000
CDUS43 KLOT 090637
CLIVPZ


CLIMATE REPORT
NATIONAL WEATHER SERVICE CHICAGO IL
1236 AM CST TUE FEB 9 2016


...................................

...THE VALPARAISO CLIMATE SUMMARY FOR FEBRUARY 8 2016...

CLIMATE NORMAL PERIOD 1981 TO 2010
CLIMATE RECORD PERIOD 1998 TO 2016


WEATHER ITEM   OBSERVED TIME   RECORD YEAR NORMAL DEPARTURE LAST
                VALUE   (LST)  VALUE       VALUE  FROM      YEAR
                                                  NORMAL
..................................................................
TEMPERATURE (F)
 YESTERDAY
  MAXIMUM         34   1201 AM  50    2001  33      1       41
  MINIMUM         25   1159 PM  -8    2007  18      7       27
  AVERAGE         30                        26      4       34

PRECIPITATION (IN)
  YESTERDAY        T             0.42 2001   0.05  -0.05      T
  MONTH TO DATE    0.69                      0.37   0.32     0.71
  SINCE DEC 1      3.28                      4.30  -1.02     2.42
  SINCE JAN 1      1.15                      2.12  -0.97     1.61

DEGREE DAYS
 HEATING
  YESTERDAY       35                        39     -4       31
  MONTH TO DATE  249                       321    -72      351
  SINCE DEC 1   2154                      2748   -594     2707
  SINCE JUL 1   3130                      4006   -876     4208

 COOLING
  YESTERDAY        0                         0      0        0
  MONTH TO DATE    0                         0      0        0
  SINCE DEC 1      0                         0      0        0
  SINCE JAN 1      0                         0      0        0
..................................................................


WIND (MPH)
  RESULTANT WIND SPEED   8   RESULTANT WIND DIRECTION   W (270)
  HIGHEST WIND SPEED    15   HIGHEST WIND DIRECTION     W (270)
  HIGHEST GUST SPEED    19   HIGHEST GUST DIRECTION     W (270)
  AVERAGE WIND SPEED     9.0



WEATHER CONDITIONS
 THE FOLLOWING WEATHER WAS RECORDED YESTERDAY.
  LIGHT SNOW


..........................................................


THE VALPARAISO CLIMATE NORMALS FOR TODAY
                         NORMAL    RECORD    YEAR
 MAXIMUM TEMPERATURE (F)   34        56      2001
                                             1999
 MINIMUM TEMPERATURE (F)   18        -7      2011


SUNRISE AND SUNSET
FEBRUARY  9 2016......SUNRISE   651 AM CST   SUNSET   514 PM CST
FEBRUARY 10 2016......SUNRISE   650 AM CST   SUNSET   515 PM CST


-  INDICATES NEGATIVE NUMBERS.
R  INDICATES RECORD WAS SET OR TIED.
MM INDICATES DATA IS MISSING.
T  INDICATES TRACE AMOUNT.




$$
