000
CDUS43 KLOT 220637
CLIVPZ


CLIMATE REPORT
NATIONAL WEATHER SERVICE CHICAGO IL
1235 AM CST SUN JAN 22 2017


...................................

...THE VALPARAISO CLIMATE SUMMARY FOR JANUARY 21 2017...

CLIMATE NORMAL PERIOD 1981 TO 2010
CLIMATE RECORD PERIOD 1998 TO 2017


WEATHER ITEM   OBSERVED TIME   RECORD YEAR NORMAL DEPARTURE LAST
                VALUE   (LST)  VALUE       VALUE  FROM      YEAR
                                                  NORMAL
..................................................................
TEMPERATURE (F)
 YESTERDAY
  MAXIMUM         62R   303 PM  62    1999  31     31       27
  MINIMUM         39   1159 PM  -7    2000  16     23        7
  AVERAGE         51                        23     28       17

PRECIPITATION (IN)
  YESTERDAY        0.00          0.15 2010   0.06  -0.06     0.00
  MONTH TO DATE    2.40                      1.15   1.25     0.41
  SINCE DEC 1      3.15                      3.33  -0.18     2.54
  SINCE JAN 1      2.40                      1.15   1.25     0.41

DEGREE DAYS
 HEATING
  YESTERDAY       14                        42    -28       48
  MONTH TO DATE  734                       873   -139      869
  SINCE DEC 1   1932                      2017    -85     1582
  SINCE JUL 1   2745                      3275   -530     2558

 COOLING
  YESTERDAY        0                         0      0        0
  MONTH TO DATE    0                         0      0        0
  SINCE DEC 1      0                         0      0        0
  SINCE JAN 1      0                         0      0        0
..................................................................


WIND (MPH)
  RESULTANT WIND SPEED   7   RESULTANT WIND DIRECTION   S (180)
  HIGHEST WIND SPEED    21   HIGHEST WIND DIRECTION    SW (210)
  HIGHEST GUST SPEED    27   HIGHEST GUST DIRECTION    SW (210)
  AVERAGE WIND SPEED     7.1



WEATHER CONDITIONS
 THE FOLLOWING WEATHER WAS RECORDED YESTERDAY.
  FOG
  FOG W/VISIBILITY <= 1/4 MILE


..........................................................


THE VALPARAISO CLIMATE NORMALS FOR TODAY
                         NORMAL    RECORD    YEAR
 MAXIMUM TEMPERATURE (F)   31        55      2002
 MINIMUM TEMPERATURE (F)   16        -7      2000


SUNRISE AND SUNSET
JANUARY 22 2017.......SUNRISE   708 AM CST   SUNSET   452 PM CST
JANUARY 23 2017.......SUNRISE   707 AM CST   SUNSET   453 PM CST


-  INDICATES NEGATIVE NUMBERS.
R  INDICATES RECORD WAS SET OR TIED.
MM INDICATES DATA IS MISSING.
T  INDICATES TRACE AMOUNT.




$$
