000
CDUS43 KLOT 230635
CLIVPZ


CLIMATE REPORT
NATIONAL WEATHER SERVICE CHICAGO IL
1235 AM CST THU NOV 23 2017


...................................

...THE VALPARAISO CLIMATE SUMMARY FOR NOVEMBER 22 2017...

CLIMATE NORMAL PERIOD 1981 TO 2010
CLIMATE RECORD PERIOD 1998 TO 2017


WEATHER ITEM   OBSERVED TIME   RECORD YEAR NORMAL DEPARTURE LAST
                VALUE   (LST)  VALUE       VALUE  FROM      YEAR
                                                  NORMAL
..................................................................
TEMPERATURE (F)
 YESTERDAY
  MAXIMUM         38    246 PM  66    2010  45     -7       38
  MINIMUM         29    727 PM  10    2015  30     -1       26
  AVERAGE         34                        38     -4       32

PRECIPITATION (IN)
  YESTERDAY        0.00          0.87 2010   0.10  -0.10      T
  MONTH TO DATE    2.53                      2.52   0.01     1.36
  SINCE SEP 1     10.44                      8.98   1.46     7.25
  SINCE JAN 1     34.49                     34.52  -0.03    30.09

DEGREE DAYS
 HEATING
  YESTERDAY       31                        27      4       33
  MONTH TO DATE  531                       491     40      342
  SINCE SEP 1    835                      1004   -169      624
  SINCE JUL 1    841                      1021   -180      632

 COOLING
  YESTERDAY        0                         0      0        0
  MONTH TO DATE    0                         0      0        4
  SINCE SEP 1    204                        77    127      168
  SINCE JAN 1    968                       713    255     1017
..................................................................


WIND (MPH)
  RESULTANT WIND SPEED   5   RESULTANT WIND DIRECTION   W (270)
  HIGHEST WIND SPEED    14   HIGHEST WIND DIRECTION     W (290)
  HIGHEST GUST SPEED    19   HIGHEST GUST DIRECTION    NW (320)
  AVERAGE WIND SPEED     6.7



WEATHER CONDITIONS
 THE FOLLOWING WEATHER WAS RECORDED YESTERDAY.
  NO SIGNIFICANT WEATHER WAS OBSERVED.


..........................................................


THE VALPARAISO CLIMATE NORMALS FOR TODAY
                         NORMAL    RECORD    YEAR
 MAXIMUM TEMPERATURE (F)   44        65      2003
                                             1999
 MINIMUM TEMPERATURE (F)   30        15      2008
                                             2000


SUNRISE AND SUNSET
NOVEMBER 23 2017......SUNRISE   646 AM CST   SUNSET   422 PM CST
NOVEMBER 24 2017......SUNRISE   647 AM CST   SUNSET   422 PM CST


-  INDICATES NEGATIVE NUMBERS.
R  INDICATES RECORD WAS SET OR TIED.
MM INDICATES DATA IS MISSING.
T  INDICATES TRACE AMOUNT.




$$
