000
CDUS42 KMLB 290630
CLIVRB


CLIMATE REPORT
NATIONAL WEATHER SERVICE MELBOURNE FL
229 AM EDT WED JUL 29 2015


...................................

...THE VERO BEACH CLIMATE SUMMARY FOR JULY 28 2015...

CLIMATE NORMAL PERIOD 1981 TO 2010
CLIMATE RECORD PERIOD 1942 TO 2015


WEATHER ITEM   OBSERVED TIME   RECORD YEAR NORMAL DEPARTURE LAST
                VALUE   (LST)  VALUE       VALUE  FROM      YEAR
                                                  NORMAL
..................................................................
TEMPERATURE (F)
 YESTERDAY
  MAXIMUM         96R   300 PM  96    1950  90      6       94
  MINIMUM         76    340 AM  69    1982  74      2       75
                                      1979
                                      1978
  AVERAGE         86                        82      4       85

PRECIPITATION (IN)
  YESTERDAY        0.02          1.15 1982   0.18  -0.16     0.00
  MONTH TO DATE    5.55                      5.10   0.45     6.09
  SINCE JUN 1     10.46                     11.77  -1.31    13.79
  SINCE JAN 1     22.18                     27.14  -4.96    26.97

SNOWFALL (IN)
  YESTERDAY        0.0
  MONTH TO DATE    0.0
  SINCE JUL 1      0.0

DEGREE DAYS
 HEATING
  YESTERDAY        0                         0      0        0
  MONTH TO DATE    0                         0      0        0
  SINCE JUN 1      0                         0      0        0
  SINCE JUL 1      0                         0      0        0

 COOLING
  YESTERDAY       21                        17      4       20
  MONTH TO DATE  510                       467     43      436
  SINCE JUN 1   1023                       923    100      870
  SINCE JAN 1   2175                      1729    446     1796
..................................................................


WIND (MPH)
  HIGHEST WIND SPEED    31   HIGHEST WIND DIRECTION     W (290)
  HIGHEST GUST SPEED    37   HIGHEST GUST DIRECTION     W (280)
  AVERAGE WIND SPEED    10.7


SKY COVER
  AVERAGE SKY COVER 0.2


WEATHER CONDITIONS
 THE FOLLOWING WEATHER WAS RECORDED YESTERDAY.
  LIGHT RAIN


RELATIVE HUMIDITY (PERCENT)
 HIGHEST    91          1200 AM
 LOWEST     46           300 PM
 AVERAGE    69

..........................................................


THE VERO BEACH CLIMATE NORMALS FOR TODAY
                         NORMAL    RECORD    YEAR
 MAXIMUM TEMPERATURE (F)   90        97      1999
                                             1950
 MINIMUM TEMPERATURE (F)   74        69      1976
                                             1972
                                             1967


SUNRISE AND SUNSET
JULY 29 2015..........SUNRISE   643 AM EDT   SUNSET   813 PM EDT
JULY 30 2015..........SUNRISE   644 AM EDT   SUNSET   812 PM EDT


-  INDICATES NEGATIVE NUMBERS.
R  INDICATES RECORD WAS SET OR TIED.
MM INDICATES DATA IS MISSING.
T  INDICATES TRACE AMOUNT.




$$
