000
CDUS42 KMLB 120629
CLIVRB


CLIMATE REPORT
NATIONAL WEATHER SERVICE MELBOURNE FL
227 AM EDT SAT JUL 12 2014


...................................

...THE VERO BEACH CLIMATE SUMMARY FOR JULY 11 2014...

CLIMATE NORMAL PERIOD 1981 TO 2010
CLIMATE RECORD PERIOD 1942 TO 2014


WEATHER ITEM   OBSERVED TIME   RECORD YEAR NORMAL DEPARTURE LAST
                VALUE   (LST)  VALUE       VALUE  FROM      YEAR
                                                  NORMAL
..................................................................
TEMPERATURE (F)
 YESTERDAY
  MAXIMUM         88   1246 PM  96    1977  90     -2       88
                                      1946
  MINIMUM         70    433 AM  67    1983  73     -3       72
  AVERAGE         79                        82     -3       80

PRECIPITATION (IN)
  YESTERDAY        0.00          2.32 1963   0.18  -0.18     0.19
  MONTH TO DATE    1.76                      2.08  -0.32     1.60
  SINCE JUN 1      9.46                      8.75   0.71     7.09
  SINCE JAN 1     22.64                     24.12  -1.48    22.31

SNOWFALL (IN)
  YESTERDAY        0.0
  MONTH TO DATE    0.0
  SINCE JUL 1      0.0

DEGREE DAYS
 HEATING
  YESTERDAY        0                         0      0        0
  MONTH TO DATE    0                         0      0        0
  SINCE JUN 1      0                         0      0        0
  SINCE JUL 1      0                         0      0        0

 COOLING
  YESTERDAY       14                        17     -3       15
  MONTH TO DATE  164                       178    -14      174
  SINCE JUN 1    598                       634    -36      679
  SINCE JAN 1   1524                      1440     84     1586
..................................................................


WIND (MPH)
  HIGHEST WIND SPEED    15   HIGHEST WIND DIRECTION    SE (120)
  HIGHEST GUST SPEED    19   HIGHEST GUST DIRECTION    SE (120)
  AVERAGE WIND SPEED     6.8


SKY COVER
  AVERAGE SKY COVER 0.1


WEATHER CONDITIONS
 THE FOLLOWING WEATHER WAS RECORDED YESTERDAY.
  THUNDERSTORM


RELATIVE HUMIDITY (PERCENT)
 HIGHEST   100          1200 AM
 LOWEST     70          1100 AM
 AVERAGE    85

..........................................................


THE VERO BEACH CLIMATE NORMALS FOR TODAY
                         NORMAL    RECORD    YEAR
 MAXIMUM TEMPERATURE (F)   90        96      2010
                                             1987
                                             1945
 MINIMUM TEMPERATURE (F)   73        68      1999


SUNRISE AND SUNSET
JULY 12 2014..........SUNRISE   634 AM EDT   SUNSET   820 PM EDT
JULY 13 2014..........SUNRISE   635 AM EDT   SUNSET   820 PM EDT


-  INDICATES NEGATIVE NUMBERS.
R  INDICATES RECORD WAS SET OR TIED.
MM INDICATES DATA IS MISSING.
T  INDICATES TRACE AMOUNT.




$$
