000
CDUS42 KMLB 302017
CLIVRB


CLIMATE REPORT
NATIONAL WEATHER SERVICE MELBOURNE FL
417 PM EDT THU MAR 30 2017


...................................

...THE VERO BEACH CLIMATE SUMMARY FOR MARCH 30 2017...
VALID TODAY AS OF 0400 PM LOCAL TIME.

CLIMATE NORMAL PERIOD 1981 TO 2010
CLIMATE RECORD PERIOD 1942 TO 2017


WEATHER ITEM   OBSERVED TIME   RECORD YEAR NORMAL DEPARTURE LAST
                VALUE   (LST)  VALUE       VALUE  FROM      YEAR
                                                  NORMAL
..................................................................
TEMPERATURE (F)
 TODAY
  MAXIMUM         85    153 PM  91    2011  79      6       79
  MINIMUM         60    611 AM  46    2015  59      1       66
                                      2013
  AVERAGE         73                        69      4       73

PRECIPITATION (IN)
  TODAY            0.00          3.09 1996   0.13  -0.13     0.09
  MONTH TO DATE    1.62                      3.98  -2.36     2.76
  SINCE MAR 1      1.62                      3.98  -2.36     2.76
  SINCE JAN 1      3.58                      9.15  -5.57    16.11

SNOWFALL (IN)
  TODAY            0.0
  MONTH TO DATE    0.0
  SINCE JUL 1      0.0

DEGREE DAYS
 HEATING
  TODAY            0                         1     -1        0
  MONTH TO DATE   39                        54    -15       11
  SINCE MAR 1     39                        54    -15       11
  SINCE JUL 1    182                       439   -257      279

 COOLING
  TODAY            8                         5      3        8
  MONTH TO DATE  147                       125     22      224
  SINCE MAR 1    147                       125     22      224
  SINCE JAN 1    348                       264     84      322
..................................................................


WIND (MPH)
  HIGHEST WIND SPEED    21   HIGHEST WIND DIRECTION    SE (130)
  HIGHEST GUST SPEED    25   HIGHEST GUST DIRECTION    SE (130)
  AVERAGE WIND SPEED     8.1


SKY COVER
  AVERAGE SKY COVER 0.1


WEATHER CONDITIONS
 THE FOLLOWING WEATHER WAS RECORDED TODAY.
  NO SIGNIFICANT WEATHER WAS OBSERVED.


RELATIVE HUMIDITY (PERCENT)
 HIGHEST    93          1200 AM
 LOWEST     47           100 PM
 AVERAGE    70

..........................................................


THE VERO BEACH CLIMATE NORMALS FOR TOMORROW
                         NORMAL    RECORD    YEAR
 MAXIMUM TEMPERATURE (F)   79        90      1975
                                             1954
 MINIMUM TEMPERATURE (F)   59        44      1971
                                             1964


SUNRISE AND SUNSET
MARCH 30 2017.........SUNRISE   714 AM EDT   SUNSET   738 PM EDT
MARCH 31 2017.........SUNRISE   713 AM EDT   SUNSET   739 PM EDT


-  INDICATES NEGATIVE NUMBERS.
R  INDICATES RECORD WAS SET OR TIED.
MM INDICATES DATA IS MISSING.
T  INDICATES TRACE AMOUNT.




$$
