919
CDUS42 KMLB 252022
CLIVRB


CLIMATE REPORT
NATIONAL WEATHER SERVICE MELBOURNE FL
421 PM EDT TUE JUL 25 2017


...................................

...THE VERO BEACH CLIMATE SUMMARY FOR JULY 25 2017...
VALID TODAY AS OF 0400 PM LOCAL TIME.

CLIMATE NORMAL PERIOD 1981 TO 2010
CLIMATE RECORD PERIOD 1942 TO 2017


WEATHER ITEM   OBSERVED TIME   RECORD YEAR NORMAL DEPARTURE LAST
                VALUE   (LST)  VALUE       VALUE  FROM      YEAR
                                                  NORMAL
..................................................................
TEMPERATURE (F)
 TODAY
  MAXIMUM         93    224 PM  98    1983  90      3       90
  MINIMUM         78    306 AM  68    1975  74      4       72
  AVERAGE         86                        82      4       81

PRECIPITATION (IN)
  TODAY            0.00          2.44 1967   0.18  -0.18     0.00
  MONTH TO DATE    3.44                      4.56  -1.12     0.61
  SINCE JUN 1      9.82                     11.23  -1.41     5.46
  SINCE JAN 1     20.86                     26.60  -5.74    41.25

SNOWFALL (IN)
  TODAY            0.0
  MONTH TO DATE    0.0
  SINCE JUL 1      0.0

DEGREE DAYS
 HEATING
  TODAY            0                         0      0        0
  MONTH TO DATE    0                         0      0        0
  SINCE JUN 1      0                         0      0        0
  SINCE JUL 1      0                         0      0        0

 COOLING
  TODAY           21                        17      4       16
  MONTH TO DATE  460                       416     44      464
  SINCE JUN 1    949                       872     77      981
  SINCE JAN 1   2014                      1678    336     1910
..................................................................


WIND (MPH)
  HIGHEST WIND SPEED    13   HIGHEST WIND DIRECTION     E (110)
  HIGHEST GUST SPEED    15   HIGHEST GUST DIRECTION     E (110)
  AVERAGE WIND SPEED     5.0


SKY COVER
  AVERAGE SKY COVER 0.1


WEATHER CONDITIONS
 THE FOLLOWING WEATHER WAS RECORDED TODAY.
  THUNDERSTORM


RELATIVE HUMIDITY (PERCENT)
 HIGHEST    91           300 AM
 LOWEST     60          1100 AM
 AVERAGE    76

..........................................................


THE VERO BEACH CLIMATE NORMALS FOR TOMORROW
                         NORMAL    RECORD    YEAR
 MAXIMUM TEMPERATURE (F)   90        97      1983
 MINIMUM TEMPERATURE (F)   74        69      1988
                                             1978


SUNRISE AND SUNSET
JULY 25 2017..........SUNRISE   641 AM EDT   SUNSET   815 PM EDT
JULY 26 2017..........SUNRISE   642 AM EDT   SUNSET   814 PM EDT


-  INDICATES NEGATIVE NUMBERS.
R  INDICATES RECORD WAS SET OR TIED.
MM INDICATES DATA IS MISSING.
T  INDICATES TRACE AMOUNT.




$$
