000
CDUS42 KMLB 240637
CLIVRB


CLIMATE REPORT
NATIONAL WEATHER SERVICE MELBOURNE FL
237 AM EDT WED MAY 24 2017


...................................

...THE VERO BEACH CLIMATE SUMMARY FOR MAY 23 2017...

CLIMATE NORMAL PERIOD 1981 TO 2010
CLIMATE RECORD PERIOD 1942 TO 2017


WEATHER ITEM   OBSERVED TIME   RECORD YEAR NORMAL DEPARTURE LAST
                VALUE   (LST)  VALUE       VALUE  FROM      YEAR
                                                  NORMAL
..................................................................
TEMPERATURE (F)
 YESTERDAY
  MAXIMUM         95R   258 PM  94    1961  86      9       86
  MINIMUM         74    613 AM  57    1994  69      5       71
  AVERAGE         85                        78      7       79

PRECIPITATION (IN)
  YESTERDAY        0.00          1.57 1976   0.13  -0.13     0.00
  MONTH TO DATE    3.28                      2.16   1.12    16.37
  SINCE MAR 1      7.79                      9.00  -1.21    20.83
  SINCE JAN 1      9.75                     14.17  -4.42    34.18

SNOWFALL (IN)
  YESTERDAY        0.0
  MONTH TO DATE    0.0
  SINCE JUL 1      0.0

DEGREE DAYS
 HEATING
  YESTERDAY        0                         0      0        0
  MONTH TO DATE    0                         0      0        0
  SINCE MAR 1     42                        70    -28       16
  SINCE JUL 1    185                       455   -270      284

 COOLING
  YESTERDAY       20                        13      7       14
  MONTH TO DATE  290                       241     49      259
  SINCE MAR 1    747                       560    187      717
  SINCE JAN 1    948                       699    249      815
..................................................................


WIND (MPH)
  HIGHEST WIND SPEED    24   HIGHEST WIND DIRECTION     W (250)
  HIGHEST GUST SPEED    30   HIGHEST GUST DIRECTION     W (260)
  AVERAGE WIND SPEED    10.1


SKY COVER
  AVERAGE SKY COVER 0.3


WEATHER CONDITIONS
 THE FOLLOWING WEATHER WAS RECORDED YESTERDAY.
  THUNDERSTORM


RELATIVE HUMIDITY (PERCENT)
 HIGHEST    87           600 AM
 LOWEST     36           300 PM
 AVERAGE    62

..........................................................


THE VERO BEACH CLIMATE NORMALS FOR TODAY
                         NORMAL    RECORD    YEAR
 MAXIMUM TEMPERATURE (F)   86        94      2005
                                             2000
 MINIMUM TEMPERATURE (F)   70        60      1981


SUNRISE AND SUNSET
MAY 24 2017...........SUNRISE   628 AM EDT   SUNSET   809 PM EDT
MAY 25 2017...........SUNRISE   628 AM EDT   SUNSET   809 PM EDT


-  INDICATES NEGATIVE NUMBERS.
R  INDICATES RECORD WAS SET OR TIED.
MM INDICATES DATA IS MISSING.
T  INDICATES TRACE AMOUNT.




$$
