000
CDUS42 KMLB 020643
CLIVRB


CLIMATE REPORT
NATIONAL WEATHER SERVICE MELBOURNE FL
233 AM EDT THU OCT 2 2014


...................................

...THE VERO BEACH CLIMATE SUMMARY FOR OCTOBER 1 2014...

CLIMATE NORMAL PERIOD 1981 TO 2010
CLIMATE RECORD PERIOD 1942 TO 2014


WEATHER ITEM   OBSERVED TIME   RECORD YEAR NORMAL DEPARTURE LAST
                VALUE   (LST)  VALUE       VALUE  FROM      YEAR
                                                  NORMAL
..................................................................
TEMPERATURE (F)
 YESTERDAY
  MAXIMUM         90    140 PM  93    1980  87      3       88
  MINIMUM         71    325 AM  63    2001  72     -1       68
                                      1993
  AVERAGE         81                        79      2       78

PRECIPITATION (IN)
  YESTERDAY        0.50          3.80 1963   0.21   0.29     0.00
  MONTH TO DATE    0.50                      0.21   0.29     0.00
  SINCE SEP 1     11.24                      7.00   4.24     6.62
  SINCE JAN 1     44.55                     41.70   2.85    34.30

SNOWFALL (IN)
  YESTERDAY        0.0
  MONTH TO DATE    0.0
  SINCE JUL 1      0.0

DEGREE DAYS
 HEATING
  YESTERDAY        0                         0      0        0
  MONTH TO DATE    0                         0      0        0
  SINCE SEP 1      0                         0      0        0
  SINCE JUL 1      0                         0      0        0

 COOLING
  YESTERDAY       16                        14      2       13
  MONTH TO DATE   16                        14      2       13
  SINCE SEP 1    434                       483    -49      465
  SINCE JAN 1   2801                      2781     20     2871
..................................................................


WIND (MPH)
  HIGHEST WIND SPEED    20   HIGHEST WIND DIRECTION    NE (40)
  HIGHEST GUST SPEED    23   HIGHEST GUST DIRECTION    NE (30)
  AVERAGE WIND SPEED     4.2


SKY COVER
  AVERAGE SKY COVER 0.3


WEATHER CONDITIONS
 THE FOLLOWING WEATHER WAS RECORDED YESTERDAY.
  THUNDERSTORM
  HEAVY RAIN
  LIGHT RAIN
  FOG
  HAZE


RELATIVE HUMIDITY (PERCENT)
 HIGHEST   100           400 AM
 LOWEST     63           100 PM
 AVERAGE    82

..........................................................


THE VERO BEACH CLIMATE NORMALS FOR TODAY
                         NORMAL    RECORD    YEAR
 MAXIMUM TEMPERATURE (F)   86        94      1989
 MINIMUM TEMPERATURE (F)   72        58      1976


SUNRISE AND SUNSET
OCTOBER  2 2014.......SUNRISE   715 AM EDT   SUNSET   707 PM EDT
OCTOBER  3 2014.......SUNRISE   715 AM EDT   SUNSET   705 PM EDT


-  INDICATES NEGATIVE NUMBERS.
R  INDICATES RECORD WAS SET OR TIED.
MM INDICATES DATA IS MISSING.
T  INDICATES TRACE AMOUNT.




$$
