000
CDUS42 KMLB 282128
CLIVRB


CLIMATE REPORT
NATIONAL WEATHER SERVICE MELBOURNE FL
427 PM EST SAT FEB 28 2015


...................................

...THE VERO BEACH CLIMATE SUMMARY FOR FEBRUARY 28 2015...
VALID TODAY AS OF 400 PM LOCAL TIME.

CLIMATE NORMAL PERIOD 1981 TO 2010
CLIMATE RECORD PERIOD 1942 TO 2015


WEATHER ITEM   OBSERVED TIME   RECORD YEAR NORMAL DEPARTURE LAST
                VALUE   (LST)  VALUE       VALUE  FROM      YEAR
                                                  NORMAL
..................................................................
TEMPERATURE (F)
 TODAY
  MAXIMUM         72    342 PM  89    2001  76     -4       74
  MINIMUM         67    218 AM  36    1968  56     11       56
  AVERAGE         70                        66      4       65

PRECIPITATION (IN)
  TODAY            0.07          2.45 1983   0.11  -0.04     0.07
  MONTH TO DATE    2.47                      2.67  -0.20     2.06
  SINCE DEC 1      6.83                      7.36  -0.53     9.14
  SINCE JAN 1      3.62                      5.17  -1.55     6.55

SNOWFALL (IN)
  TODAY            0.0
  MONTH TO DATE    0.0
  SINCE JUL 1      0.0

DEGREE DAYS
 HEATING
  TODAY            0                         3     -3        0
  MONTH TO DATE  122                        98     24       34
  SINCE DEC 1    293                       355    -62      224
  SINCE JUL 1    372                       385    -13      235

 COOLING
  TODAY            5                         4      1        0
  MONTH TO DATE   42                        78    -36      140
  SINCE DEC 1    246                       232     14      376
  SINCE JAN 1    125                       139    -14      208
..................................................................


WIND (MPH)
  HIGHEST WIND SPEED    20   HIGHEST WIND DIRECTION     E (70)
  HIGHEST GUST SPEED    26   HIGHEST GUST DIRECTION    NE (60)
  AVERAGE WIND SPEED    12.4


SKY COVER
  AVERAGE SKY COVER 1.0


WEATHER CONDITIONS
 THE FOLLOWING WEATHER WAS RECORDED TODAY.
  LIGHT RAIN
  FOG
  HAZE


RELATIVE HUMIDITY (PERCENT)
 HIGHEST    87          1200 AM
 LOWEST     76           200 AM
 AVERAGE    82

..........................................................


THE VERO BEACH CLIMATE NORMALS FOR TOMORROW
                         NORMAL    RECORD    YEAR
 MAXIMUM TEMPERATURE (F)   76        88      2003
 MINIMUM TEMPERATURE (F)   56        34      2010


SUNRISE AND SUNSET
FEBRUARY 28 2015......SUNRISE   647 AM EST   SUNSET   621 PM EST
MARCH  1 2015.........SUNRISE   646 AM EST   SUNSET   622 PM EST


-  INDICATES NEGATIVE NUMBERS.
R  INDICATES RECORD WAS SET OR TIED.
MM INDICATES DATA IS MISSING.
T  INDICATES TRACE AMOUNT.




$$
