000
CDUS42 KMLB 082130
CLIVRB


CLIMATE REPORT
NATIONAL WEATHER SERVICE MELBOURNE FL
427 PM EST MON FEB 8 2016


...................................

...THE VERO BEACH CLIMATE SUMMARY FOR FEBRUARY 8 2016...
VALID TODAY AS OF 0400 PM LOCAL TIME.

CLIMATE NORMAL PERIOD 1981 TO 2010
CLIMATE RECORD PERIOD 1942 TO 2016


WEATHER ITEM   OBSERVED TIME   RECORD YEAR NORMAL DEPARTURE LAST
                VALUE   (LST)  VALUE       VALUE  FROM      YEAR
                                                  NORMAL
..................................................................
TEMPERATURE (F)
 TODAY
  MAXIMUM         67    325 PM  88    1997  74     -7       74
  MINIMUM         38    642 AM  36    1978  53    -15       50
  AVERAGE         53                        64    -11       62

PRECIPITATION (IN)
  TODAY            0.00          0.80 1988   0.09  -0.09     0.00
  MONTH TO DATE    1.66                      0.73   0.93     0.90
  SINCE DEC 1     15.62                      5.42  10.20     5.26
  SINCE JAN 1     11.05                      3.23   7.82     2.05

SNOWFALL (IN)
  TODAY            0.0
  MONTH TO DATE    0.0
  SINCE JUL 1      0.0

DEGREE DAYS
 HEATING
  TODAY           12                         4      8        3
  MONTH TO DATE   32                        32      0       22
  SINCE DEC 1    172                       289   -117      193
  SINCE JUL 1    173                       319   -146      272

 COOLING
  TODAY            0                         2     -2        0
  MONTH TO DATE   31                        16     15        3
  SINCE DEC 1    360                       170    190      207
  SINCE JAN 1     68                        77     -9       86
..................................................................


WIND (MPH)
  HIGHEST WIND SPEED    24   HIGHEST WIND DIRECTION     W (250)
  HIGHEST GUST SPEED    32   HIGHEST GUST DIRECTION     W (250)
  AVERAGE WIND SPEED     8.4


SKY COVER
  AVERAGE SKY COVER 0.0


WEATHER CONDITIONS
 THE FOLLOWING WEATHER WAS RECORDED TODAY.
  NO SIGNIFICANT WEATHER WAS OBSERVED.


RELATIVE HUMIDITY (PERCENT)
 HIGHEST    92           300 AM
 LOWEST     27          1200 PM
 AVERAGE    60

..........................................................


THE VERO BEACH CLIMATE NORMALS FOR TOMORROW
                         NORMAL    RECORD    YEAR
 MAXIMUM TEMPERATURE (F)   74        85      1994
                                             1974
                                             1962
 MINIMUM TEMPERATURE (F)   53        31      1995


SUNRISE AND SUNSET
FEBRUARY  8 2016......SUNRISE   704 AM EST   SUNSET   608 PM EST
FEBRUARY  9 2016......SUNRISE   704 AM EST   SUNSET   608 PM EST


-  INDICATES NEGATIVE NUMBERS.
R  INDICATES RECORD WAS SET OR TIED.
MM INDICATES DATA IS MISSING.
T  INDICATES TRACE AMOUNT.




$$
