000
CDUS41 KBTV 210522
CLIVSF


CLIMATE REPORT
NATIONAL WEATHER SERVICE BURLINGTON VT
120 AM EDT FRI JUL 21 2017


...................................

...THE SPRINGFIELD VT CLIMATE SUMMARY FOR JULY 20 2017...

CLIMATE NORMAL PERIOD 1981 TO 2010
CLIMATE RECORD PERIOD 9999 TO 9999


WEATHER ITEM   OBSERVED TIME   NORMAL DEPARTURE LAST
                VALUE   (LST)  VALUE  FROM      YEAR
                                      NORMAL
......................................................
TEMPERATURE (F)
 YESTERDAY
  MAXIMUM         86    124 PM  81      5       78
  MINIMUM         61    435 AM  57      4       47
  AVERAGE         74            69      5       63

PRECIPITATION (IN)
  YESTERDAY        0.00          0.15  -0.15     0.00
  MONTH TO DATE    2.78          2.84  -0.06     2.58
  SINCE JUN 1      7.26          6.73   0.53     4.86
  SINCE JAN 1     24.85         23.00   1.85    15.28

DEGREE DAYS
 HEATING
  YESTERDAY        0             0      0        2
  MONTH TO DATE    6             9     -3       14
  SINCE JUN 1    104           105     -1       86
  SINCE JUL 1      6             9     -3       14

 COOLING
  YESTERDAY        9             5      4        0
  MONTH TO DATE  102            93      9       92
  SINCE JUN 1    184           157     27      149
  SINCE JAN 1    198           169     29      190
......................................................


WIND (MPH)
  HIGHEST WIND SPEED    13   HIGHEST WIND DIRECTION     W (260)
  HIGHEST GUST SPEED    18   HIGHEST GUST DIRECTION    SW (230)
  AVERAGE WIND SPEED     2.8


SKY COVER
  AVERAGE SKY COVER 0.3


WEATHER CONDITIONS
 THE FOLLOWING WEATHER WAS RECORDED YESTERDAY.
  FOG
  FOG W/VISIBILITY <= 1/4 MILE


RELATIVE HUMIDITY (PERCENT)
 HIGHEST   100           700 AM
 LOWEST     48           200 PM
 AVERAGE    74

..........................................................


THE SPRINGFIELD VT CLIMATE NORMALS FOR TODAY
                         NORMAL    RECORD    YEAR
 MAXIMUM TEMPERATURE (F)   81        96      2011
 MINIMUM TEMPERATURE (F)   57        45      1999


SUNRISE AND SUNSET
JULY 21 2017..........SUNRISE   529 AM EDT   SUNSET   823 PM EDT
JULY 22 2017..........SUNRISE   530 AM EDT   SUNSET   822 PM EDT


-  INDICATES NEGATIVE NUMBERS.
R  INDICATES RECORD WAS SET OR TIED.
MM INDICATES DATA IS MISSING.
T  INDICATES TRACE AMOUNT.




$$
