000
CDUS41 KBTV 200537
CLIVSF


CLIMATE REPORT
NATIONAL WEATHER SERVICE BURLINGTON VT
1235 AM EST MON NOV 20 2017


...................................

...THE SPRINGFIELD VT CLIMATE SUMMARY FOR NOVEMBER 19 2017...

CLIMATE NORMAL PERIOD 1981 TO 2010
CLIMATE RECORD PERIOD 9999 TO 9999


WEATHER ITEM   OBSERVED TIME   NORMAL DEPARTURE LAST
                VALUE   (LST)  VALUE  FROM      YEAR
                                      NORMAL
......................................................
TEMPERATURE (F)
 YESTERDAY
  MAXIMUM         51    947 AM  45      6       61
  MINIMUM         33   1159 PM  28      5       28
  AVERAGE         42            36      6       45

PRECIPITATION (IN)
  YESTERDAY        0.19          0.13   0.06     0.00
  MONTH TO DATE    1.32          2.54  -1.22     0.91
  SINCE SEP 1      8.95         10.72  -1.77     5.09
  SINCE JAN 1     37.24         39.09  -1.85    23.97

DEGREE DAYS
 HEATING
  YESTERDAY       23            29     -6       20
  MONTH TO DATE  538           489     49      438
  SINCE SEP 1    978          1243   -265     1086
  SINCE JUL 1   1043          1298   -255     1108

 COOLING
  YESTERDAY        0             0      0        0
  MONTH TO DATE    0             0      0        0
  SINCE SEP 1     86            24     62       44
  SINCE JAN 1    386           345     41      481
......................................................


WIND (MPH)
  HIGHEST WIND SPEED    24   HIGHEST WIND DIRECTION     W (270)
  HIGHEST GUST SPEED    34   HIGHEST GUST DIRECTION    SW (240)
  AVERAGE WIND SPEED     9.1


SKY COVER
  AVERAGE SKY COVER 1.0


WEATHER CONDITIONS
 THE FOLLOWING WEATHER WAS RECORDED YESTERDAY.
  LIGHT RAIN
  FOG


RELATIVE HUMIDITY (PERCENT)
 HIGHEST   100          1200 AM
 LOWEST     56           800 PM
 AVERAGE    78

..........................................................


THE SPRINGFIELD VT CLIMATE NORMALS FOR TODAY
                         NORMAL    RECORD    YEAR
 MAXIMUM TEMPERATURE (F)   44        66      2011
 MINIMUM TEMPERATURE (F)   27        16      2000


SUNRISE AND SUNSET
NOVEMBER 20 2017......SUNRISE   650 AM EST   SUNSET   421 PM EST
NOVEMBER 21 2017......SUNRISE   651 AM EST   SUNSET   421 PM EST


-  INDICATES NEGATIVE NUMBERS.
R  INDICATES RECORD WAS SET OR TIED.
MM INDICATES DATA IS MISSING.
T  INDICATES TRACE AMOUNT.




$$
