000
CDUS41 KBTV 270521
CLIVSF


CLIMATE REPORT
NATIONAL WEATHER SERVICE BURLINGTON VT
119 AM EDT MON MAR 27 2017


...................................

...THE SPRINGFIELD VT CLIMATE SUMMARY FOR MARCH 26 2017...

CLIMATE NORMAL PERIOD 1981 TO 2010
CLIMATE RECORD PERIOD 9999 TO 9999


WEATHER ITEM   OBSERVED TIME   NORMAL DEPARTURE LAST
                VALUE   (LST)  VALUE  FROM      YEAR
                                      NORMAL
......................................................
TEMPERATURE (F)
 YESTERDAY
  MAXIMUM         37    558 PM  46     -9       52
  MINIMUM         19    613 AM  24     -5       29
  AVERAGE         28            35     -7       41

PRECIPITATION (IN)
  YESTERDAY        T             0.14  -0.14     0.00
  MONTH TO DATE    1.15          2.62  -1.47     1.30
  SINCE MAR 1      1.15          2.62  -1.47     1.30
  SINCE JAN 1      4.70          8.23  -3.53     6.52

DEGREE DAYS
 HEATING
  YESTERDAY       37            30      7       24
  MONTH TO DATE  983           892     91      697
  SINCE MAR 1    983           892     91      697
  SINCE JUL 1   5860          6337   -477     5353

 COOLING
  YESTERDAY        0             0      0        0
  MONTH TO DATE    0             0      0        0
  SINCE MAR 1      0             0      0        0
  SINCE JAN 1      0             0      0        0
......................................................


WIND (MPH)
  HIGHEST WIND SPEED    10   HIGHEST WIND DIRECTION     S (170)
  HIGHEST GUST SPEED    14   HIGHEST GUST DIRECTION    SE (140)
  AVERAGE WIND SPEED     2.9


SKY COVER
  AVERAGE SKY COVER 0.6


WEATHER CONDITIONS
 THE FOLLOWING WEATHER WAS RECORDED YESTERDAY.
  NO SIGNIFICANT WEATHER WAS OBSERVED.


RELATIVE HUMIDITY (PERCENT)
 HIGHEST    92           700 AM
 LOWEST     40          1100 AM
 AVERAGE    66

..........................................................


THE SPRINGFIELD VT CLIMATE NORMALS FOR TODAY
                         NORMAL    RECORD    YEAR
 MAXIMUM TEMPERATURE (F)   46        71      1998
 MINIMUM TEMPERATURE (F)   25        12      2014


SUNRISE AND SUNSET
MARCH 27 2017.........SUNRISE   640 AM EDT   SUNSET   711 PM EDT
MARCH 28 2017.........SUNRISE   639 AM EDT   SUNSET   712 PM EDT


-  INDICATES NEGATIVE NUMBERS.
R  INDICATES RECORD WAS SET OR TIED.
MM INDICATES DATA IS MISSING.
T  INDICATES TRACE AMOUNT.




$$
