000
CDUS41 KBTV 040535
CLIVSF


CLIMATE REPORT
NATIONAL WEATHER SERVICE BURLINGTON VT
1231 AM EST SUN DEC 4 2016


...................................

...THE SPRINGFIELD VT CLIMATE SUMMARY FOR DECEMBER 3 2016...

CLIMATE NORMAL PERIOD 1981 TO 2010
CLIMATE RECORD PERIOD 9999 TO 9999


WEATHER ITEM   OBSERVED TIME   NORMAL DEPARTURE LAST
                VALUE   (LST)  VALUE  FROM      YEAR
                                      NORMAL
......................................................
TEMPERATURE (F)
 YESTERDAY
  MAXIMUM         38    203 PM  39     -1       42
  MINIMUM         32    919 PM  22     10       35
  AVERAGE         35            30      5       39

PRECIPITATION (IN)
  YESTERDAY        T             0.12  -0.12     0.01
  MONTH TO DATE    0.52          0.35   0.17     0.35
  SINCE DEC 1      0.52          0.35   0.17     0.35
  SINCE JAN 1     25.48         40.93 -15.45    28.90

DEGREE DAYS
 HEATING
  YESTERDAY       30            35     -5       26
  MONTH TO DATE   75           103    -28       97
  SINCE DEC 1     75           103    -28       97
  SINCE JUL 1   1531          1746   -215     1510

 COOLING
  YESTERDAY        0             0      0        0
  MONTH TO DATE    0             0      0        0
  SINCE DEC 1      0             0      0        0
  SINCE JAN 1    481           345    136      460
......................................................


WIND (MPH)
  HIGHEST WIND SPEED    17   HIGHEST WIND DIRECTION     W (290)
  HIGHEST GUST SPEED    24   HIGHEST GUST DIRECTION    NW (300)
  AVERAGE WIND SPEED     8.1


SKY COVER
  AVERAGE SKY COVER 0.7


WEATHER CONDITIONS
 THE FOLLOWING WEATHER WAS RECORDED YESTERDAY.
  LIGHT SNOW


RELATIVE HUMIDITY (PERCENT)
 HIGHEST    82          1200 AM
 LOWEST     59          1000 AM
 AVERAGE    71

..........................................................


THE SPRINGFIELD VT CLIMATE NORMALS FOR TODAY
                         NORMAL    RECORD    YEAR
 MAXIMUM TEMPERATURE (F)   38        65      1998
 MINIMUM TEMPERATURE (F)   22         4      2003


SUNRISE AND SUNSET
DECEMBER  4 2016......SUNRISE   706 AM EST   SUNSET   415 PM EST
DECEMBER  5 2016......SUNRISE   707 AM EST   SUNSET   414 PM EST


-  INDICATES NEGATIVE NUMBERS.
R  INDICATES RECORD WAS SET OR TIED.
MM INDICATES DATA IS MISSING.
T  INDICATES TRACE AMOUNT.




$$
