188
CDUS41 KBTV 070547
CLIVSF


CLIMATE REPORT
NATIONAL WEATHER SERVICE BURLINGTON VT
1239 AM EST SUN FEB 7 2016


...................................

...THE SPRINGFIELD VT CLIMATE SUMMARY FOR FEBRUARY 6 2016...

CLIMATE NORMAL PERIOD 1981 TO 2010
CLIMATE RECORD PERIOD 9999 TO 9999


WEATHER ITEM   OBSERVED TIME   NORMAL DEPARTURE LAST
                VALUE   (LST)  VALUE  FROM      YEAR
                                      NORMAL
......................................................
TEMPERATURE (F)
 YESTERDAY
  MAXIMUM         40    339 PM  31      9       19
  MINIMUM         16    655 AM  11      5      -18
  AVERAGE         28            21      7        1

PRECIPITATION (IN)
  YESTERDAY        0.00          0.09  -0.09      T
  MONTH TO DATE    1.10          0.54   0.56     0.57
  SINCE DEC 1      5.91          6.73  -0.82     7.63
  SINCE JAN 1      2.59          3.46  -0.87     3.10

DEGREE DAYS
 HEATING
  YESTERDAY       37            44     -7       64
  MONTH TO DATE  187           267    -80      347
  SINCE DEC 1   2322          2896   -574     2947
  SINCE JUL 1   3735          4539   -804     4350

 COOLING
  YESTERDAY        0             0      0        0
  MONTH TO DATE    0             0      0        0
  SINCE DEC 1      0             0      0        0
  SINCE JAN 1      0             0      0        0
......................................................


WIND (MPH)
  HIGHEST WIND SPEED    17   HIGHEST WIND DIRECTION     W (260)
  HIGHEST GUST SPEED    26   HIGHEST GUST DIRECTION     S (200)
  AVERAGE WIND SPEED     3.9


SKY COVER
  AVERAGE SKY COVER 0.4


WEATHER CONDITIONS
 THE FOLLOWING WEATHER WAS RECORDED YESTERDAY.
  NO SIGNIFICANT WEATHER WAS OBSERVED.


RELATIVE HUMIDITY (PERCENT)
 HIGHEST    88           700 AM
 LOWEST     37           300 PM
 AVERAGE    63

..........................................................


THE SPRINGFIELD VT CLIMATE NORMALS FOR TODAY
                         NORMAL    RECORD    YEAR
 MAXIMUM TEMPERATURE (F)   31        52      2005
 MINIMUM TEMPERATURE (F)   11        -6      2014


SUNRISE AND SUNSET
FEBRUARY  7 2016......SUNRISE   659 AM EST   SUNSET   509 PM EST
FEBRUARY  8 2016......SUNRISE   658 AM EST   SUNSET   511 PM EST


-  INDICATES NEGATIVE NUMBERS.
R  INDICATES RECORD WAS SET OR TIED.
MM INDICATES DATA IS MISSING.
T  INDICATES TRACE AMOUNT.




$$
