000
CDUS41 KBTV 300541
CLIVSF


CLIMATE REPORT
NATIONAL WEATHER SERVICE BURLINGTON VT
135 AM EDT MON MAR 30 2015


...................................

...THE SPRINGFIELD VT CLIMATE SUMMARY FOR MARCH 29 2015...

CLIMATE NORMAL PERIOD 1981 TO 2010
CLIMATE RECORD PERIOD 9999 TO 9999


WEATHER ITEM   OBSERVED TIME   NORMAL DEPARTURE LAST
                VALUE   (LST)  VALUE  FROM      YEAR
                                      NORMAL
......................................................
TEMPERATURE (F)
 YESTERDAY
  MAXIMUM         40    453 PM  47     -7       51
  MINIMUM         13    608 AM  25    -12       34
  AVERAGE         27            36     -9       43

PRECIPITATION (IN)
  YESTERDAY        0.00          0.13  -0.13     0.38
  MONTH TO DATE    0.85          3.02  -2.17     1.28
  SINCE MAR 1      0.85          3.02  -2.17     1.28
  SINCE JAN 1      5.00          8.63  -3.63     4.97

DEGREE DAYS
 HEATING
  YESTERDAY       38            29      9       22
  MONTH TO DATE 1137           980    157     1216
  SINCE MAR 1   1137           980    157     1216
  SINCE JUL 1   6689          6425    264     6927

 COOLING
  YESTERDAY        0             0      0        0
  MONTH TO DATE    0             0      0        0
  SINCE MAR 1      0             0      0        0
  SINCE JAN 1      0             0      0        0
......................................................


WIND (MPH)
  HIGHEST WIND SPEED    16   HIGHEST WIND DIRECTION     W (270)
  HIGHEST GUST SPEED    24   HIGHEST GUST DIRECTION     W (280)
  AVERAGE WIND SPEED     4.1


SKY COVER
  AVERAGE SKY COVER 0.0


WEATHER CONDITIONS
 THE FOLLOWING WEATHER WAS RECORDED YESTERDAY.
  HAZE


RELATIVE HUMIDITY (PERCENT)
 HIGHEST    74          1000 PM
 LOWEST     19           400 PM
 AVERAGE    47

..........................................................


THE SPRINGFIELD VT CLIMATE NORMALS FOR TODAY
                         NORMAL    RECORD    YEAR
 MAXIMUM TEMPERATURE (F)   48        82      1998
 MINIMUM TEMPERATURE (F)   26        10      2008


SUNRISE AND SUNSET
MARCH 30 2015.........SUNRISE   636 AM EDT   SUNSET   714 PM EDT
MARCH 31 2015.........SUNRISE   634 AM EDT   SUNSET   715 PM EDT


-  INDICATES NEGATIVE NUMBERS.
R  INDICATES RECORD WAS SET OR TIED.
MM INDICATES DATA IS MISSING.
T  INDICATES TRACE AMOUNT.




$$
