000
CDUS41 KBTV 280557
CLIVSF


CLIMATE REPORT
NATIONAL WEATHER SERVICE BURLINGTON VT
1257 AM EST WED JAN 28 2015


...................................

...THE SPRINGFIELD VT CLIMATE SUMMARY FOR JANUARY 27 2015...

CLIMATE NORMAL PERIOD 1981 TO 2010
CLIMATE RECORD PERIOD 9999 TO 9999


WEATHER ITEM   OBSERVED TIME   NORMAL DEPARTURE LAST
                VALUE   (LST)  VALUE  FROM      YEAR
                                      NORMAL
......................................................
TEMPERATURE (F)
 YESTERDAY
  MAXIMUM         17    204 AM  29    -12       32
  MINIMUM         10    836 PM  10      0       11
  AVERAGE         14            20     -6       22

PRECIPITATION (IN)
  YESTERDAY        0.11          0.09   0.02      T
  MONTH TO DATE    2.42          2.57  -0.15     2.29
  SINCE DEC 1      6.95          5.84   1.11     3.76
  SINCE JAN 1      2.42          2.57  -0.15     2.29

DEGREE DAYS
 HEATING
  YESTERDAY       51            45      6       43
  MONTH TO DATE 1318          1230     88     1264
  SINCE DEC 1   2387          2450    -63     2516
  SINCE JUL 1   3790          4093   -303     4216

 COOLING
  YESTERDAY        0             0      0        0
  MONTH TO DATE    0             0      0        0
  SINCE DEC 1      0             0      0        0
  SINCE JAN 1      0             0      0        0
......................................................


WIND (MPH)
  HIGHEST WIND SPEED    17   HIGHEST WIND DIRECTION     N (350)
  HIGHEST GUST SPEED    30   HIGHEST GUST DIRECTION     N (20)
  AVERAGE WIND SPEED     9.3


SKY COVER
  AVERAGE SKY COVER 1.0


WEATHER CONDITIONS
 THE FOLLOWING WEATHER WAS RECORDED YESTERDAY.
  HEAVY SNOW
  SNOW
  LIGHT SNOW
  FOG
  HAZE


RELATIVE HUMIDITY (PERCENT)
 HIGHEST    84           500 AM
 LOWEST     30          1200 AM
 AVERAGE    57

..........................................................


THE SPRINGFIELD VT CLIMATE NORMALS FOR TODAY
                         NORMAL    RECORD    YEAR
 MAXIMUM TEMPERATURE (F)   30        MM        MM
 MINIMUM TEMPERATURE (F)   10        MM        MM


SUNRISE AND SUNSET
JANUARY 28 2015.......SUNRISE   710 AM EST   SUNSET   456 PM EST
JANUARY 29 2015.......SUNRISE   709 AM EST   SUNSET   458 PM EST


-  INDICATES NEGATIVE NUMBERS.
R  INDICATES RECORD WAS SET OR TIED.
MM INDICATES DATA IS MISSING.
T  INDICATES TRACE AMOUNT.




$$
