000
CDUS43 KLBF 310931 RRB
CLIVTN

CLIMATE REPORT NATIONAL WEATHER SERVICE NORTH PLATTE

429 AM CDT FRI JUL 31 2015


...................................

...THE VALENTINE NE CLIMATE SUMMARY FOR JULY 30 2015...

CLIMATE NORMAL PERIOD 1981 TO 2010
CLIMATE RECORD PERIOD 1885 TO 2015


WEATHER ITEM   OBSERVED TIME   RECORD YEAR NORMAL DEPARTURE LAST
                VALUE   (LST)  VALUE       VALUE  FROM      YEAR
                                                  NORMAL
..................................................................
TEMPERATURE (F)
 YESTERDAY
  MAXIMUM         93    419 PM 105    1955  89      4       86
  MINIMUM         55    317 AM  38    1971  61     -6       48
  AVERAGE         74                        75     -1       67

PRECIPITATION (IN)
  YESTERDAY        0.00          2.18 2013   0.10  -0.10     0.00
  MONTH TO DATE    3.25                      3.12   0.13     0.58
  SINCE JUN 1      6.67                      6.68  -0.01     9.21
  SINCE JAN 1     16.06                     13.84   2.22    16.42

SNOWFALL (IN)
  YESTERDAY        0.0           0.0    MM   0.0    0.0      0.0
  MONTH TO DATE    0.0                       0.0    0.0      0.0
  SINCE JUN 1      0.0                       0.0    0.0      0.0
  SINCE JUL 1      0.0                       0.0    0.0      0.0
  SNOW DEPTH       0

DEGREE DAYS
 HEATING
  YESTERDAY        0                         0      0        0
  MONTH TO DATE    2                         2      0       19
  SINCE JUN 1     10                        63    -53       73
  SINCE JUL 1      2                         2      0       19

 COOLING
  YESTERDAY        9                        10     -1        2
  MONTH TO DATE  261                       292    -31      225
  SINCE JUN 1    401                       429    -28      336
  SINCE JAN 1    407                       463    -56      397
..................................................................


WIND (MPH)
  HIGHEST WIND SPEED    16   HIGHEST WIND DIRECTION     W (250)
  HIGHEST GUST SPEED    21   HIGHEST GUST DIRECTION    NW (330)
  AVERAGE WIND SPEED     6.7


SKY COVER
  POSSIBLE SUNSHINE  MM
  AVERAGE SKY COVER 0.0


WEATHER CONDITIONS
 THE FOLLOWING WEATHER WAS RECORDED YESTERDAY.
  NO SIGNIFICANT WEATHER WAS OBSERVED.


RELATIVE HUMIDITY (PERCENT)
 HIGHEST    83           400 AM
 LOWEST     17           100 PM
 AVERAGE    50

..........................................................


THE VALENTINE NE CLIMATE NORMALS FOR TODAY
                         NORMAL    RECORD    YEAR
 MAXIMUM TEMPERATURE (F)   89       110      2002
 MINIMUM TEMPERATURE (F)   61        44      1913


SUNRISE AND SUNSET
JULY 31 2015..........SUNRISE   632 AM CDT   SUNSET   904 PM CDT
AUGUST  1 2015........SUNRISE   633 AM CDT   SUNSET   903 PM CDT


-  INDICATES NEGATIVE NUMBERS.
R  INDICATES RECORD WAS SET OR TIED.
MM INDICATES DATA IS MISSING.
T  INDICATES TRACE AMOUNT.




$$
