000
CDUS43 KLBF 230113
CLIVTN


CLIMATE REPORT
NATIONAL WEATHER SERVICE NORTH PLATTE
702 PM CST WED FEB 22 2017


...................................

...THE VALENTINE NE CLIMATE SUMMARY FOR FEBRUARY 22 2017...
VALID TODAY AS OF 0500 PM LOCAL TIME.

CLIMATE NORMAL PERIOD 1981 TO 2010
CLIMATE RECORD PERIOD 1885 TO 2017


WEATHER ITEM   OBSERVED TIME   RECORD YEAR NORMAL DEPARTURE LAST
                VALUE   (LST)  VALUE       VALUE  FROM      YEAR
                                                  NORMAL
..................................................................
TEMPERATURE (F)
 TODAY
  MAXIMUM         60    200 PM  78    1982  42     18       50
  MINIMUM         33        MM -16    1993  16     17       20
  AVERAGE         47                        29     18       35

PRECIPITATION (IN)
  TODAY            0.00          0.60 1890   0.02  -0.02     0.00
  MONTH TO DATE    0.52                      0.34   0.18     0.16
  SINCE DEC 1      2.37                      0.97   1.40     1.72
  SINCE JAN 1      1.43                      0.60   0.83     0.68

SNOWFALL (IN)
  TODAY            0.0           6.0  1999   0.2   -0.2      0.0
                                      1890
  MONTH TO DATE    6.4                       4.2    2.2      1.0
  SINCE DEC 1     23.3                      13.1   10.2     21.1
  SINCE JUL 1     29.6                      20.7    8.9     31.2
  SNOW DEPTH       0

DEGREE DAYS
 HEATING
  TODAY           18                        36    -18       30
  MONTH TO DATE  668                       847   -179      665
  SINCE DEC 1   3386                      3407    -21     3202
  SINCE JUL 1   4492                      5025   -533     4495

 COOLING
  TODAY            0                         0      0        0
  MONTH TO DATE    0                         0      0        0
  SINCE DEC 1      0                         0      0        0
  SINCE JAN 1      0                         0      0        0
..................................................................


WIND (MPH)
  HIGHEST WIND SPEED    21   HIGHEST WIND DIRECTION    NW (310)
  HIGHEST GUST SPEED    39   HIGHEST GUST DIRECTION    NW (300)
  AVERAGE WIND SPEED    12.7


SKY COVER
  POSSIBLE SUNSHINE  MM
  AVERAGE SKY COVER 0.1


WEATHER CONDITIONS
 THE FOLLOWING WEATHER WAS RECORDED TODAY.
  NO SIGNIFICANT WEATHER WAS OBSERVED.


RELATIVE HUMIDITY (PERCENT)
 HIGHEST    85           800 AM
 LOWEST     24           300 PM
 AVERAGE    55

..........................................................


THE VALENTINE NE CLIMATE NORMALS FOR TOMORROW
                         NORMAL    RECORD    YEAR
 MAXIMUM TEMPERATURE (F)   42        69      2002
 MINIMUM TEMPERATURE (F)   16       -20      1993


SUNRISE AND SUNSET
FEBRUARY 22 2017......SUNRISE   729 AM CST   SUNSET   623 PM CST
FEBRUARY 23 2017......SUNRISE   727 AM CST   SUNSET   624 PM CST


-  INDICATES NEGATIVE NUMBERS.
R  INDICATES RECORD WAS SET OR TIED.
MM INDICATES DATA IS MISSING.
T  INDICATES TRACE AMOUNT.




$$
