000
CDUS43 KLBF 232143
CLIVTN


CLIMATE REPORT
NATIONAL WEATHER SERVICE NORTH PLATTE
442 PM CDT SAT SEP 23 2017


...................................

...THE VALENTINE NE CLIMATE SUMMARY FOR SEPTEMBER 23 2017...
VALID TODAY AS OF 0400 PM LOCAL TIME.

CLIMATE NORMAL PERIOD 1981 TO 2010
CLIMATE RECORD PERIOD 1885 TO 2017


WEATHER ITEM   OBSERVED TIME   RECORD YEAR NORMAL DEPARTURE LAST
                VALUE   (LST)  VALUE       VALUE  FROM      YEAR
                                                  NORMAL
..................................................................
TEMPERATURE (F)
 TODAY
  MAXIMUM         53   1201 AM  96    1905  74    -21       91
  MINIMUM         48    804 AM  23    1989  44      4       57
  AVERAGE         51                        59     -8       74

PRECIPITATION (IN)
  TODAY            0.82          3.58 2015   0.05   0.77     0.00
  MONTH TO DATE    1.63                      1.25   0.38     1.52
  SINCE SEP 1      1.63                      1.25   0.38     1.52
  SINCE JAN 1     14.81                     17.36  -2.55    23.45

SNOWFALL (IN)
  TODAY            0.0           T    1985   0.1   -0.1      0.0
  MONTH TO DATE    0.0                       0.4   -0.4      0.0
  SINCE SEP 1      0.0                       0.4   -0.4      0.0
  SINCE JUL 1      0.0                       0.4   -0.4      0.0
  SNOW DEPTH       0

DEGREE DAYS
 HEATING
  TODAY           14                         8      6        0
  MONTH TO DATE   62                        97    -35       56
  SINCE SEP 1     62                        97    -35       56
  SINCE JUL 1     69                       122    -53       84

 COOLING
  TODAY            0                         1     -1        9
  MONTH TO DATE  124                        75     49       67
  SINCE SEP 1    124                        75     49       67
  SINCE JAN 1   1058                       811    247      864
..................................................................


WIND (MPH)
  HIGHEST WIND SPEED    28   HIGHEST WIND DIRECTION     W (260)
  HIGHEST GUST SPEED    37   HIGHEST GUST DIRECTION     W (250)
  AVERAGE WIND SPEED     9.6


SKY COVER
  POSSIBLE SUNSHINE  MM
  AVERAGE SKY COVER 1.0


WEATHER CONDITIONS
 THE FOLLOWING WEATHER WAS RECORDED TODAY.
  THUNDERSTORM
  HEAVY RAIN
  RAIN
  LIGHT RAIN
  FOG


RELATIVE HUMIDITY (PERCENT)
 HIGHEST    93           400 AM
 LOWEST     71          1200 AM
 AVERAGE    82

..........................................................


THE VALENTINE NE CLIMATE NORMALS FOR TOMORROW
                         NORMAL    RECORD    YEAR
 MAXIMUM TEMPERATURE (F)   73        92      1990
 MINIMUM TEMPERATURE (F)   43        21      1926


SUNRISE AND SUNSET
SEPTEMBER 23 2017.....SUNRISE   731 AM CDT   SUNSET   737 PM CDT
SEPTEMBER 24 2017.....SUNRISE   732 AM CDT   SUNSET   735 PM CDT


-  INDICATES NEGATIVE NUMBERS.
R  INDICATES RECORD WAS SET OR TIED.
MM INDICATES DATA IS MISSING.
T  INDICATES TRACE AMOUNT.




$$
