000
CDUS43 KLBF 262238
CLIVTN

CLIMATE REPORT
NATIONAL WEATHER SERVICE NORTH PLATTE
433 PM CST THU FEB 26 2015


...................................

...THE VALENTINE NE CLIMATE SUMMARY FOR FEBRUARY 26 2015...
VALID TODAY AS OF 0400 PM LOCAL TIME.

CLIMATE NORMAL PERIOD 1981 TO 2010
CLIMATE RECORD PERIOD 1885 TO 2015


WEATHER ITEM   OBSERVED TIME   RECORD YEAR NORMAL DEPARTURE LAST
                VALUE   (LST)  VALUE       VALUE  FROM      YEAR
                                                  NORMAL
..................................................................
TEMPERATURE (F)
 TODAY
  MAXIMUM         14    415 PM  68    1932  43    -29       36
  MINIMUM         -2    734 AM -24    1934  17    -19      -13
  AVERAGE          6                        30    -24       12

PRECIPITATION (IN)
  TODAY            T             0.53 1895   0.02  -0.02     0.00
  MONTH TO DATE    0.31                      0.43  -0.12     0.60
  SINCE DEC 1      1.52                      1.06   0.46     1.35
  SINCE JAN 1      0.62                      0.69  -0.07     0.64

SNOWFALL (IN)
  TODAY            T             6.0  1996   0.2   -0.2      0.0
  MONTH TO DATE    3.1                       5.1   -2.0      6.5
  SINCE DEC 1     15.3                      14.0    1.3     19.2
  SINCE JUL 1     21.7                      21.6    0.1     26.0
  SNOW DEPTH       T

DEGREE DAYS
 HEATING
  TODAY           59                        35     24       53
  MONTH TO DATE  990                       988      2     1181
  SINCE DEC 1   3423                      3548   -125     3822
  SINCE JUL 1   5027                      5166   -139     5381

 COOLING
  TODAY            0                         0      0        0
  MONTH TO DATE    0                         0      0        0
  SINCE DEC 1      0                         0      0        0
  SINCE JAN 1      0                         0      0        0
..................................................................


WIND (MPH)
  HIGHEST WIND SPEED    18   HIGHEST WIND DIRECTION     N (350)
  HIGHEST GUST SPEED    26   HIGHEST GUST DIRECTION     N (350)
  AVERAGE WIND SPEED    11.1


SKY COVER
  POSSIBLE SUNSHINE  MM
  AVERAGE SKY COVER 0.4


WEATHER CONDITIONS
 THE FOLLOWING WEATHER WAS RECORDED TODAY.
  LIGHT SNOW
  HAZE


RELATIVE HUMIDITY (PERCENT)
 HIGHEST    79           300 AM
 LOWEST     53           300 PM
 AVERAGE    66

..........................................................


THE VALENTINE NE CLIMATE NORMALS FOR TOMORROW
                         NORMAL    RECORD    YEAR
 MAXIMUM TEMPERATURE (F)   44        68      1980
                                             1965
                                             1932
 MINIMUM TEMPERATURE (F)   18       -24      1962


SUNRISE AND SUNSET
FEBRUARY 26 2015......SUNRISE   723 AM CST   SUNSET   628 PM CST
FEBRUARY 27 2015......SUNRISE   722 AM CST   SUNSET   629 PM CST


-  INDICATES NEGATIVE NUMBERS.
R  INDICATES RECORD WAS SET OR TIED.
MM INDICATES DATA IS MISSING.
T  INDICATES TRACE AMOUNT.




$$
