000
CDUS43 KLBF 272238
CLIVTN

CLIMATE REPORT
NATIONAL WEATHER SERVICE NORTH PLATTE
536 PM CDT SUN JUL 27 2014


...................................

...THE VALENTINE NE CLIMATE SUMMARY FOR JULY 27 2014...
VALID TODAY AS OF 0500 PM LOCAL TIME.

CLIMATE NORMAL PERIOD 1981 TO 2010
CLIMATE RECORD PERIOD 1885 TO 2014


WEATHER ITEM   OBSERVED TIME   RECORD YEAR NORMAL DEPARTURE LAST
                VALUE   (LST)  VALUE       VALUE  FROM      YEAR
                                                  NORMAL
..................................................................
TEMPERATURE (F)
 TODAY
  MAXIMUM         84    410 PM 106    1935  89     -5       75
                                      1931
  MINIMUM         50    356 AM  43    2005  61    -11       55
  AVERAGE         67                        75     -8       65

PRECIPITATION (IN)
  TODAY            0.00          1.41 1972   0.10  -0.10     0.00
  MONTH TO DATE    0.58                      2.83  -2.25     1.59
  SINCE JUN 1      9.21                      6.39   2.82     4.04
  SINCE JAN 1     16.42                     13.55   2.87    13.44

SNOWFALL (IN)
  TODAY            0.0           0.0    MM   0.0    0.0      0.0
  MONTH TO DATE    0.0                       0.0    0.0      0.0
  SINCE JUN 1      0.0                       0.0    0.0      0.0
  SINCE JUL 1      0.0                       0.0    0.0      0.0
  SNOW DEPTH       0

DEGREE DAYS
 HEATING
  TODAY            0                         0      0        0
  MONTH TO DATE   19                         2     17        0
  SINCE JUN 1     73                        63     10       54
  SINCE JUL 1     19                         2     17        0

 COOLING
  TODAY            2                        10     -8        0
  MONTH TO DATE  221                       262    -41      269
  SINCE JUN 1    332                       399    -67      415
  SINCE JAN 1    393                       433    -40      454
..................................................................


WIND (MPH)
  HIGHEST WIND SPEED    22   HIGHEST WIND DIRECTION     N (350)
  HIGHEST GUST SPEED    29   HIGHEST GUST DIRECTION    NW (310)
  AVERAGE WIND SPEED    12.3


SKY COVER
  POSSIBLE SUNSHINE  MM
  AVERAGE SKY COVER 0.0


WEATHER CONDITIONS
 THE FOLLOWING WEATHER WAS RECORDED TODAY.
  NO SIGNIFICANT WEATHER WAS OBSERVED.


RELATIVE HUMIDITY (PERCENT)
 HIGHEST    83           400 AM
 LOWEST     29           300 PM
 AVERAGE    56

..........................................................


THE VALENTINE NE CLIMATE NORMALS FOR TOMORROW
                         NORMAL    RECORD    YEAR
 MAXIMUM TEMPERATURE (F)   89       108      1933
 MINIMUM TEMPERATURE (F)   61        44      1971


SUNRISE AND SUNSET
JULY 27 2014..........SUNRISE   628 AM CDT   SUNSET   908 PM CDT
JULY 28 2014..........SUNRISE   629 AM CDT   SUNSET   907 PM CDT


-  INDICATES NEGATIVE NUMBERS.
R  INDICATES RECORD WAS SET OR TIED.
MM INDICATES DATA IS MISSING.
T  INDICATES TRACE AMOUNT.

$$
