000
CDUS43 KLBF 231028
CLIVTN


CLIMATE REPORT
NATIONAL WEATHER SERVICE NORTH PLATTE
427 AM CST THU NOV 23 2017


...................................

...THE VALENTINE NE CLIMATE SUMMARY FOR NOVEMBER 22 2017...

CLIMATE NORMAL PERIOD 1981 TO 2010
CLIMATE RECORD PERIOD 1885 TO 2017


WEATHER ITEM   OBSERVED TIME   RECORD YEAR NORMAL DEPARTURE LAST
                VALUE   (LST)  VALUE       VALUE  FROM      YEAR
                                                  NORMAL
..................................................................
TEMPERATURE (F)
 YESTERDAY
  MAXIMUM         73    247 PM  74    2006  44     29       46
                                      1998
  MINIMUM         18   1225 AM -15    1898  18      0       28
  AVERAGE         46                        31     15       37

PRECIPITATION (IN)
  YESTERDAY        0.00          0.28 1897   0.02  -0.02     0.00
  MONTH TO DATE    0.56                      0.52   0.04     0.27
  SINCE SEP 1      4.48                      3.41   1.07     3.69
  SINCE JAN 1     17.66                     19.52  -1.86    25.62

SNOWFALL (IN)
  YESTERDAY        0.0           4.0  2003   0.1   -0.1      0.0
  MONTH TO DATE    1.3                       3.9   -2.6      3.0
  SINCE SEP 1      1.3                       6.1   -4.8      6.0
  SINCE JUL 1      1.3                       6.1   -4.8      6.0
  SNOW DEPTH       0

DEGREE DAYS
 HEATING
  YESTERDAY       19                        34    -15       28
  MONTH TO DATE  565                       627    -62      430
  SINCE SEP 1   1144                      1304   -160      829
  SINCE JUL 1   1151                      1329   -178      857

 COOLING
  YESTERDAY        0                         0      0        0
  MONTH TO DATE    0                         0      0        0
  SINCE SEP 1    126                        85     41       83
  SINCE JAN 1   1060                       821    239      880
..................................................................


WIND (MPH)
  HIGHEST WIND SPEED    22   HIGHEST WIND DIRECTION    NW (310)
  HIGHEST GUST SPEED    28   HIGHEST GUST DIRECTION     W (290)
  AVERAGE WIND SPEED     8.0


SKY COVER
  POSSIBLE SUNSHINE  MM
  AVERAGE SKY COVER 0.0


WEATHER CONDITIONS
 THE FOLLOWING WEATHER WAS RECORDED YESTERDAY.
  NO SIGNIFICANT WEATHER WAS OBSERVED.


RELATIVE HUMIDITY (PERCENT)
 HIGHEST    84           200 AM
 LOWEST     27           200 PM
 AVERAGE    56

..........................................................


THE VALENTINE NE CLIMATE NORMALS FOR TODAY
                         NORMAL    RECORD    YEAR
 MAXIMUM TEMPERATURE (F)   43        70      1988
 MINIMUM TEMPERATURE (F)   18       -16      1985


SUNRISE AND SUNSET
NOVEMBER 23 2017......SUNRISE   744 AM CST   SUNSET   513 PM CST
NOVEMBER 24 2017......SUNRISE   746 AM CST   SUNSET   512 PM CST


-  INDICATES NEGATIVE NUMBERS.
R  INDICATES RECORD WAS SET OR TIED.
MM INDICATES DATA IS MISSING.
T  INDICATES TRACE AMOUNT.




$$
