000
CDUS43 KLBF 010926
CLIVTN

CLIMATE REPORT
NATIONAL WEATHER SERVICE NORTH PLATTE
425 AM CDT MON SEP 1 2014

...................................

...THE VALENTINE NE CLIMATE SUMMARY FOR AUGUST 31 2014...

CLIMATE NORMAL PERIOD 1981 TO 2010
CLIMATE RECORD PERIOD 1885 TO 2014


WEATHER ITEM   OBSERVED TIME   RECORD YEAR NORMAL DEPARTURE LAST
                VALUE   (LST)  VALUE       VALUE  FROM      YEAR
                                                  NORMAL
..................................................................
TEMPERATURE (F)
 YESTERDAY
  MAXIMUM         76    223 AM 103    1960  84     -8       97
  MINIMUM         55   1159 PM  37    1993  55      0       62
                                      1965
  AVERAGE         66                        69     -3       80

PRECIPITATION (IN)
  YESTERDAY        0.21          1.52 1966   0.05   0.16     0.00
  MONTH TO DATE    2.62                      2.18   0.44     2.01
  SINCE JUN 1     11.83                      8.95   2.88     8.24
  SINCE JAN 1     19.04                     16.11   2.93    17.64

SNOWFALL (IN)
  YESTERDAY        0.0           0.0    MM   0.0    0.0      0.0
  MONTH TO DATE    0.0                       0.0    0.0      0.0
  SINCE JUN 1      0.0                       0.0    0.0      0.0
  SINCE JUL 1      0.0                       0.0    0.0      0.0
  SNOW DEPTH       0

DEGREE DAYS
 HEATING
  YESTERDAY        0                         2     -2        0
  MONTH TO DATE    2                        14    -12        0
  SINCE JUN 1     75                        86    -11       57
  SINCE JUL 1     21                        25     -4        3

 COOLING
  YESTERDAY        1                         6     -5       15
  MONTH TO DATE  233                       261    -28      316
  SINCE JUN 1    574                       702   -128      754
  SINCE JAN 1    635                       736   -101      793
..................................................................


WIND (MPH)
  HIGHEST WIND SPEED    24   HIGHEST WIND DIRECTION    NW (300)
  HIGHEST GUST SPEED    31   HIGHEST GUST DIRECTION     W (290)
  AVERAGE WIND SPEED     7.5


SKY COVER
  POSSIBLE SUNSHINE  MM
  AVERAGE SKY COVER 0.2


WEATHER CONDITIONS
 THE FOLLOWING WEATHER WAS RECORDED YESTERDAY.
  THUNDERSTORM
  RAIN
  LIGHT RAIN
  FOG


RELATIVE HUMIDITY (PERCENT)
 HIGHEST    93           500 AM
 LOWEST     53           300 AM
 AVERAGE    73

..........................................................


THE VALENTINE NE CLIMATE NORMALS FOR TODAY
                         NORMAL    RECORD    YEAR
 MAXIMUM TEMPERATURE (F)   84       102      1983
                                             1964
 MINIMUM TEMPERATURE (F)   54        35      1965


SUNRISE AND SUNSET
SEPTEMBER  1 2014.....SUNRISE   707 AM CDT   SUNSET   817 PM CDT
SEPTEMBER  2 2014.....SUNRISE   708 AM CDT   SUNSET   815 PM CDT


-  INDICATES NEGATIVE NUMBERS.
R  INDICATES RECORD WAS SET OR TIED.
MM INDICATES DATA IS MISSING.
T  INDICATES TRACE AMOUNT.

$$
