000
CDUS43 KLBF 280934
CLIVTN


CLIMATE REPORT
NATIONAL WEATHER SERVICE NORTH PLATTE
433 AM CDT SAT MAY 28 2016


...................................

...THE VALENTINE NE CLIMATE SUMMARY FOR MAY 27 2016...

CLIMATE NORMAL PERIOD 1981 TO 2010
CLIMATE RECORD PERIOD 1885 TO 2016


WEATHER ITEM   OBSERVED TIME   RECORD YEAR NORMAL DEPARTURE LAST
                VALUE   (LST)  VALUE       VALUE  FROM      YEAR
                                                  NORMAL
..................................................................
TEMPERATURE (F)
 YESTERDAY
  MAXIMUM         70    339 PM  98    1969  74     -4       79
  MINIMUM         54   1159 PM  30    1907  48      6       45
  AVERAGE         62                        61      1       62

PRECIPITATION (IN)
  YESTERDAY        0.26          1.97 1995   0.11   0.15      T
  MONTH TO DATE    6.38                      2.66   3.72     7.07
  SINCE MAR 1     11.93                      5.95   5.98     8.72
  SINCE JAN 1     12.61                      6.69   5.92     9.34

SNOWFALL (IN)
  YESTERDAY        0.0           0.0    MM   0.0    0.0      0.0
  MONTH TO DATE    0.0                       0.1   -0.1      0.0
  SINCE MAR 1      7.0                      11.2   -4.2      0.8
  SINCE JUL 1     38.2                      33.3    4.9     22.5
  SNOW DEPTH       0

DEGREE DAYS
 HEATING
  YESTERDAY        3                         5     -2        3
  MONTH TO DATE  245                       242      3      277
  SINCE MAR 1   1457                      1689   -232     1412
  SINCE JUL 1   6143                      6925   -782     6538

 COOLING
  YESTERDAY        0                         1     -1        0
  MONTH TO DATE   11                        24    -13        3
  SINCE MAR 1     14                        28    -14        5
  SINCE JAN 1     14                        28    -14        5
..................................................................


WIND (MPH)
  HIGHEST WIND SPEED    20   HIGHEST WIND DIRECTION     N (10)
  HIGHEST GUST SPEED    25   HIGHEST GUST DIRECTION    NE (30)
  AVERAGE WIND SPEED     8.5


SKY COVER
  POSSIBLE SUNSHINE  MM
  AVERAGE SKY COVER 0.6


WEATHER CONDITIONS
 THE FOLLOWING WEATHER WAS RECORDED YESTERDAY.
  LIGHT RAIN
  FOG


RELATIVE HUMIDITY (PERCENT)
 HIGHEST    93           800 AM
 LOWEST     48           400 PM
 AVERAGE    71

..........................................................


THE VALENTINE NE CLIMATE NORMALS FOR TODAY
                         NORMAL    RECORD    YEAR
 MAXIMUM TEMPERATURE (F)   74        99      1934
 MINIMUM TEMPERATURE (F)   48        29      1947


SUNRISE AND SUNSET
MAY 28 2016...........SUNRISE   608 AM CDT   SUNSET   911 PM CDT
MAY 29 2016...........SUNRISE   608 AM CDT   SUNSET   912 PM CDT


-  INDICATES NEGATIVE NUMBERS.
R  INDICATES RECORD WAS SET OR TIED.
MM INDICATES DATA IS MISSING.
T  INDICATES TRACE AMOUNT.




$$
