000
CDUS43 KLBF 261024
CLIVTN

CLIMATE REPORT
NATIONAL WEATHER SERVICE NORTH PLATTE
423 AM CST FRI DEC 26 2014


...................................

...THE VALENTINE NE CLIMATE SUMMARY FOR DECEMBER 25 2014...

CLIMATE NORMAL PERIOD 1981 TO 2010
CLIMATE RECORD PERIOD 1885 TO 2014


WEATHER ITEM   OBSERVED TIME   RECORD YEAR NORMAL DEPARTURE LAST
                VALUE   (LST)  VALUE       VALUE  FROM      YEAR
                                                  NORMAL
..................................................................
TEMPERATURE (F)
 YESTERDAY
  MAXIMUM         33    644 AM  65    1979  36     -3       37
                                      1928
  MINIMUM         24   1159 PM -22    1983  10     14       20
  AVERAGE         29                        23      6       29

PRECIPITATION (IN)
  YESTERDAY        0.04          0.25 1941   0.01   0.03     0.00
  MONTH TO DATE    0.64                      0.30   0.34     0.71
  SINCE DEC 1      0.64                      0.30   0.34     0.71
  SINCE JAN 1     21.53                     19.95   1.58    23.63

SNOWFALL (IN)
  YESTERDAY        0.5           4.0  1996   0.1    0.4      0.0
  MONTH TO DATE    4.7                       4.1    0.6     12.2
  SINCE DEC 1      4.7                       4.1    0.6     12.2
  SINCE JUL 1     11.1                      11.7   -0.6     19.0
  SNOW DEPTH       1

DEGREE DAYS
 HEATING
  YESTERDAY       36                        42     -6       36
  MONTH TO DATE  852                      1023   -171     1210
  SINCE DEC 1    852                      1023   -171     1210
  SINCE JUL 1   2456                      2641   -185     2769

 COOLING
  YESTERDAY        0                         0      0        0
  MONTH TO DATE    0                         0      0        0
  SINCE DEC 1      0                         0      0        0
  SINCE JAN 1    724                       821    -97      964
..................................................................


WIND (MPH)
  HIGHEST WIND SPEED    25   HIGHEST WIND DIRECTION     N (20)
  HIGHEST GUST SPEED    32   HIGHEST GUST DIRECTION     N (20)
  AVERAGE WIND SPEED    12.5


SKY COVER
  POSSIBLE SUNSHINE  MM
  AVERAGE SKY COVER 0.8


WEATHER CONDITIONS
 THE FOLLOWING WEATHER WAS RECORDED YESTERDAY.
  LT FREEZING RAIN
  LIGHT SNOW
  FOG
  FOG W/VISIBILITY <= 1/4 MILE


RELATIVE HUMIDITY (PERCENT)
 HIGHEST   100          1200 PM
 LOWEST     72           700 AM
 AVERAGE    86

..........................................................


THE VALENTINE NE CLIMATE NORMALS FOR TODAY
                         NORMAL    RECORD    YEAR
 MAXIMUM TEMPERATURE (F)   36        60      1889
 MINIMUM TEMPERATURE (F)   10       -25      1996


SUNRISE AND SUNSET
DECEMBER 26 2014......SUNRISE   812 AM CST   SUNSET   514 PM CST
DECEMBER 27 2014......SUNRISE   812 AM CST   SUNSET   515 PM CST


-  INDICATES NEGATIVE NUMBERS.
R  INDICATES RECORD WAS SET OR TIED.
MM INDICATES DATA IS MISSING.
T  INDICATES TRACE AMOUNT.

$$
