473
CDUS43 KLBF 182240
CLIVTN


CLIMATE REPORT
NATIONAL WEATHER SERVICE NORTH PLATTE
439 PM CST SUN FEB 18 2018


...................................

...THE VALENTINE NE CLIMATE SUMMARY FOR FEBRUARY 18 2018...
VALID TODAY AS OF 0400 PM LOCAL TIME.

CLIMATE NORMAL PERIOD 1981 TO 2010
CLIMATE RECORD PERIOD 1885 TO 2018


WEATHER ITEM   OBSERVED TIME   RECORD YEAR NORMAL DEPARTURE LAST
                VALUE   (LST)  VALUE       VALUE  FROM      YEAR
                                                  NORMAL
..................................................................
TEMPERATURE (F)
 TODAY
  MAXIMUM         46   1057 AM  78    2016  41      5       63
  MINIMUM         26    432 PM -26    2006  15     11       23
  AVERAGE         36                        28      8       43

PRECIPITATION (IN)
  TODAY            0.00          0.88 1901   0.02  -0.02     0.00
  MONTH TO DATE    0.32                      0.26   0.06     0.52
  SINCE DEC 1      1.20                      0.89   0.31     2.37
  SINCE JAN 1      0.86                      0.52   0.34     1.43

SNOWFALL (IN)
  TODAY            0.0           9.0  1901   0.2   -0.2      0.0
  MONTH TO DATE    3.8                       3.3    0.5      6.4
  SINCE DEC 1     13.9                      12.2    1.7     23.3
  SINCE JUL 1     15.2                      19.8   -4.6     29.6
  SNOW DEPTH       T

DEGREE DAYS
 HEATING
  TODAY           29                        37     -8       22
  MONTH TO DATE  827                       701    126      612
  SINCE DEC 1   3324                      3261     63     3330
  SINCE JUL 1   4623                      4879   -256     4436

 COOLING
  TODAY            0                         0      0        0
  MONTH TO DATE    0                         0      0        0
  SINCE DEC 1      0                         0      0        0
  SINCE JAN 1      0                         0      0        0
..................................................................


WIND (MPH)
  HIGHEST WIND SPEED    32   HIGHEST WIND DIRECTION     S (200)
  HIGHEST GUST SPEED    39   HIGHEST GUST DIRECTION     S (190)
  AVERAGE WIND SPEED    20.1


SKY COVER
  POSSIBLE SUNSHINE  MM
  AVERAGE SKY COVER 0.2


WEATHER CONDITIONS
 THE FOLLOWING WEATHER WAS RECORDED TODAY.
  NO SIGNIFICANT WEATHER WAS OBSERVED.


RELATIVE HUMIDITY (PERCENT)
 HIGHEST    75           200 PM
 LOWEST     41           500 AM
 AVERAGE    58

..........................................................


THE VALENTINE NE CLIMATE NORMALS FOR TOMORROW
                         NORMAL    RECORD    YEAR
 MAXIMUM TEMPERATURE (F)   41        69      1930
 MINIMUM TEMPERATURE (F)   15       -24      1936


SUNRISE AND SUNSET
FEBRUARY 18 2018......SUNRISE   735 AM CST   SUNSET   618 PM CST
FEBRUARY 19 2018......SUNRISE   734 AM CST   SUNSET   619 PM CST


-  INDICATES NEGATIVE NUMBERS.
R  INDICATES RECORD WAS SET OR TIED.
MM INDICATES DATA IS MISSING.
T  INDICATES TRACE AMOUNT.




$$
