000
CDUS46 KPQR 191143
CLIVUO


CLIMATE REPORT
NATIONAL WEATHER SERVICE PORTLAND OREGON
442 AM PDT FRI SEP 19 2014


...................................

...THE VANCOUVER WA CLIMATE SUMMARY FOR SEPTEMBER 18 2014...

CLIMATE NORMAL PERIOD 1981 TO 2010
CLIMATE RECORD PERIOD 1891 TO 2014


WEATHER ITEM   OBSERVED TIME   RECORD YEAR NORMAL DEPARTURE LAST
                VALUE   (LST)  VALUE       VALUE  FROM      YEAR
                                                  NORMAL
..................................................................
TEMPERATURE (F)
 YESTERDAY
  MAXIMUM         73    355 PM  91    1999  75     -2       73
  MINIMUM         60    135 AM  37    1909  51      9       53
  AVERAGE         67                        63      4       63

PRECIPITATION (IN)
  YESTERDAY        0.05                      0.05   0.00     0.00
  MONTH TO DATE    0.05                      0.64  -0.59     1.52
  SINCE OCT 1     27.81                     38.22 -10.41    36.61
  SINCE JAN 1     22.34                     22.47  -0.13    17.35

DEGREE DAYS
 HEATING
  YESTERDAY        0                                         2
  MONTH TO DATE    2                                         6
  SINCE JUL 1      5                                        19

 COOLING
  YESTERDAY        2                                         0
  MONTH TO DATE   44                                        74
  SINCE JAN 1    496                                       450
..................................................................


WIND (MPH)
  HIGHEST WIND SPEED     9   HIGHEST WIND DIRECTION     E (110)
  HIGHEST GUST SPEED    12   HIGHEST GUST DIRECTION    SE (140)
  AVERAGE WIND SPEED     1.6


SKY COVER
  POSSIBLE SUNSHINE  MM
  AVERAGE SKY COVER 0.8


WEATHER CONDITIONS
 THE FOLLOWING WEATHER WAS RECORDED YESTERDAY.
  LIGHT RAIN
  FOG


RELATIVE HUMIDITY (PERCENT)
 HIGHEST    90           600 AM
 LOWEST     57           400 PM
 AVERAGE    74

..........................................................




SUNRISE AND SUNSET
SEPTEMBER 19 2014.....SUNRISE   654 AM PDT   SUNSET   714 PM PDT
SEPTEMBER 20 2014.....SUNRISE   655 AM PDT   SUNSET   712 PM PDT


-  INDICATES NEGATIVE NUMBERS.
R  INDICATES RECORD WAS SET OR TIED.
MM INDICATES DATA IS MISSING.
T  INDICATES TRACE AMOUNT.




$$
