558
CDUS46 KPQR 190023
CLIVUO


CLIMATE REPORT
NATIONAL WEATHER SERVICE PORTLAND OREGON
423 PM PST SAT NOV 18 2017


...................................

...THE VANCOUVER WA CLIMATE SUMMARY FOR NOVEMBER 18 2017...
VALID TODAY AS OF 0400 PM LOCAL TIME.

CLIMATE NORMAL PERIOD 1981 TO 2010
CLIMATE RECORD PERIOD 1891 TO 2017


WEATHER ITEM   OBSERVED TIME   RECORD YEAR NORMAL DEPARTURE LAST
                VALUE   (LST)  VALUE       VALUE  FROM      YEAR
                                                  NORMAL
..................................................................
TEMPERATURE (F)
 TODAY
  MAXIMUM         52    257 PM  65    1897  52      0       52
  MINIMUM         35    525 AM  20    2000  40     -5       34
  AVERAGE         44                        46     -2       43

PRECIPITATION (IN)
  TODAY            0.00                      0.20  -0.20      T
  MONTH TO DATE    3.15                      3.32  -0.17     2.46
  SINCE OCT 1      7.70                      6.39   1.31    10.68
  SINCE JAN 1     39.38                     29.78   9.60    33.41

DEGREE DAYS
 HEATING
  TODAY           21                                        22
  MONTH TO DATE  319                                       197
  SINCE SEP 1    751                                       572
  SINCE JUL 1    754                                       594

 COOLING
  TODAY            0                                         0
  MONTH TO DATE    0                                         0
  SINCE SEP 1    120                                        18
  SINCE JAN 1    639                                       407
..................................................................


WIND (MPH)
  HIGHEST WIND SPEED     9   HIGHEST WIND DIRECTION     E (110)
  HIGHEST GUST SPEED    11   HIGHEST GUST DIRECTION    SE (120)
  AVERAGE WIND SPEED     1.3


SKY COVER
  POSSIBLE SUNSHINE  MM
  AVERAGE SKY COVER 0.2


WEATHER CONDITIONS
 THE FOLLOWING WEATHER WAS RECORDED TODAY.
  FOG


RELATIVE HUMIDITY (PERCENT)
 HIGHEST   100           400 AM
 LOWEST     63           300 PM
 AVERAGE    82

..........................................................


THE VANCOUVER WA CLIMATE NORMALS FOR TOMORROW
                         NORMAL    RECORD    YEAR
 MAXIMUM TEMPERATURE (F)   52        61      1965
 MINIMUM TEMPERATURE (F)   39        22      2000


SUNRISE AND SUNSET
NOVEMBER 18 2017......SUNRISE   715 AM PST   SUNSET   437 PM PST
NOVEMBER 19 2017......SUNRISE   716 AM PST   SUNSET   436 PM PST


-  INDICATES NEGATIVE NUMBERS.
R  INDICATES RECORD WAS SET OR TIED.
MM INDICATES DATA IS MISSING.
T  INDICATES TRACE AMOUNT.




$$
