000
CDUS46 KPQR 261152
CLIVUO


CLIMATE REPORT
NATIONAL WEATHER SERVICE PORTLAND OREGON
351 AM PST MON JAN 26 2015


...................................

...THE VANCOUVER WA CLIMATE SUMMARY FOR JANUARY 25 2015...

CLIMATE NORMAL PERIOD 1981 TO 2010
CLIMATE RECORD PERIOD 1891 TO 2015


WEATHER ITEM   OBSERVED TIME   RECORD YEAR NORMAL DEPARTURE LAST
                VALUE   (LST)  VALUE       VALUE  FROM      YEAR
                                                  NORMAL
..................................................................
TEMPERATURE (F)
 YESTERDAY
  MAXIMUM         50    303 PM  57    1935  49      1       47
  MINIMUM         38    912 PM   6    1930  36      2       24
  AVERAGE         44                        42      2       36

PRECIPITATION (IN)
  YESTERDAY        0.00                      0.16  -0.16     0.00
  MONTH TO DATE    3.31                      4.56  -1.25     1.87
  SINCE OCT 1     18.20                     20.31  -2.11     7.34
  SINCE JAN 1      3.31                      4.56  -1.25     1.87

DEGREE DAYS
 HEATING
  YESTERDAY       21                                        29
  MONTH TO DATE  581                                       609
  SINCE JUL 1   2054                                      2607

 COOLING
  YESTERDAY        0                                         0
  MONTH TO DATE    0                                         0
  SINCE JAN 1      0                                         0
..................................................................


WIND (MPH)
  HIGHEST WIND SPEED     8   HIGHEST WIND DIRECTION     W (270)
  HIGHEST GUST SPEED    10   HIGHEST GUST DIRECTION     W (260)
  AVERAGE WIND SPEED     1.4


SKY COVER
  POSSIBLE SUNSHINE  MM
  AVERAGE SKY COVER 1.0


WEATHER CONDITIONS
 THE FOLLOWING WEATHER WAS RECORDED YESTERDAY.
  FOG
  FOG W/VISIBILITY <= 1/4 MILE


RELATIVE HUMIDITY (PERCENT)
 HIGHEST   100           100 AM
 LOWEST     89           700 PM
 AVERAGE    95

..........................................................




SUNRISE AND SUNSET
JANUARY 26 2015.......SUNRISE   739 AM PST   SUNSET   508 PM PST
JANUARY 27 2015.......SUNRISE   738 AM PST   SUNSET   510 PM PST


-  INDICATES NEGATIVE NUMBERS.
R  INDICATES RECORD WAS SET OR TIED.
MM INDICATES DATA IS MISSING.
T  INDICATES TRACE AMOUNT.




$$
