000
CDUS46 KPQR 290223
CLIVUO


CLIMATE REPORT
NATIONAL WEATHER SERVICE PORTLAND OREGON
723 PM PDT FRI AUG 28 2015


...................................

...THE VANCOUVER WA CLIMATE SUMMARY FOR AUGUST 28 2015...
VALID TODAY AS OF 0700 PM LOCAL TIME.

CLIMATE NORMAL PERIOD 1981 TO 2010
CLIMATE RECORD PERIOD 1891 TO 2015


WEATHER ITEM   OBSERVED TIME   RECORD YEAR NORMAL DEPARTURE LAST
                VALUE   (LST)  VALUE       VALUE  FROM      YEAR
                                                  NORMAL
..................................................................
TEMPERATURE (F)
 TODAY
  MAXIMUM         82    306 PM 100    1967  81      1       83
  MINIMUM         63    624 AM  37    1980  56      7       60
  AVERAGE         73                        68      5       72

PRECIPITATION (IN)
  TODAY            T                         0.04  -0.04     0.00
  MONTH TO DATE    0.01                      0.65  -0.64     0.02
  SINCE OCT 1     30.23                     37.46  -7.23    27.74
  SINCE JAN 1     15.34                     21.71  -6.37    22.27

DEGREE DAYS
 HEATING
  TODAY            0                                         0
  MONTH TO DATE    0                                         0
  SINCE JUN 1     28                                        81
  SINCE JUL 1      4                                         3

 COOLING
  TODAY            8                                         7
  MONTH TO DATE  189                                       214
  SINCE JUN 1    601                                       431
  SINCE JAN 1    617                                       446
..................................................................


WIND (MPH)
  HIGHEST WIND SPEED     9   HIGHEST WIND DIRECTION     W (280)
  HIGHEST GUST SPEED    12   HIGHEST GUST DIRECTION    NW (310)
  AVERAGE WIND SPEED     3.7


SKY COVER
  POSSIBLE SUNSHINE  MM
  AVERAGE SKY COVER 0.6


WEATHER CONDITIONS
 THE FOLLOWING WEATHER WAS RECORDED TODAY.
  LIGHT RAIN


RELATIVE HUMIDITY (PERCENT)
 HIGHEST    78           600 AM
 LOWEST     44          1200 AM
 AVERAGE    61

..........................................................


THE VANCOUVER WA CLIMATE NORMALS FOR TOMORROW
                         NORMAL    RECORD    YEAR
 MAXIMUM TEMPERATURE (F)   80        98      1944
 MINIMUM TEMPERATURE (F)   56        36      1980


SUNRISE AND SUNSET
AUGUST 28 2015........SUNRISE   627 AM PDT   SUNSET   756 PM PDT
AUGUST 29 2015........SUNRISE   628 AM PDT   SUNSET   754 PM PDT


-  INDICATES NEGATIVE NUMBERS.
R  INDICATES RECORD WAS SET OR TIED.
MM INDICATES DATA IS MISSING.
T  INDICATES TRACE AMOUNT.




$$
