000
CDUS46 KPQR 261141
CLIVUO


CLIMATE REPORT
NATIONAL WEATHER SERVICE PORTLAND OREGON
440 AM PDT FRI AUG 26 2016


...................................

...THE VANCOUVER WA CLIMATE SUMMARY FOR AUGUST 25 2016...

CLIMATE NORMAL PERIOD 1981 TO 2010
CLIMATE RECORD PERIOD 1891 TO 2016


WEATHER ITEM   OBSERVED TIME   RECORD YEAR NORMAL DEPARTURE LAST
                VALUE   (LST)  VALUE       VALUE  FROM      YEAR
                                                  NORMAL
..................................................................
TEMPERATURE (F)
 YESTERDAY
  MAXIMUM         94    416 PM  96    2010  81     13       84
  MINIMUM         57    544 AM  41    1992  56      1       50
                                      1905
  AVERAGE         76                        68      8       67

PRECIPITATION (IN)
  YESTERDAY        0.00                      0.03  -0.03     0.00
  MONTH TO DATE    0.13                      0.54  -0.41     0.01
  SINCE OCT 1     45.36                     37.35   8.01    30.23
  SINCE JAN 1     21.51                     21.60  -0.09    15.34

DEGREE DAYS
 HEATING
  YESTERDAY        0                                         0
  MONTH TO DATE    8                                         0
  SINCE JUL 1     19                                         4

 COOLING
  YESTERDAY       11                                         2
  MONTH TO DATE  153                                       168
  SINCE JAN 1    362                                       596
..................................................................


WIND (MPH)
  HIGHEST WIND SPEED    14   HIGHEST WIND DIRECTION     W (290)
  HIGHEST GUST SPEED    18   HIGHEST GUST DIRECTION    NW (320)
  AVERAGE WIND SPEED     4.0


SKY COVER
  POSSIBLE SUNSHINE  MM
  AVERAGE SKY COVER 0.0


WEATHER CONDITIONS
 THE FOLLOWING WEATHER WAS RECORDED YESTERDAY.
  NO SIGNIFICANT WEATHER WAS OBSERVED.


RELATIVE HUMIDITY (PERCENT)
 HIGHEST    75           600 AM
 LOWEST     17           300 PM
 AVERAGE    46

..........................................................




SUNRISE AND SUNSET
AUGUST 26 2016........SUNRISE   625 AM PDT   SUNSET   758 PM PDT
AUGUST 27 2016........SUNRISE   626 AM PDT   SUNSET   756 PM PDT


-  INDICATES NEGATIVE NUMBERS.
R  INDICATES RECORD WAS SET OR TIED.
MM INDICATES DATA IS MISSING.
T  INDICATES TRACE AMOUNT.




$$
