000
CDUS46 KPQR 011142
CLIVUO


CLIMATE REPORT
NATIONAL WEATHER SERVICE PORTLAND OREGON
441 AM PDT MON SEP 1 2014


...................................

...THE VANCOUVER WA CLIMATE SUMMARY FOR AUGUST 31 2014...

CLIMATE NORMAL PERIOD 1981 TO 2010
CLIMATE RECORD PERIOD 1891 TO 2014


WEATHER ITEM   OBSERVED TIME   RECORD YEAR NORMAL DEPARTURE LAST
                VALUE   (LST)  VALUE       VALUE  FROM      YEAR
                                                  NORMAL
..................................................................
TEMPERATURE (F)
 YESTERDAY
  MAXIMUM         76    512 PM  99    1998  80     -4       89
  MINIMUM         57   1221 AM  40    1925  55      2       56
  AVERAGE         67                        68     -1       73

PRECIPITATION (IN)
  YESTERDAY        0.00                      0.04  -0.04     0.00
  MONTH TO DATE    0.04                      0.77  -0.73     0.85
  SINCE OCT 1     27.76                     37.58  -9.82    35.09
  SINCE JAN 1     22.29                     21.83   0.46    15.83

DEGREE DAYS
 HEATING
  YESTERDAY        0                                         0
  MONTH TO DATE    0                                         4
  SINCE JUL 1      3                                        13

 COOLING
  YESTERDAY        2                                         8
  MONTH TO DATE  220                                       172
  SINCE JAN 1    452                                       376
..................................................................


WIND (MPH)
  HIGHEST WIND SPEED     9   HIGHEST WIND DIRECTION     N (340)
  HIGHEST GUST SPEED    14   HIGHEST GUST DIRECTION     N (20)
  AVERAGE WIND SPEED     3.0


SKY COVER
  POSSIBLE SUNSHINE  MM
  AVERAGE SKY COVER 0.6


WEATHER CONDITIONS
 THE FOLLOWING WEATHER WAS RECORDED YESTERDAY.
  NO SIGNIFICANT WEATHER WAS OBSERVED.


RELATIVE HUMIDITY (PERCENT)
 HIGHEST    84           600 AM
 LOWEST     38           400 PM
 AVERAGE    61

..........................................................




SUNRISE AND SUNSET
SEPTEMBER  1 2014.....SUNRISE   632 AM PDT   SUNSET   748 PM PDT
SEPTEMBER  2 2014.....SUNRISE   633 AM PDT   SUNSET   746 PM PDT


-  INDICATES NEGATIVE NUMBERS.
R  INDICATES RECORD WAS SET OR TIED.
MM INDICATES DATA IS MISSING.
T  INDICATES TRACE AMOUNT.




$$
