000
CDUS46 KPQR 241146
CLIVUO


CLIMATE REPORT
NATIONAL WEATHER SERVICE PORTLAND OREGON
445 AM PDT MON JUL 24 2017


...................................

...THE VANCOUVER WA CLIMATE SUMMARY FOR JULY 23 2017...

CLIMATE NORMAL PERIOD 1981 TO 2010
CLIMATE RECORD PERIOD 1891 TO 2017


WEATHER ITEM   OBSERVED TIME   RECORD YEAR NORMAL DEPARTURE LAST
                VALUE   (LST)  VALUE       VALUE  FROM      YEAR
                                                  NORMAL
..................................................................
TEMPERATURE (F)
 YESTERDAY
  MAXIMUM         83    409 PM 103    2004  81      2       74
  MINIMUM         63   1159 PM  43    1979  58      5       60
  AVERAGE         73                        70      3       67

PRECIPITATION (IN)
  YESTERDAY        0.00                      0.01  -0.01     0.00
  MONTH TO DATE    T                         0.59  -0.59     0.43
  SINCE OCT 1     48.88                     36.71  12.17    45.23
  SINCE JAN 1     29.02                     20.96   8.06    21.38

DEGREE DAYS
 HEATING
  YESTERDAY        0                                         0
  MONTH TO DATE    1                                        11
  SINCE JUL 1      1                                        11

 COOLING
  YESTERDAY        8                                         2
  MONTH TO DATE   90                                        46
  SINCE JAN 1    208                                       151
..................................................................


WIND (MPH)
  HIGHEST WIND SPEED    20   HIGHEST WIND DIRECTION    NW (320)
  HIGHEST GUST SPEED    27   HIGHEST GUST DIRECTION    NW (300)
  AVERAGE WIND SPEED     9.9


SKY COVER
  POSSIBLE SUNSHINE  MM
  AVERAGE SKY COVER 0.2


WEATHER CONDITIONS
 THE FOLLOWING WEATHER WAS RECORDED YESTERDAY.
  NO SIGNIFICANT WEATHER WAS OBSERVED.


RELATIVE HUMIDITY (PERCENT)
 HIGHEST    87           300 AM
 LOWEST     47           300 PM
 AVERAGE    67

..........................................................




SUNRISE AND SUNSET
JULY 24 2017..........SUNRISE   546 AM PDT   SUNSET   848 PM PDT
JULY 25 2017..........SUNRISE   547 AM PDT   SUNSET   847 PM PDT


-  INDICATES NEGATIVE NUMBERS.
R  INDICATES RECORD WAS SET OR TIED.
MM INDICATES DATA IS MISSING.
T  INDICATES TRACE AMOUNT.




$$
