000
CDUS46 KPQR 121145
CLIVUO


CLIMATE REPORT
NATIONAL WEATHER SERVICE PORTLAND OREGON
344 AM PST FRI FEB 12 2016


...................................

...THE VANCOUVER WA CLIMATE SUMMARY FOR FEBRUARY 11 2016...

CLIMATE NORMAL PERIOD 1981 TO 2010
CLIMATE RECORD PERIOD 1891 TO 2016


WEATHER ITEM   OBSERVED TIME   RECORD YEAR NORMAL DEPARTURE LAST
                VALUE   (LST)  VALUE       VALUE  FROM      YEAR
                                                  NORMAL
..................................................................
TEMPERATURE (F)
 YESTERDAY
  MAXIMUM         56    127 PM  65    1931  51      5       56
  MINIMUM         46    342 AM  13    1929  35     11       37
  AVERAGE         51                        43      8       47

PRECIPITATION (IN)
  YESTERDAY        0.18                      0.15   0.03     0.00
  MONTH TO DATE    0.99                      1.86  -0.87     3.54
  SINCE OCT 1     31.94                     23.11   8.83    21.78
  SINCE JAN 1      8.09                      7.36   0.73     6.89

DEGREE DAYS
 HEATING
  YESTERDAY       14                                        18
  MONTH TO DATE  202                                       185
  SINCE JUL 1   2535                                      2364

 COOLING
  YESTERDAY        0                                         0
  MONTH TO DATE    0                                         0
  SINCE JAN 1      0                                         0
..................................................................


WIND (MPH)
  HIGHEST WIND SPEED    14   HIGHEST WIND DIRECTION     E (110)
  HIGHEST GUST SPEED    18   HIGHEST GUST DIRECTION     E (110)
  AVERAGE WIND SPEED     2.6


SKY COVER
  POSSIBLE SUNSHINE  MM
  AVERAGE SKY COVER 0.9


WEATHER CONDITIONS
 THE FOLLOWING WEATHER WAS RECORDED YESTERDAY.
  LIGHT RAIN
  FOG


RELATIVE HUMIDITY (PERCENT)
 HIGHEST   100           400 AM
 LOWEST     72          1100 AM
 AVERAGE    86

..........................................................




SUNRISE AND SUNSET
FEBRUARY 12 2016......SUNRISE   718 AM PST   SUNSET   533 PM PST
FEBRUARY 13 2016......SUNRISE   716 AM PST   SUNSET   534 PM PST


-  INDICATES NEGATIVE NUMBERS.
R  INDICATES RECORD WAS SET OR TIED.
MM INDICATES DATA IS MISSING.
T  INDICATES TRACE AMOUNT.




$$
