000
CDUS46 KPQR 220228
CLIVUO


CLIMATE REPORT
NATIONAL WEATHER SERVICE PORTLAND OREGON
628 PM PST SUN JAN 21 2018


...................................

...THE VANCOUVER WA CLIMATE SUMMARY FOR JANUARY 21 2018...
VALID TODAY AS OF 0600 PM LOCAL TIME.

CLIMATE NORMAL PERIOD 1981 TO 2010
CLIMATE RECORD PERIOD 1891 TO 2018


WEATHER ITEM   OBSERVED TIME   RECORD YEAR NORMAL DEPARTURE LAST
                VALUE   (LST)  VALUE       VALUE  FROM      YEAR
                                                  NORMAL
..................................................................
TEMPERATURE (F)
 TODAY
  MAXIMUM         51    606 AM  62    1981  48      3       48
                                      1968
  MINIMUM         44   1147 AM  -3    1930  36      8       37
  AVERAGE         48                        42      6       43

PRECIPITATION (IN)
  TODAY            0.17                      0.17   0.00     0.35
  MONTH TO DATE    2.95                      3.92  -0.97     4.15
  SINCE OCT 1     17.14                     19.67  -2.53    24.01
  SINCE JAN 1      2.95                      3.92  -0.97     4.15

DEGREE DAYS
 HEATING
  TODAY           17                                        22
  MONTH TO DATE  430                                       716
  SINCE DEC 1   1237                                      1583
  SINCE JUL 1   2198                                      2371

 COOLING
  TODAY            0                                         0
  MONTH TO DATE    0                                         0
  SINCE DEC 1      0                                         0
  SINCE JAN 1      0                                         0
..................................................................


WIND (MPH)
  HIGHEST WIND SPEED    17   HIGHEST WIND DIRECTION     S (170)
  HIGHEST GUST SPEED    28   HIGHEST GUST DIRECTION     S (180)
  AVERAGE WIND SPEED     9.0


SKY COVER
  POSSIBLE SUNSHINE  MM
  AVERAGE SKY COVER 0.7


WEATHER CONDITIONS
 THE FOLLOWING WEATHER WAS RECORDED TODAY.
  LIGHT RAIN
  FOG


RELATIVE HUMIDITY (PERCENT)
 HIGHEST    93           100 PM
 LOWEST     59           300 AM
 AVERAGE    76

..........................................................


THE VANCOUVER WA CLIMATE NORMALS FOR TOMORROW
                         NORMAL    RECORD    YEAR
 MAXIMUM TEMPERATURE (F)   48        60      1919
 MINIMUM TEMPERATURE (F)   36         4      1930


SUNRISE AND SUNSET
JANUARY 21 2018.......SUNRISE   743 AM PST   SUNSET   501 PM PST
JANUARY 22 2018.......SUNRISE   742 AM PST   SUNSET   503 PM PST


-  INDICATES NEGATIVE NUMBERS.
R  INDICATES RECORD WAS SET OR TIED.
MM INDICATES DATA IS MISSING.
T  INDICATES TRACE AMOUNT.




$$
