000
CDUS41 KAKQ 190635
CLIWAL


CLIMATE REPORT
NATIONAL WEATHER SERVICE WAKEFIELD, VA
134 AM EST SUN NOV 19 2017


...................................

...THE WALLOPS ISLAND VA CLIMATE SUMMARY FOR NOVEMBER 18 2017...

CLIMATE NORMAL PERIOD 1981 TO 2010
CLIMATE RECORD PERIOD 1963 TO 2017


WEATHER ITEM   OBSERVED TIME   RECORD YEAR NORMAL DEPARTURE
                VALUE   (LST)  VALUE       VALUE  FROM
                                                  NORMAL
...............................................................
TEMPERATURE (F)
 YESTERDAY
  MAXIMUM         60   1145 PM  73    1978  58      2
  MINIMUM         32   1254 AM  25    2014  40     -8
  AVERAGE         46                        49     -3

PRECIPITATION (IN)
  YESTERDAY        0.00          0.73        0.10  -0.10
  MONTH TO DATE    1.09                      1.70  -0.61
  SINCE SEP 1     10.97                      8.85   2.12
  SINCE JAN 1     46.49                     36.24  10.25

SNOWFALL (IN)
  YESTERDAY        0.0           0.0    MM   0.0    0.0
  MONTH TO DATE    0.0                       0.0    0.0
  SINCE NOV 1      0.0                       0.0    0.0
  SINCE JUL 1      0.0                       0.0    0.0

DEGREE DAYS
 HEATING
  YESTERDAY       19                                3
  MONTH TO DATE  238                               -5
  SINCE SEP 1    377                             -108
  SINCE JUL 1    377                             -109

 COOLING
  YESTERDAY        0                                0
  MONTH TO DATE    6                                6
  SINCE SEP 1    278                               83
  SINCE JAN 1   1429                              234
...............................................................


WIND (MPH)
  HIGHEST WIND SPEED    28   HIGHEST WIND DIRECTION     S (200)
  HIGHEST GUST SPEED    37   HIGHEST GUST DIRECTION    SW (210)
  AVERAGE WIND SPEED    15.0




RELATIVE HUMIDITY (PERCENT)
 HIGHEST    96
 LOWEST     51
 AVERAGE    74

..........................................................


THE WALLOPS ISLAND VA CLIMATE NORMALS FOR TODAY
                         NORMAL    RECORD    YEAR
 MAXIMUM TEMPERATURE (F)   58        72      1985
 MINIMUM TEMPERATURE (F)   40        21      2014


SUNRISE AND SUNSET
NOVEMBER 19 2017......SUNRISE   647 AM EST   SUNSET   447 PM EST
NOVEMBER 20 2017......SUNRISE   648 AM EST   SUNSET   447 PM EST


-  INDICATES NEGATIVE NUMBERS.
R  INDICATES RECORD WAS SET OR TIED.
MM INDICATES DATA IS MISSING.
T  INDICATES TRACE AMOUNT.




$$
