942
CDUS41 KAKQ 110645
CLIWAL


CLIMATE REPORT
NATIONAL WEATHER SERVICE WAKEFIELD, VA
145 AM EST SUN DEC 11 2016


...................................

...THE WALLOPS ISLAND VA CLIMATE SUMMARY FOR DECEMBER 10 2016...

CLIMATE NORMAL PERIOD 1981 TO 2010
CLIMATE RECORD PERIOD 1963 TO 2016


WEATHER ITEM   OBSERVED TIME   RECORD YEAR NORMAL DEPARTURE
                VALUE   (LST)  VALUE       VALUE  FROM
                                                  NORMAL
...............................................................
TEMPERATURE (F)
 YESTERDAY
  MAXIMUM         40   1215 PM  70    2012  50    -10
  MINIMUM         25   1158 PM  17    1968  33     -8
  AVERAGE         33                        42     -9

PRECIPITATION (IN)
  YESTERDAY        0.00          2.31        0.11  -0.11
  MONTH TO DATE    2.73                      1.13   1.60
  SINCE DEC 1      2.73                      1.13   1.60
  SINCE JAN 1     55.18                     38.54  16.64

SNOWFALL (IN)
  YESTERDAY        0.0           0.0    MM   0.0    0.0
  MONTH TO DATE    0.0                       0.5   -0.5
  SINCE NOV 1      0.0                       0.6   -0.6
  SINCE JUL 1      0.0                       0.6   -0.6

DEGREE DAYS
 HEATING
  YESTERDAY       32                                9
  MONTH TO DATE  223                                6
  SINCE DEC 1    223                                6
  SINCE JUL 1    809                             -112

 COOLING
  YESTERDAY        0                                0
  MONTH TO DATE    0                                0
  SINCE DEC 1      0                                0
  SINCE JAN 1   1644                              447
...............................................................


WIND (MPH)
  HIGHEST WIND SPEED    15   HIGHEST WIND DIRECTION    NW (300)
  HIGHEST GUST SPEED    20   HIGHEST GUST DIRECTION     W (260)
  AVERAGE WIND SPEED     5.9




RELATIVE HUMIDITY (PERCENT)
 HIGHEST    75
 LOWEST     44
 AVERAGE    60

..........................................................


THE WALLOPS ISLAND VA CLIMATE NORMALS FOR TODAY
                         NORMAL    RECORD    YEAR
 MAXIMUM TEMPERATURE (F)   50        72      1971
 MINIMUM TEMPERATURE (F)   33        17      1995
                                             1977
                                             1968


SUNRISE AND SUNSET
DECEMBER 11 2016......SUNRISE   708 AM EST   SUNSET   443 PM EST
DECEMBER 12 2016......SUNRISE   709 AM EST   SUNSET   443 PM EST


-  INDICATES NEGATIVE NUMBERS.
R  INDICATES RECORD WAS SET OR TIED.
MM INDICATES DATA IS MISSING.
T  INDICATES TRACE AMOUNT.




$$
