980
CDUS41 KAKQ 020545
CLIWAL


CLIMATE REPORT
NATIONAL WEATHER SERVICE WAKEFIELD, VA
145 AM EDT MON MAY 2 2016


...................................

...THE WALLOPS ISLAND VA CLIMATE SUMMARY FOR MAY 1 2016...

CLIMATE NORMAL PERIOD 1981 TO 2010
CLIMATE RECORD PERIOD 1963 TO 2016


WEATHER ITEM   OBSERVED TIME   RECORD YEAR NORMAL DEPARTURE
                VALUE   (LST)  VALUE       VALUE  FROM
                                                  NORMAL
...............................................................
TEMPERATURE (F)
 YESTERDAY
  MAXIMUM         62    522 PM  87    2010  67     -5
  MINIMUM         52    747 AM  39    1987  49      3
  AVERAGE         57                        58     -1

PRECIPITATION (IN)
  YESTERDAY        0.36          0.97        0.08   0.28
  MONTH TO DATE    0.36                      0.08   0.28
  SINCE MAR 1      3.91                      7.15  -3.24
  SINCE JAN 1     11.09                     12.95  -1.86

SNOWFALL (IN)
  YESTERDAY        0.0           0.0    MM   0.0    0.0
  MONTH TO DATE    0.0                       0.0    0.0
  SINCE NOV 1     12.3                       7.9    4.4
  SINCE JUL 1     12.3                       7.9    4.4

DEGREE DAYS
 HEATING
  YESTERDAY        8                                1
  MONTH TO DATE    8                                1
  SINCE MAR 1    780                             -189
  SINCE JUL 1   3196                             -853

 COOLING
  YESTERDAY        0                               -1
  MONTH TO DATE    0                               -1
  SINCE MAR 1     16                                4
  SINCE JAN 1     16                                4
...............................................................


WIND (MPH)
  HIGHEST WIND SPEED    14   HIGHEST WIND DIRECTION     E (110)
  HIGHEST GUST SPEED    17   HIGHEST GUST DIRECTION     E (110)
  AVERAGE WIND SPEED     6.4




RELATIVE HUMIDITY (PERCENT)
 HIGHEST    96
 LOWEST     71
 AVERAGE    84

..........................................................


THE WALLOPS ISLAND VA CLIMATE NORMALS FOR TODAY
                         NORMAL    RECORD    YEAR
 MAXIMUM TEMPERATURE (F)   68        88      2010
 MINIMUM TEMPERATURE (F)   50        37      1978


SUNRISE AND SUNSET
MAY  2 2016...........SUNRISE   604 AM EDT   SUNSET   754 PM EDT
MAY  3 2016...........SUNRISE   603 AM EDT   SUNSET   755 PM EDT


-  INDICATES NEGATIVE NUMBERS.
R  INDICATES RECORD WAS SET OR TIED.
MM INDICATES DATA IS MISSING.
T  INDICATES TRACE AMOUNT.




$$
