000
CDUS46 KLOX 050126
CLIWJF


CLIMATE REPORT
NATIONAL WEATHER SERVICE LOS ANGELES/OXNARD CA
626 PM PDT WED MAY 4 2016


...................................

...THE LANCASTER CLIMATE SUMMARY FOR MAY 4 2016...
VALID TODAY AS OF 0600 PM LOCAL TIME.

CLIMATE NORMAL PERIOD 1981 TO 2010
CLIMATE RECORD PERIOD 1948 TO 2016


WEATHER ITEM   OBSERVED TIME   RECORD YEAR NORMAL DEPARTURE LAST
                VALUE   (LST)  VALUE       VALUE  FROM      YEAR
                                                  NORMAL
..................................................................
TEMPERATURE (F)
 TODAY
  MAXIMUM         85        MM  95    2004  79      6       78
  MINIMUM         55        MM  37    1991  51      4       53
  AVERAGE         70                        65      5       66

PRECIPITATION (IN)
  TODAY            0.00          0.28 1998   0.00   0.00     0.00
  MONTH TO DATE    0.00                      0.02  -0.02     0.00
  SINCE OCT 1      3.82                      6.92  -3.10     4.33
  SINCE JAN 1      2.53                      4.79  -2.26     1.41

SNOWFALL (IN)
  TODAY            0.0           0.0    MM   0.0             0.0
  MONTH TO DATE    0.0                       0.0             0.0
  SINCE MAR 1      0.0                       0.0             0.0
  SINCE JUL 1      0.0                       2.3             0.0
  SNOW DEPTH       0

DEGREE DAYS
 HEATING
  TODAY            0                         3     -3        0
  MONTH TO DATE    2                        14    -12        0
  SINCE MAR 1    372                       589   -217      402
  SINCE JUL 1   2623                      2882   -259     2271

 COOLING
  TODAY            5                         3      2        1
  MONTH TO DATE    8                        11     -3       11
  SINCE MAR 1     29                        41    -12       39
  SINCE JAN 1     32                        41     -9       39
..................................................................


WIND (MPH)
  HIGHEST WIND SPEED    24   HIGHEST WIND DIRECTION    SW (220)
  HIGHEST GUST SPEED    30   HIGHEST GUST DIRECTION    SW (210)
  AVERAGE WIND SPEED    10.3


SKY COVER
  POSSIBLE SUNSHINE  MM
  AVERAGE SKY COVER 0.0


WEATHER CONDITIONS
 THE FOLLOWING WEATHER WAS RECORDED TODAY.
  NO SIGNIFICANT WEATHER WAS OBSERVED.


RELATIVE HUMIDITY (PERCENT)
 HIGHEST    47           600 AM
 LOWEST     14           100 PM
 AVERAGE    31

..........................................................


THE LANCASTER CLIMATE NORMALS FOR TOMORROW
                         NORMAL    RECORD    YEAR
 MAXIMUM TEMPERATURE (F)   79        97      1989
 MINIMUM TEMPERATURE (F)   51        37      1952


SUNRISE AND SUNSET
MAY  4 2016...........SUNRISE   559 AM PDT   SUNSET   741 PM PDT
MAY  5 2016...........SUNRISE   558 AM PDT   SUNSET   742 PM PDT


-  INDICATES NEGATIVE NUMBERS.
R  INDICATES RECORD WAS SET OR TIED.
MM INDICATES DATA IS MISSING.
T  INDICATES TRACE AMOUNT.




$$
