000
CDUS46 KLOX 220113
CLIWJF


CLIMATE REPORT
NATIONAL WEATHER SERVICE LOS ANGELES/OXNARD CA
513 PM PST SUN DEC 21 2014


...................................

...THE LANCASTER CLIMATE SUMMARY FOR DECEMBER 21 2014...
VALID TODAY AS OF 0500 PM LOCAL TIME.

CLIMATE NORMAL PERIOD 1981 TO 2010
CLIMATE RECORD PERIOD 1948 TO 2014


WEATHER ITEM   OBSERVED TIME   RECORD YEAR NORMAL DEPARTURE LAST
                VALUE   (LST)  VALUE       VALUE  FROM      YEAR
                                                  NORMAL
..................................................................
TEMPERATURE (F)
 TODAY
  MAXIMUM         65    122 PM  73    2000  57      8       65
  MINIMUM         42    800 AM  10    2012  29     13       26
  AVERAGE         54                        43     11       46

PRECIPITATION (IN)
  TODAY            0.00          0.72 1970   0.04  -0.04     0.00
  MONTH TO DATE    2.62                      0.69   1.93     0.09
  SINCE JUL 1      2.95                      2.01   0.94     1.61
  SINCE JAN 1      5.27                      6.92  -1.65     2.71

SNOWFALL (IN)
  TODAY            0.0           3.0  1970   0.0             0.0
  MONTH TO DATE    0.0                       0.8             0.0
  SINCE DEC 1      0.0                       0.8             0.0
  SINCE JUL 1      0.0                       0.8             0.0
  SNOW DEPTH       0

DEGREE DAYS
 HEATING
  TODAY           11                        22    -11       19
  MONTH TO DATE  346                       441    -95      492
  SINCE DEC 1    346                       441    -95      492
  SINCE JUL 1    743                       986   -243     1143

 COOLING
  TODAY            0                         0      0        0
  MONTH TO DATE    0                         0      0        0
  SINCE DEC 1      0                         0      0        0
  SINCE JAN 1   2055                      1882    173     2204
..................................................................


WIND (MPH)
  HIGHEST WIND SPEED    25   HIGHEST WIND DIRECTION     W (270)
  HIGHEST GUST SPEED    30   HIGHEST GUST DIRECTION     W (270)
  AVERAGE WIND SPEED     6.8


SKY COVER
  POSSIBLE SUNSHINE  MM
  AVERAGE SKY COVER 0.0


WEATHER CONDITIONS
 THE FOLLOWING WEATHER WAS RECORDED TODAY.
  NO SIGNIFICANT WEATHER WAS OBSERVED.


RELATIVE HUMIDITY (PERCENT)
 HIGHEST    89           500 AM
 LOWEST     52           100 PM
 AVERAGE    71

..........................................................


THE LANCASTER CLIMATE NORMALS FOR TOMORROW
                         NORMAL    RECORD    YEAR
 MAXIMUM TEMPERATURE (F)   57        76      2005
 MINIMUM TEMPERATURE (F)   29         3      1990


SUNRISE AND SUNSET
DECEMBER 21 2014......SUNRISE   656 AM PST   SUNSET   446 PM PST
DECEMBER 22 2014......SUNRISE   657 AM PST   SUNSET   446 PM PST


-  INDICATES NEGATIVE NUMBERS.
R  INDICATES RECORD WAS SET OR TIED.
MM INDICATES DATA IS MISSING.
T  INDICATES TRACE AMOUNT.




$$
