000
CDUS46 KLOX 280859
CLIWJF


CLIMATE REPORT
NATIONAL WEATHER SERVICE LOS ANGELES/OXNARD CA
1259 AM PST SAT FEB 28 2015


...................................

...THE LANCASTER FOX FIELD CA CLIMATE SUMMARY FOR FEBRUARY 27 2015...

CLIMATE NORMAL PERIOD 1981 TO 2010
CLIMATE RECORD PERIOD 1948 TO 2015


WEATHER ITEM   OBSERVED TIME   RECORD YEAR NORMAL DEPARTURE
                VALUE   (LST)  VALUE       VALUE  FROM
                                                  NORMAL
...............................................................
TEMPERATURE (F)
 YESTERDAY
  MAXIMUM         62   1149 AM  83    1986  64     -2
  MINIMUM         45   1159 PM  17    1971  37      8
  AVERAGE         54                        50      4

PRECIPITATION (IN)
  YESTERDAY        0.00          0.82 1983   0.05  -0.05
  MONTH TO DATE    0.39                      1.73  -1.34
  SINCE OCT 1      4.27                      5.36  -1.09
  SINCE JAN 1      1.35                      3.23  -1.88

SNOWFALL (IN)
  YESTERDAY        0.0           0.0    MM
  MONTH TO DATE    0.0
  SINCE DEC 1      0.0
  SINCE JUL 1      0.0
  SNOW DEPTH       0

DEGREE DAYS
 HEATING
  YESTERDAY       11                               -4
  MONTH TO DATE  309                             -145
  SINCE DEC 1   1456                             -278
  SINCE JUL 1   1853                             -426

 COOLING
  YESTERDAY        0                                0
  MONTH TO DATE    0                                0
  SINCE DEC 1      0                                0
  SINCE JAN 1      0                                0
...............................................................


WIND (MPH)
  HIGHEST WIND SPEED    33   HIGHEST WIND DIRECTION    SW (220)
  HIGHEST GUST SPEED    39   HIGHEST GUST DIRECTION     W (270)
  AVERAGE WIND SPEED    19.7




RELATIVE HUMIDITY (PERCENT)
 HIGHEST    86
 LOWEST     46
 AVERAGE    66

..........................................................


THE LANCASTER FOX FIELD CA CLIMATE NORMALS FOR TODAY
                         NORMAL    RECORD    YEAR
 MAXIMUM TEMPERATURE (F)   64        81      1986
 MINIMUM TEMPERATURE (F)   37        20      1962


SUNRISE AND SUNSET
FEBRUARY 28 2015......SUNRISE   624 AM PST   SUNSET   548 PM PST
MARCH  1 2015.........SUNRISE   622 AM PST   SUNSET   549 PM PST


-  INDICATES NEGATIVE NUMBERS.
R  INDICATES RECORD WAS SET OR TIED.
MM INDICATES DATA IS MISSING.
T  INDICATES TRACE AMOUNT.




$$
