000
CDUS46 KLOX 260951
CLIWJF


CLIMATE REPORT
NATIONAL WEATHER SERVICE LOS ANGELES/OXNARD CA
251 AM PDT SUN MAR 26 2017


...................................

...THE LANCASTER FOX FIELD CA CLIMATE SUMMARY FOR MARCH 25 2017...

CLIMATE NORMAL PERIOD 1981 TO 2010
CLIMATE RECORD PERIOD 1948 TO 2017


WEATHER ITEM   OBSERVED TIME   RECORD YEAR NORMAL DEPARTURE
                VALUE   (LST)  VALUE       VALUE  FROM
                                                  NORMAL
...............................................................
TEMPERATURE (F)
 YESTERDAY
  MAXIMUM         67   1247 PM  84    1988  69     -2
  MINIMUM         47    458 AM  28    1987  40      7
  AVERAGE         57                        54      3

PRECIPITATION (IN)
  YESTERDAY        T             1.04 1998   0.03  -0.03
  MONTH TO DATE    0.17                      0.99  -0.82
  SINCE OCT 1      6.51                      6.40   0.11
  SINCE JAN 1      4.52                      4.27   0.25

SNOWFALL (IN)
  YESTERDAY       MM             0.8  1977
  MONTH TO DATE    0.0
  SINCE MAR 1      0.0
  SINCE JUL 1      0.0
  SNOW DEPTH       0

DEGREE DAYS
 HEATING
  YESTERDAY        8                               -3
  MONTH TO DATE  227                              -80
  SINCE MAR 1    227                              -80
  SINCE JUL 1   2226                             -374

 COOLING
  YESTERDAY        0                                0
  MONTH TO DATE    4                                4
  SINCE MAR 1      4                                4
  SINCE JAN 1      4                                4
...............................................................


WIND (MPH)
  HIGHEST WIND SPEED    29   HIGHEST WIND DIRECTION     W (270)
  HIGHEST GUST SPEED    35   HIGHEST GUST DIRECTION     W (270)
  AVERAGE WIND SPEED    15.8




RELATIVE HUMIDITY (PERCENT)
 HIGHEST    82
 LOWEST     34
 AVERAGE    58

..........................................................


THE LANCASTER FOX FIELD CA CLIMATE NORMALS FOR TODAY
                         NORMAL    RECORD    YEAR
 MAXIMUM TEMPERATURE (F)   69        86      1988
 MINIMUM TEMPERATURE (F)   40        28      1976


SUNRISE AND SUNSET
MARCH 26 2017.........SUNRISE   648 AM PDT   SUNSET   710 PM PDT
MARCH 27 2017.........SUNRISE   646 AM PDT   SUNSET   710 PM PDT


-  INDICATES NEGATIVE NUMBERS.
R  INDICATES RECORD WAS SET OR TIED.
MM INDICATES DATA IS MISSING.
T  INDICATES TRACE AMOUNT.




$$
