000
CDUS46 KLOX 300857
CLIWJF


CLIMATE REPORT
NATIONAL WEATHER SERVICE LOS ANGELES/OXNARD CA
157 AM PDT SAT MAY 30 2015


...................................

...THE LANCASTER FOX FIELD CA CLIMATE SUMMARY FOR MAY 29 2015...

CLIMATE NORMAL PERIOD 1981 TO 2010
CLIMATE RECORD PERIOD 1948 TO 2015


WEATHER ITEM   OBSERVED TIME   RECORD YEAR NORMAL DEPARTURE
                VALUE   (LST)  VALUE       VALUE  FROM
                                                  NORMAL
...............................................................
TEMPERATURE (F)
 YESTERDAY
  MAXIMUM         96    123 PM 101    1984  86     10
  MINIMUM         56    510 AM  39    2010  57     -1
  AVERAGE         76                        72      4

PRECIPITATION (IN)
  YESTERDAY        0.00          0.02 2009   0.01  -0.01
                                      1988
                                      2011
  MONTH TO DATE    0.28                      0.09   0.19
  SINCE OCT 1      4.61                      6.99  -2.38
  SINCE JAN 1      1.69                      4.86  -3.17

SNOWFALL (IN)
  YESTERDAY        0.0           0.0    MM
  MONTH TO DATE    0.0
  SINCE MAR 1      0.0
  SINCE JUL 1      0.0
  SNOW DEPTH       0

DEGREE DAYS
 HEATING
  YESTERDAY        0                               -1
  MONTH TO DATE  105                               47
  SINCE MAR 1    507                             -126
  SINCE JUL 1   2376                             -550

 COOLING
  YESTERDAY       11                                3
  MONTH TO DATE   51                              -92
  SINCE MAR 1     79                              -94
  SINCE JAN 1     79                              -94
...............................................................


WIND (MPH)
  HIGHEST WIND SPEED    23   HIGHEST WIND DIRECTION    SW (240)
  HIGHEST GUST SPEED    29   HIGHEST GUST DIRECTION    SW (230)
  AVERAGE WIND SPEED     9.5




RELATIVE HUMIDITY (PERCENT)
 HIGHEST    43
 LOWEST      9
 AVERAGE    26

..........................................................


THE LANCASTER FOX FIELD CA CLIMATE NORMALS FOR TODAY
                         NORMAL    RECORD    YEAR
 MAXIMUM TEMPERATURE (F)   86       102      2001
 MINIMUM TEMPERATURE (F)   57        41      1966


SUNRISE AND SUNSET
MAY 30 2015...........SUNRISE   542 AM PDT   SUNSET   800 PM PDT
MAY 31 2015...........SUNRISE   541 AM PDT   SUNSET   800 PM PDT


-  INDICATES NEGATIVE NUMBERS.
R  INDICATES RECORD WAS SET OR TIED.
MM INDICATES DATA IS MISSING.
T  INDICATES TRACE AMOUNT.




$$
