000
CDUS46 KLOX 310118
CLIWJF


CLIMATE REPORT
NATIONAL WEATHER SERVICE LOS ANGELES/OXNARD CA
618 PM PDT SUN AUG 30 2015


...................................

...THE LANCASTER CLIMATE SUMMARY FOR AUGUST 30 2015...
VALID TODAY AS OF 0600 PM LOCAL TIME.

CLIMATE NORMAL PERIOD 1981 TO 2010
CLIMATE RECORD PERIOD 1948 TO 2015


WEATHER ITEM   OBSERVED TIME   RECORD YEAR NORMAL DEPARTURE LAST
                VALUE   (LST)  VALUE       VALUE  FROM      YEAR
                                                  NORMAL
..................................................................
TEMPERATURE (F)
 TODAY
  MAXIMUM         94    234 PM 109    1948  96     -2      100
  MINIMUM         70    603 AM  50    1975  62      8       73
  AVERAGE         82                        79      3       87

PRECIPITATION (IN)
  TODAY            0.00          0.57 1967   0.01  -0.01     0.00
  MONTH TO DATE    0.00                      0.10  -0.10     0.03
  SINCE OCT 1      6.99                      7.23  -0.24     3.94
  SINCE JAN 1      4.07                      5.10  -1.03     2.35

SNOWFALL (IN)
  TODAY            0.0           0.0    MM   0.0             0.0
  MONTH TO DATE    0.0                       0.0             0.0
  SINCE JUN 1      0.0                       0.0             0.0
  SINCE JUL 1      0.0                       0.0             0.0
  SNOW DEPTH       0

DEGREE DAYS
 HEATING
  TODAY            0                         0      0        0
  MONTH TO DATE    0                         0      0        0
  SINCE JUN 1      2                         8     -6        0
  SINCE JUL 1      0                         0      0        0

 COOLING
  TODAY           17                        14      3       22
  MONTH TO DATE  555                       479     76      443
  SINCE JUN 1   1481                      1356    125     1430
  SINCE JAN 1   1579                      1545     34     1630
..................................................................


WIND (MPH)
  HIGHEST WIND SPEED    24   HIGHEST WIND DIRECTION     W (260)
  HIGHEST GUST SPEED    28   HIGHEST GUST DIRECTION     W (260)
  AVERAGE WIND SPEED    15.9


SKY COVER
  POSSIBLE SUNSHINE  MM
  AVERAGE SKY COVER 0.0


WEATHER CONDITIONS
 THE FOLLOWING WEATHER WAS RECORDED TODAY.
  NO SIGNIFICANT WEATHER WAS OBSERVED.


RELATIVE HUMIDITY (PERCENT)
 HIGHEST    66           500 AM
 LOWEST     26          1100 AM
 AVERAGE    46

..........................................................


THE LANCASTER CLIMATE NORMALS FOR TOMORROW
                         NORMAL    RECORD    YEAR
 MAXIMUM TEMPERATURE (F)   95       109      1948
 MINIMUM TEMPERATURE (F)   61        48      1974


SUNRISE AND SUNSET
AUGUST 30 2015........SUNRISE   624 AM PDT   SUNSET   722 PM PDT
AUGUST 31 2015........SUNRISE   625 AM PDT   SUNSET   721 PM PDT


-  INDICATES NEGATIVE NUMBERS.
R  INDICATES RECORD WAS SET OR TIED.
MM INDICATES DATA IS MISSING.
T  INDICATES TRACE AMOUNT.




$$
