000
CDUS46 KLOX 020900
CLIWJF


CLIMATE REPORT
NATIONAL WEATHER SERVICE LOS ANGELES/OXNARD CA
200 AM PDT THU OCT 2 2014


...................................

...THE LANCASTER FOX FIELD CA CLIMATE SUMMARY FOR OCTOBER 1 2014...

CLIMATE NORMAL PERIOD 1981 TO 2010
CLIMATE RECORD PERIOD 1948 TO 2014


WEATHER ITEM   OBSERVED TIME   RECORD YEAR NORMAL DEPARTURE
                VALUE   (LST)  VALUE       VALUE  FROM
                                                  NORMAL
...............................................................
TEMPERATURE (F)
 YESTERDAY
  MAXIMUM         87    301 PM  99    2012  85      2
  MINIMUM         53   1147 PM  36    2009  51      2
  AVERAGE         70                        68      2

PRECIPITATION (IN)
  YESTERDAY        0.00          0.38 1981   0.01  -0.01
  MONTH TO DATE    0.00                      0.01  -0.01
  SINCE JUL 1      0.03                      0.35  -0.32
  SINCE JAN 1      2.35                      5.26  -2.91

SNOWFALL (IN)
  YESTERDAY        0.0           0.0    MM
  MONTH TO DATE    0.0
  SINCE SEP 1      0.0
  SINCE JUL 1      0.0
  SNOW DEPTH       0

DEGREE DAYS
 HEATING
  YESTERDAY        0                               -1
  MONTH TO DATE    0                               -1
  SINCE SEP 1      2                              -11
  SINCE JUL 1      2                              -11

 COOLING
  YESTERDAY        5                                1
  MONTH TO DATE    5                                1
  SINCE SEP 1    335                               60
  SINCE JAN 1   1986                              152
...............................................................


WIND (MPH)
  HIGHEST WIND SPEED    23   HIGHEST WIND DIRECTION    NE (60)
  HIGHEST GUST SPEED    32   HIGHEST GUST DIRECTION    NE (60)
  AVERAGE WIND SPEED     9.6




RELATIVE HUMIDITY (PERCENT)
 HIGHEST    62
 LOWEST     14
 AVERAGE    38

..........................................................


THE LANCASTER FOX FIELD CA CLIMATE NORMALS FOR TODAY
                         NORMAL    RECORD    YEAR
 MAXIMUM TEMPERATURE (F)   85       101      2012
 MINIMUM TEMPERATURE (F)   51        34      1971


SUNRISE AND SUNSET
OCTOBER  2 2014.......SUNRISE   648 AM PDT   SUNSET   635 PM PDT
OCTOBER  3 2014.......SUNRISE   649 AM PDT   SUNSET   634 PM PDT


-  INDICATES NEGATIVE NUMBERS.
R  INDICATES RECORD WAS SET OR TIED.
MM INDICATES DATA IS MISSING.
T  INDICATES TRACE AMOUNT.




$$
