000
CDUS46 KLOX 080857
CLIWJF


CLIMATE REPORT
NATIONAL WEATHER SERVICE LOS ANGELES/OXNARD CA
1256 AM PST THU DEC 8 2016


...................................

...THE LANCASTER FOX FIELD CA CLIMATE SUMMARY FOR DECEMBER 7 2016...

CLIMATE NORMAL PERIOD 1981 TO 2010
CLIMATE RECORD PERIOD 1948 TO 2016


WEATHER ITEM   OBSERVED TIME   RECORD YEAR NORMAL DEPARTURE
                VALUE   (LST)  VALUE       VALUE  FROM
                                                  NORMAL
...............................................................
TEMPERATURE (F)
 YESTERDAY
  MAXIMUM         54    325 PM  73    1958  59     -5
  MINIMUM         33   1159 PM  13    2011  30      3
  AVERAGE         44                        44      0

PRECIPITATION (IN)
  YESTERDAY        0.00          1.88 1992   0.03  -0.03
  MONTH TO DATE    0.00                      0.19  -0.19
  SINCE OCT 1      0.40                      1.17  -0.77
  SINCE JAN 1      2.93                      6.42  -3.49

SNOWFALL (IN)
  YESTERDAY        0.0           0.0    MM
  MONTH TO DATE    0.0
  SINCE DEC 1      0.0
  SINCE JUL 1      0.0
  SNOW DEPTH       0

DEGREE DAYS
 HEATING
  YESTERDAY       21                                0
  MONTH TO DATE  128                              -11
  SINCE DEC 1    128                              -11
  SINCE JUL 1    554                             -130

 COOLING
  YESTERDAY        0                                0
  MONTH TO DATE    0                                0
  SINCE DEC 1      0                                0
  SINCE JAN 1   2148                              266
...............................................................


WIND (MPH)
  HIGHEST WIND SPEED    35   HIGHEST WIND DIRECTION     W (270)
  HIGHEST GUST SPEED    40   HIGHEST GUST DIRECTION     W (260)
  AVERAGE WIND SPEED     8.4




RELATIVE HUMIDITY (PERCENT)
 HIGHEST    70
 LOWEST     24
 AVERAGE    47

..........................................................


THE LANCASTER FOX FIELD CA CLIMATE NORMALS FOR TODAY
                         NORMAL    RECORD    YEAR
 MAXIMUM TEMPERATURE (F)   59        72      1983
                                             1962
 MINIMUM TEMPERATURE (F)   30        11      1978


SUNRISE AND SUNSET
DECEMBER  8 2016......SUNRISE   648 AM PST   SUNSET   442 PM PST
DECEMBER  9 2016......SUNRISE   649 AM PST   SUNSET   442 PM PST


-  INDICATES NEGATIVE NUMBERS.
R  INDICATES RECORD WAS SET OR TIED.
MM INDICATES DATA IS MISSING.
T  INDICATES TRACE AMOUNT.




$$
