000
CDUS46 KLOX 200915
CLIWJF


CLIMATE REPORT
NATIONAL WEATHER SERVICE LOS ANGELES/OXNARD CA
215 AM PDT SAT SEP 20 2014


...................................

...THE LANCASTER FOX FIELD CA CLIMATE SUMMARY FOR SEPTEMBER 19 2014...

CLIMATE NORMAL PERIOD 1981 TO 2010
CLIMATE RECORD PERIOD 1948 TO 2014


WEATHER ITEM   OBSERVED TIME   RECORD YEAR NORMAL DEPARTURE
                VALUE   (LST)  VALUE       VALUE  FROM
                                                  NORMAL
...............................................................
TEMPERATURE (F)
 YESTERDAY
  MAXIMUM         88    233 PM 102    1949  90     -2
  MINIMUM         61    613 AM  38    1978  56      5
  AVERAGE         75                        73      2

PRECIPITATION (IN)
  YESTERDAY        0.00          0.45 1963   0.00   0.00
  MONTH TO DATE    T                         0.08  -0.08
  SINCE JUL 1      0.03                      0.27  -0.24
  SINCE JAN 1      2.35                      5.18  -2.83

SNOWFALL (IN)
  YESTERDAY        0.0           0.0    MM
  MONTH TO DATE    0.0
  SINCE SEP 1      0.0
  SINCE JUL 1      0.0
  SNOW DEPTH       0

DEGREE DAYS
 HEATING
  YESTERDAY        0                                0
  MONTH TO DATE    0                                0
  SINCE SEP 1      0                                0
  SINCE JUL 1      0                                0

 COOLING
  YESTERDAY       10                                2
  MONTH TO DATE  269                               66
  SINCE SEP 1    269                               66
  SINCE JAN 1   1920                              158
...............................................................


WIND (MPH)
  HIGHEST WIND SPEED    20   HIGHEST WIND DIRECTION    SW (240)
  HIGHEST GUST SPEED    23   HIGHEST GUST DIRECTION    SW (230)
  AVERAGE WIND SPEED     9.7




RELATIVE HUMIDITY (PERCENT)
 HIGHEST    78
 LOWEST     18
 AVERAGE    48

..........................................................


THE LANCASTER FOX FIELD CA CLIMATE NORMALS FOR TODAY
                         NORMAL    RECORD    YEAR
 MAXIMUM TEMPERATURE (F)   89       100      2000
                                             1949
 MINIMUM TEMPERATURE (F)   55        38      1978


SUNRISE AND SUNSET
SEPTEMBER 20 2014.....SUNRISE   639 AM PDT   SUNSET   652 PM PDT
SEPTEMBER 21 2014.....SUNRISE   640 AM PDT   SUNSET   651 PM PDT


-  INDICATES NEGATIVE NUMBERS.
R  INDICATES RECORD WAS SET OR TIED.
MM INDICATES DATA IS MISSING.
T  INDICATES TRACE AMOUNT.




$$
