000
CDUS45 KLKN 250930
CLIWMC


CLIMATE REPORT
NATIONAL WEATHER SERVICE ELKO NV
227 AM PDT SAT OCT 25 2014


...................................

...THE WINNEMUCCA AIRPORT NV CLIMATE SUMMARY FOR OCTOBER 24 2014...

CLIMATE NORMAL PERIOD 1981 TO 2010
CLIMATE RECORD PERIOD 1877 TO 2014


WEATHER ITEM   OBSERVED TIME   RECORD YEAR NORMAL DEPARTURE LAST
                VALUE   (LST)  VALUE       VALUE  FROM      YEAR
                                                  NORMAL
..................................................................
TEMPERATURE (F)
 YESTERDAY
  MAXIMUM         79    323 PM  85    1959  63     16       74
  MINIMUM         29    610 AM  11    2001  27      2       23
                                      1935
  AVERAGE         54                        45      9       49

PRECIPITATION (IN)
  YESTERDAY        0.00          1.58 1951   0.02  -0.02     0.00
  MONTH TO DATE    0.05                      0.50  -0.45     0.16
  SINCE OCT 1      0.05                      0.50  -0.45     0.16
  SINCE JAN 1      6.03                      6.30  -0.27     3.22

SNOWFALL (IN)
  YESTERDAY        0.0           0.4  2012   0.0    0.0      0.0
  MONTH TO DATE    0.0                       0.3   -0.3      0.0
  SINCE SEP 1      T                         0.3   -0.3      0.0
  SINCE JUL 1      T                         0.3   -0.3       T
  SNOW DEPTH       0

DEGREE DAYS
 HEATING
  YESTERDAY       11                        20     -9       16
  MONTH TO DATE  290                       371    -81      465
  SINCE SEP 1    375                       545   -170      613
  SINCE JUL 1    394                       575   -181      613

 COOLING
  YESTERDAY        0                         0      0        0
  MONTH TO DATE    0                         0      0        0
  SINCE SEP 1     49                        31     18       81
  SINCE JAN 1    674                       541    133      762
..................................................................


WIND (MPH)
  HIGHEST WIND SPEED    18   HIGHEST WIND DIRECTION     S (200)
  HIGHEST GUST SPEED    24   HIGHEST GUST DIRECTION     S (200)
  AVERAGE WIND SPEED     5.0



WEATHER CONDITIONS
 THE FOLLOWING WEATHER WAS RECORDED YESTERDAY.
  NO SIGNIFICANT WEATHER WAS OBSERVED.


RELATIVE HUMIDITY (PERCENT)
 HIGHEST    85           500 AM
 LOWEST      9           400 PM
 AVERAGE    47

..........................................................


THE WINNEMUCCA AIRPORT NV CLIMATE NORMALS FOR TODAY
                         NORMAL    RECORD    YEAR
 MAXIMUM TEMPERATURE (F)   63        80      1990
 MINIMUM TEMPERATURE (F)   27        10      1997
                                             1878


SUNRISE AND SUNSET
OCTOBER 25 2014.......SUNRISE   714 AM PDT   SUNSET   556 PM PDT
OCTOBER 26 2014.......SUNRISE   715 AM PDT   SUNSET   555 PM PDT


-  INDICATES NEGATIVE NUMBERS.
R  INDICATES RECORD WAS SET OR TIED.
MM INDICATES DATA IS MISSING.
T  INDICATES TRACE AMOUNT.




$$
