000
CDUS45 KLKN 220029
CLIWMC


CLIMATE REPORT
NATIONAL WEATHER SERVICE ELKO NV
526 PM PDT SUN SEP 21 2014


...................................

...THE WINNEMUCCA AIRPORT NV CLIMATE SUMMARY FOR SEPTEMBER 21 2014...
VALID TODAY AS OF 0500 PM LOCAL TIME.

CLIMATE NORMAL PERIOD 1981 TO 2010
CLIMATE RECORD PERIOD 1877 TO 2014


WEATHER ITEM   OBSERVED TIME   RECORD YEAR NORMAL DEPARTURE LAST
                VALUE   (LST)  VALUE       VALUE  FROM      YEAR
                                                  NORMAL
..................................................................
TEMPERATURE (F)
 TODAY
  MAXIMUM         70    300 PM  92    1954  79     -9       74
  MINIMUM         58    618 AM  21    1986  38     20       40
  AVERAGE         64                        58      6       57

PRECIPITATION (IN)
  TODAY            T             0.30 1944   0.02  -0.02     0.20
  MONTH TO DATE    0.01                      0.28  -0.27     0.59
  SINCE OCT 1      7.25                      8.12  -0.87     5.41
  SINCE JAN 1      4.59                      5.64  -1.05     3.00

SNOWFALL (IN)
  TODAY            0.0           0.0  1877   0.0    0.0      0.0
  MONTH TO DATE    0.0                       0.0    0.0      0.0
  SINCE SEP 1      0.0                       0.0    0.0      0.0
  SINCE JUL 1      0.0                       0.0    0.0       T
  SNOW DEPTH       0

DEGREE DAYS
 HEATING
  TODAY            1                         7     -6        8
  MONTH TO DATE   16                        92    -76       39
  SINCE SEP 1     16                        92    -76       39
  SINCE JUL 1     35                       122    -87       39

 COOLING
  TODAY            0                         0      0        0
  MONTH TO DATE   46                        29     17       79
  SINCE SEP 1     46                        29     17       79
  SINCE JAN 1    671                       539    132      760
..................................................................


WIND (MPH)
  HIGHEST WIND SPEED    28   HIGHEST WIND DIRECTION    SE (140)
  HIGHEST GUST SPEED    34   HIGHEST GUST DIRECTION    SE (140)



WEATHER CONDITIONS
 THE FOLLOWING WEATHER WAS RECORDED TODAY.
  LIGHT RAIN


RELATIVE HUMIDITY (PERCENT)
 HIGHEST    75           300 AM
 LOWEST     53           300 PM
 AVERAGE    64

..........................................................


THE WINNEMUCCA AIRPORT NV CLIMATE NORMALS FOR TOMORROW
                         NORMAL    RECORD    YEAR
 MAXIMUM TEMPERATURE (F)   78        94      1966
 MINIMUM TEMPERATURE (F)   37        16      1895


SUNRISE AND SUNSET
SEPTEMBER 21 2014.....SUNRISE   638 AM PDT   SUNSET   650 PM PDT
SEPTEMBER 22 2014.....SUNRISE   639 AM PDT   SUNSET   648 PM PDT


-  INDICATES NEGATIVE NUMBERS.
R  INDICATES RECORD WAS SET OR TIED.
MM INDICATES DATA IS MISSING.
T  INDICATES TRACE AMOUNT.




$$
