000
CDUS45 KLKN 190929
CLIWMC


CLIMATE REPORT
NATIONAL WEATHER SERVICE ELKO NV
128 AM PST SUN FEB 19 2017


...................................

...THE WINNEMUCCA AIRPORT NV CLIMATE SUMMARY FOR FEBRUARY 18 2017...

CLIMATE NORMAL PERIOD 1981 TO 2010
CLIMATE RECORD PERIOD 1877 TO 2017


WEATHER ITEM   OBSERVED TIME   RECORD YEAR NORMAL DEPARTURE LAST
                VALUE   (LST)  VALUE       VALUE  FROM      YEAR
                                                  NORMAL
..................................................................
TEMPERATURE (F)
 YESTERDAY
  MAXIMUM         51    245 PM  69    1981  49      2       51
                                      1977
  MINIMUM         35    717 AM -17    1882  23     12       33
  AVERAGE         43                        36      7       42

PRECIPITATION (IN)
  YESTERDAY        0.07          0.35 1927   0.02   0.05     0.12
  MONTH TO DATE    0.40                      0.41  -0.01     0.21
  SINCE OCT 1      6.75                      3.76   2.99     6.39
  SINCE JAN 1      2.21                      1.28   0.93     2.11

SNOWFALL (IN)
  YESTERDAY        T             2.2  2011   0.2   -0.2       T
  MONTH TO DATE    T                         2.4   -2.4      1.2
  SINCE DEC 1     14.5                      11.5    3.0     19.1
  SINCE JUL 1     15.1                      15.0    0.1     19.4
  SNOW DEPTH       0

DEGREE DAYS
 HEATING
  YESTERDAY       22                        29     -7       23
  MONTH TO DATE  415                       558   -143      489
  SINCE DEC 1   2790                      2743     47     2576
  SINCE JUL 1   4125                      4311   -186     3925

 COOLING
  YESTERDAY        0                         0      0        0
  MONTH TO DATE    0                         0      0        0
  SINCE DEC 1      0                         0      0        0
  SINCE JAN 1      0                         0      0        0
..................................................................


WIND (MPH)
  HIGHEST WIND SPEED    21   HIGHEST WIND DIRECTION    SE (150)
  HIGHEST GUST SPEED    24   HIGHEST GUST DIRECTION    SE (150)
  AVERAGE WIND SPEED     8.5



WEATHER CONDITIONS
 THE FOLLOWING WEATHER WAS RECORDED YESTERDAY.
  LIGHT RAIN
  FOG


RELATIVE HUMIDITY (PERCENT)
 HIGHEST   100          1200 AM
 LOWEST     61           300 PM
 AVERAGE    81

..........................................................


THE WINNEMUCCA AIRPORT NV CLIMATE NORMALS FOR TODAY
                         NORMAL    RECORD    YEAR
 MAXIMUM TEMPERATURE (F)   49        74      1981
 MINIMUM TEMPERATURE (F)   24       -15      1882


SUNRISE AND SUNSET
FEBRUARY 19 2017......SUNRISE   639 AM PST   SUNSET   531 PM PST
FEBRUARY 20 2017......SUNRISE   638 AM PST   SUNSET   532 PM PST


-  INDICATES NEGATIVE NUMBERS.
R  INDICATES RECORD WAS SET OR TIED.
MM INDICATES DATA IS MISSING.
T  INDICATES TRACE AMOUNT.




$$
