000
CDUS45 KLKN 210927
CLIWMC


CLIMATE REPORT
NATIONAL WEATHER SERVICE ELKO NV
127 AM PST WED FEB 21 2018


...................................

...THE WINNEMUCCA AIRPORT NV CLIMATE SUMMARY FOR FEBRUARY 20 2018...

CLIMATE NORMAL PERIOD 1981 TO 2010
CLIMATE RECORD PERIOD 1877 TO 2018


WEATHER ITEM   OBSERVED TIME   RECORD YEAR NORMAL DEPARTURE LAST
                VALUE   (LST)  VALUE       VALUE  FROM      YEAR
                                                  NORMAL
..................................................................
TEMPERATURE (F)
 YESTERDAY
  MAXIMUM         32    309 PM  69    1982  49    -17       47
                                      1977
  MINIMUM          0    628 AM -15    1882  24    -24       40
  AVERAGE         16                        36    -20       44

PRECIPITATION (IN)
  YESTERDAY        0.00          0.53 1962   0.02  -0.02     0.18
  MONTH TO DATE    0.21                      0.46  -0.25     0.58
  SINCE OCT 1      2.08                      3.81  -1.73     6.93
  SINCE JAN 1      0.74                      1.33  -0.59     2.39

SNOWFALL (IN)
  YESTERDAY        0.0           8.4  1962   0.1   -0.1      0.0
  MONTH TO DATE    3.0                       2.6    0.4       T
  SINCE DEC 1      6.5                      11.7   -5.2     14.5
  SINCE JUL 1      6.5                      15.2   -8.7     15.1
  SNOW DEPTH       0

DEGREE DAYS
 HEATING
  YESTERDAY       49                        29     20       21
  MONTH TO DATE  603                       616    -13      456
  SINCE DEC 1   2489                      2801   -312     2831
  SINCE JUL 1   3925                      4369   -444     4166

 COOLING
  YESTERDAY        0                         0      0        0
  MONTH TO DATE    0                         0      0        0
  SINCE DEC 1      0                         0      0        0
  SINCE JAN 1      0                         0      0        0
..................................................................


WIND (MPH)
  HIGHEST WIND SPEED    13   HIGHEST WIND DIRECTION    SW (230)
  HIGHEST GUST SPEED    19   HIGHEST GUST DIRECTION     W (250)
  AVERAGE WIND SPEED     5.2



WEATHER CONDITIONS
 THE FOLLOWING WEATHER WAS RECORDED YESTERDAY.
  NO SIGNIFICANT WEATHER WAS OBSERVED.


RELATIVE HUMIDITY (PERCENT)
 HIGHEST    72           600 AM
 LOWEST     27           200 PM
 AVERAGE    50

..........................................................


THE WINNEMUCCA AIRPORT NV CLIMATE NORMALS FOR TODAY
                         NORMAL    RECORD    YEAR
 MAXIMUM TEMPERATURE (F)   49        68      1982
 MINIMUM TEMPERATURE (F)   24        -3      1903


SUNRISE AND SUNSET
FEBRUARY 21 2018......SUNRISE   637 AM PST   SUNSET   533 PM PST
FEBRUARY 22 2018......SUNRISE   636 AM PST   SUNSET   534 PM PST


-  INDICATES NEGATIVE NUMBERS.
R  INDICATES RECORD WAS SET OR TIED.
MM INDICATES DATA IS MISSING.
T  INDICATES TRACE AMOUNT.




$$
