000
CDUS45 KLKN 220037
CLIWMC


CLIMATE REPORT
NATIONAL WEATHER SERVICE ELKO NV
537 PM PDT FRI JUL 21 2017


...................................

...THE WINNEMUCCA AIRPORT NV CLIMATE SUMMARY FOR JULY 21 2017...
VALID TODAY AS OF 0500 PM LOCAL TIME.

CLIMATE NORMAL PERIOD 1981 TO 2010
CLIMATE RECORD PERIOD 1877 TO 2017


WEATHER ITEM   OBSERVED TIME   RECORD YEAR NORMAL DEPARTURE LAST
                VALUE   (LST)  VALUE       VALUE  FROM      YEAR
                                                  NORMAL
..................................................................
TEMPERATURE (F)
 TODAY
  MAXIMUM         97    317 PM 106    1931  95      2       98
  MINIMUM         46    458 AM  35    1983  53     -7       44
  AVERAGE         72                        74     -2       71

PRECIPITATION (IN)
  TODAY            0.00          0.85 1925   0.00   0.00     0.00
  MONTH TO DATE    0.01                      0.16  -0.15      T
  SINCE OCT 1     11.01                      7.57   3.44     8.86
  SINCE JAN 1      6.47                      5.09   1.38     4.58

SNOWFALL (IN)
  TODAY            0.0           0.0  1877   0.0    0.0      0.0
  MONTH TO DATE    0.0                       0.0    0.0      0.0
  SINCE JUN 1      0.0                       T      0.0      0.0
  SINCE JUL 1      0.0                       0.0    0.0      0.0
  SNOW DEPTH       0

DEGREE DAYS
 HEATING
  TODAY            0                         0      0        0
  MONTH TO DATE    0                         6     -6       17
  SINCE JUN 1     73                       111    -38       71
  SINCE JUL 1      0                         6     -6       17

 COOLING
  TODAY            7                         9     -2        6
  MONTH TO DATE  238                       157     81      119
  SINCE JUN 1    378                       236    142      252
  SINCE JAN 1    385                       247    138      252
..................................................................


WIND (MPH)
  HIGHEST WIND SPEED    16   HIGHEST WIND DIRECTION    SW (230)
  HIGHEST GUST SPEED    20   HIGHEST GUST DIRECTION    SW (230)



WEATHER CONDITIONS
 THE FOLLOWING WEATHER WAS RECORDED TODAY.
  NO SIGNIFICANT WEATHER WAS OBSERVED.


RELATIVE HUMIDITY (PERCENT)
 HIGHEST    35           600 AM
 LOWEST      8           300 PM
 AVERAGE    22

..........................................................


THE WINNEMUCCA AIRPORT NV CLIMATE NORMALS FOR TOMORROW
                         NORMAL    RECORD    YEAR
 MAXIMUM TEMPERATURE (F)   95       107      2003
 MINIMUM TEMPERATURE (F)   53        37      1999


SUNRISE AND SUNSET
JULY 21 2017..........SUNRISE   538 AM PDT   SUNSET   817 PM PDT
JULY 22 2017..........SUNRISE   538 AM PDT   SUNSET   816 PM PDT


-  INDICATES NEGATIVE NUMBERS.
R  INDICATES RECORD WAS SET OR TIED.
MM INDICATES DATA IS MISSING.
T  INDICATES TRACE AMOUNT.




$$
