000
CDUS45 KLKN 190930
CLIWMC


CLIMATE REPORT
NATIONAL WEATHER SERVICE ELKO NV
227 AM PDT SAT APR 19 2014


...................................

...THE WINNEMUCCA AIRPORT NV CLIMATE SUMMARY FOR APRIL 18 2014...

CLIMATE NORMAL PERIOD 1981 TO 2010
CLIMATE RECORD PERIOD 1877 TO 2014


WEATHER ITEM   OBSERVED TIME   RECORD YEAR NORMAL DEPARTURE LAST
                VALUE   (LST)  VALUE       VALUE  FROM      YEAR
                                                  NORMAL
..................................................................
TEMPERATURE (F)
 YESTERDAY
  MAXIMUM         69    332 PM  84    1994  63      6       58
  MINIMUM         38    934 PM  13    2013  31      7       13
                                      1970
                                      1959
  AVERAGE         54                        47      7       36

PRECIPITATION (IN)
  YESTERDAY        0.00          0.90 1913   0.03  -0.03     0.00
  MONTH TO DATE    0.14                      0.52  -0.38     0.55
  SINCE OCT 1      5.52                      5.36   0.16     3.75
  SINCE JAN 1      2.86                      2.88  -0.02     1.34

SNOWFALL (IN)
  YESTERDAY        0.0           4.3  2007   0.0    0.0      0.0
  MONTH TO DATE    1.2                       1.1    0.1       T
  SINCE MAR 1      1.9                       4.3   -2.4       T
  SINCE JUL 1     23.4                      20.3    3.1     21.9
  SNOW DEPTH       0

DEGREE DAYS
 HEATING
  YESTERDAY       11                        18     -7       29
  MONTH TO DATE  312                       357    -45      370
  SINCE MAR 1   1015                      1096    -81     1080
  SINCE JUL 1   5674                      5685    -11     5846

 COOLING
  YESTERDAY        0                         0      0        0
  MONTH TO DATE    0                         0      0        0
  SINCE MAR 1      0                         0      0        0
  SINCE JAN 1      0                         0      0        0
..................................................................


WIND (MPH)
  HIGHEST WIND SPEED    14   HIGHEST WIND DIRECTION     W (290)
  HIGHEST GUST SPEED    18   HIGHEST GUST DIRECTION     W (280)
  AVERAGE WIND SPEED     6.3



WEATHER CONDITIONS
 THE FOLLOWING WEATHER WAS RECORDED YESTERDAY.
  NO SIGNIFICANT WEATHER WAS OBSERVED.


RELATIVE HUMIDITY (PERCENT)
 HIGHEST    89           200 AM
 LOWEST     11           400 PM
 AVERAGE    50

..........................................................


THE WINNEMUCCA AIRPORT NV CLIMATE NORMALS FOR TODAY
                         NORMAL    RECORD    YEAR
 MAXIMUM TEMPERATURE (F)   63        85      1934
 MINIMUM TEMPERATURE (F)   31        16      1979
                                             1966


SUNRISE AND SUNSET
APRIL 19 2014.........SUNRISE   606 AM PDT   SUNSET   735 PM PDT
APRIL 20 2014.........SUNRISE   605 AM PDT   SUNSET   736 PM PDT


-  INDICATES NEGATIVE NUMBERS.
R  INDICATES RECORD WAS SET OR TIED.
MM INDICATES DATA IS MISSING.
T  INDICATES TRACE AMOUNT.




$$
