000
CDUS45 KLKN 290028
CLIWMC


CLIMATE REPORT
NATIONAL WEATHER SERVICE ELKO NV
427 PM PST FRI NOV 28 2014


...................................

...THE WINNEMUCCA AIRPORT NV CLIMATE SUMMARY FOR NOVEMBER 28 2014...
VALID TODAY AS OF 0400 PM LOCAL TIME.

CLIMATE NORMAL PERIOD 1981 TO 2010
CLIMATE RECORD PERIOD 1877 TO 2014


WEATHER ITEM   OBSERVED TIME   RECORD YEAR NORMAL DEPARTURE LAST
                VALUE   (LST)  VALUE       VALUE  FROM      YEAR
                                                  NORMAL
..................................................................
TEMPERATURE (F)
 TODAY
  MAXIMUM         66R   240 PM  63    1949  45     21       54
                                      1899
  MINIMUM         35    530 AM  -6    1918  20     15       17
  AVERAGE         51                        32     19       36

PRECIPITATION (IN)
  TODAY            0.00          0.36 1927   0.03  -0.03     0.00
  MONTH TO DATE    0.98                      0.82   0.16     0.57
  SINCE OCT 1      1.07                      1.49  -0.42     2.05
  SINCE JAN 1      7.05                      7.29  -0.24     5.11

SNOWFALL (IN)
  TODAY            0.0           4.2  2005   0.2   -0.2      0.0
  MONTH TO DATE    0.5                       2.7   -2.2       T
  SINCE SEP 1      0.5                       3.2   -2.7      6.6
  SINCE JUL 1      0.5                       3.2   -2.7      6.6
  SNOW DEPTH       0

DEGREE DAYS
 HEATING
  TODAY           14                        32    -18       29
  MONTH TO DATE  724                       778    -54      702
  SINCE SEP 1   1229                      1473   -244     1484
  SINCE JUL 1   1248                      1503   -255     1484

 COOLING
  TODAY            0                         0      0        0
  MONTH TO DATE    0                         0      0        0
  SINCE SEP 1     49                        31     18       81
  SINCE JAN 1    674                       541    133      762
..................................................................


WIND (MPH)
  HIGHEST WIND SPEED    28   HIGHEST WIND DIRECTION    SW (220)
  HIGHEST GUST SPEED    36   HIGHEST GUST DIRECTION    SW (230)



WEATHER CONDITIONS
 THE FOLLOWING WEATHER WAS RECORDED TODAY.
  NO SIGNIFICANT WEATHER WAS OBSERVED.


RELATIVE HUMIDITY (PERCENT)
 HIGHEST    52           300 AM
 LOWEST      6           300 PM
 AVERAGE    29

..........................................................


THE WINNEMUCCA AIRPORT NV CLIMATE NORMALS FOR TOMORROW
                         NORMAL    RECORD    YEAR
 MAXIMUM TEMPERATURE (F)   45        66      1932
 MINIMUM TEMPERATURE (F)   20        -7      2006


SUNRISE AND SUNSET
NOVEMBER 28 2014......SUNRISE   653 AM PST   SUNSET   425 PM PST
NOVEMBER 29 2014......SUNRISE   654 AM PST   SUNSET   425 PM PST


-  INDICATES NEGATIVE NUMBERS.
R  INDICATES RECORD WAS SET OR TIED.
MM INDICATES DATA IS MISSING.
T  INDICATES TRACE AMOUNT.




$$
