000
CDUS45 KLKN 180133
CLIWMC


CLIMATE REPORT
NATIONAL WEATHER SERVICE ELKO NV
528 PM PST FRI NOV 7  2017


...................................

...THE WINNEMUCCA AIRPORT NV CLIMATE SUMMARY FOR NOVEMBER 17 2017...
VALID TODAY AS OF 500 PM LOCAL TIME.

CLIMATE NORMAL PERIOD 1981 TO 2010
CLIMATE RECORD PERIOD 1877 TO 2017


WEATHER ITEM   OBSERVED TIME   RECORD YEAR NORMAL DEPARTURE LAST
                VALUE   (LST)  VALUE       VALUE  FROM      YEAR
                                                  NORMAL
..................................................................
TEMPERATURE (F)
 TODAY
  MAXIMUM         45    206 PM  70    1995  50     -5       44
  MINIMUM         35    825 AM   0    1880  22     13       13
  AVERAGE         40                        36      4       29

PRECIPITATION (IN)
  TODAY            0.04          0.47 1942   0.03   0.01     0.00
  MONTH TO DATE    0.54                      0.48   0.06     0.12
  SINCE OCT 1      0.62                      1.15  -0.53     2.06
  SINCE JAN 1      7.70                      6.95   0.75     6.88

SNOWFALL (IN)
  TODAY            T             2.8  1907   0.1   -0.1      0.0
  MONTH TO DATE    T                         1.2   -1.2       T
  SINCE SEP 1      T                         1.7   -1.7       T
  SINCE JUL 1      T                         1.7   -1.7       T
  SNOW DEPTH       0

DEGREE DAYS
 HEATING
  TODAY           25                        29     -4       36
  MONTH TO DATE  358                       439    -81      323
  SINCE SEP 1   1167                      1134     33      954
  SINCE JUL 1   1167                      1164      3      974

 COOLING
  TODAY            0                         0      0        0
  MONTH TO DATE    0                         0      0        0
  SINCE SEP 1    120                        31     89       12
  SINCE JAN 1    927                       541    386      577
..................................................................


WIND (MPH)
  HIGHEST WIND SPEED    20   HIGHEST WIND DIRECTION    NW (320)
  HIGHEST GUST SPEED    26   HIGHEST GUST DIRECTION     W (280)



WEATHER CONDITIONS
 THE FOLLOWING WEATHER WAS RECORDED TODAY.
  LIGHT RAIN
  LIGHT SNOW
  FOG


RELATIVE HUMIDITY (PERCENT)
 HIGHEST    92          1200 AM
 LOWEST     43           300 PM
 AVERAGE    68

..........................................................


THE WINNEMUCCA AIRPORT NV CLIMATE NORMALS FOR TOMORROW
                         NORMAL    RECORD    YEAR
 MAXIMUM TEMPERATURE (F)   50        69      2008
 MINIMUM TEMPERATURE (F)   22        -9      1880


SUNRISE AND SUNSET
NOVEMBER 17 2017......SUNRISE   641 AM PST   SUNSET   431 PM PST
NOVEMBER 18 2017......SUNRISE   642 AM PST   SUNSET   430 PM PST


-  INDICATES NEGATIVE NUMBERS.
R  INDICATES RECORD WAS SET OR TIED.
MM INDICATES DATA IS MISSING.
T  INDICATES TRACE AMOUNT.




$$
