000
CDUS45 KLKN 260045
CLIWMC


CLIMATE REPORT
NATIONAL WEATHER SERVICE ELKO NV
545 PM PDT MON SEP 5  2017


...................................

...THE WINNEMUCCA AIRPORT NV CLIMATE SUMMARY FOR SEPTEMBER 25 2017...
VALID TODAY AS OF 0500 PM LOCAL TIME.

CLIMATE NORMAL PERIOD 1981 TO 2010
CLIMATE RECORD PERIOD 1877 TO 2017


WEATHER ITEM   OBSERVED TIME   RECORD YEAR NORMAL DEPARTURE LAST
                VALUE   (LST)  VALUE       VALUE  FROM      YEAR
                                                  NORMAL
..................................................................
TEMPERATURE (F)
 TODAY
  MAXIMUM         67        MM  92    2015  77    -10       81
                                      2009
  MINIMUM         24        MM  18    1972  36    -12       31
  AVERAGE         46                        56    -10       56

PRECIPITATION (IN)
  TODAY            0.00          0.87 1915   0.02  -0.02     0.00
  MONTH TO DATE    0.16                      0.35  -0.19     0.24
  SINCE OCT 1     11.62                      8.19   3.43     9.10
  SINCE JAN 1      7.08                      5.71   1.37     4.82

SNOWFALL (IN)
  TODAY            0.0           0.0  1877   0.0    0.0      0.0
  MONTH TO DATE    0.0                       0.0    0.0      0.0
  SINCE SEP 1      0.0                       0.0    0.0      0.0
  SINCE JUL 1      0.0                       0.0    0.0      0.0
  SNOW DEPTH       0

DEGREE DAYS
 HEATING
  TODAY           19                         9     10        9
  MONTH TO DATE  178                       125     53      162
  SINCE SEP 1    178                       125     53      162
  SINCE JUL 1    178                       155     23      182

 COOLING
  TODAY            0                         0      0        0
  MONTH TO DATE  120                        29     91        7
  SINCE SEP 1    120                        29     91        7
  SINCE JAN 1    927                       539    388      572
..................................................................


WIND (MPH)
  HIGHEST WIND SPEED     9   HIGHEST WIND DIRECTION    SW (230)
  HIGHEST GUST SPEED    16   HIGHEST GUST DIRECTION    SW (230)



WEATHER CONDITIONS
 THE FOLLOWING WEATHER WAS RECORDED TODAY.
  NO SIGNIFICANT WEATHER WAS OBSERVED.


RELATIVE HUMIDITY (PERCENT)
 HIGHEST    85           600 AM
 LOWEST     22           200 PM
 AVERAGE    54

..........................................................


THE WINNEMUCCA AIRPORT NV CLIMATE NORMALS FOR TOMORROW
                         NORMAL    RECORD    YEAR
 MAXIMUM TEMPERATURE (F)   76        93      1963
 MINIMUM TEMPERATURE (F)   36        17      1934


SUNRISE AND SUNSET
SEPTEMBER 25 2017.....SUNRISE   642 AM PDT   SUNSET   643 PM PDT
SEPTEMBER 26 2017.....SUNRISE   643 AM PDT   SUNSET   641 PM PDT


-  INDICATES NEGATIVE NUMBERS.
R  INDICATES RECORD WAS SET OR TIED.
MM INDICATES DATA IS MISSING.
T  INDICATES TRACE AMOUNT.




$$
