000
CDUS45 KLKN 030933
CLIWMC


CLIMATE REPORT
NATIONAL WEATHER SERVICE ELKO NV
233 AM PDT TUE MAY 3 2016


...................................

...THE WINNEMUCCA AIRPORT NV CLIMATE SUMMARY FOR MAY 2 2016...

CLIMATE NORMAL PERIOD 1981 TO 2010
CLIMATE RECORD PERIOD 1877 TO 2016


WEATHER ITEM   OBSERVED TIME   RECORD YEAR NORMAL DEPARTURE LAST
                VALUE   (LST)  VALUE       VALUE  FROM      YEAR
                                                  NORMAL
..................................................................
TEMPERATURE (F)
 YESTERDAY
  MAXIMUM         70    337 PM  92    1947  68      2       81
  MINIMUM         32    428 AM  15    1953  35     -3       38
  AVERAGE         51                        51      0       60

PRECIPITATION (IN)
  YESTERDAY        0.00          0.94 1895   0.04  -0.04     0.00
  MONTH TO DATE    T                         0.08  -0.08     0.00
  SINCE OCT 1      8.20                      5.81   2.39     5.74
  SINCE JAN 1      3.92                      3.33   0.59     3.17

SNOWFALL (IN)
  YESTERDAY        0.0           1.0  1892   0.0    0.0      0.0
  MONTH TO DATE    0.0                       0.0    0.0      0.0
  SINCE MAR 1      1.7                       4.8   -3.1      2.4
  SINCE JUL 1     21.1                      20.8    0.3      5.3
  SNOW DEPTH       0

DEGREE DAYS
 HEATING
  YESTERDAY       14                        14      0        5
  MONTH TO DATE   29                        28      1       14
  SINCE MAR 1   1151                      1319   -168     1189
  SINCE JUL 1   5328                      5908   -580     4971

 COOLING
  YESTERDAY        0                         0      0        0
  MONTH TO DATE    0                         0      0        0
  SINCE MAR 1      0                         0      0        0
  SINCE JAN 1      0                         0      0        0
..................................................................


WIND (MPH)
  HIGHEST WIND SPEED    10   HIGHEST WIND DIRECTION    SE (120)
  HIGHEST GUST SPEED    15   HIGHEST GUST DIRECTION    SE (130)
  AVERAGE WIND SPEED     5.5



WEATHER CONDITIONS
 THE FOLLOWING WEATHER WAS RECORDED YESTERDAY.
  NO SIGNIFICANT WEATHER WAS OBSERVED.


RELATIVE HUMIDITY (PERCENT)
 HIGHEST    92           400 AM
 LOWEST     22          1200 PM
 AVERAGE    57

..........................................................


THE WINNEMUCCA AIRPORT NV CLIMATE NORMALS FOR TODAY
                         NORMAL    RECORD    YEAR
 MAXIMUM TEMPERATURE (F)   68        90      1947
 MINIMUM TEMPERATURE (F)   35        16      1959


SUNRISE AND SUNSET
MAY  3 2016...........SUNRISE   546 AM PDT   SUNSET   750 PM PDT
MAY  4 2016...........SUNRISE   545 AM PDT   SUNSET   751 PM PDT


-  INDICATES NEGATIVE NUMBERS.
R  INDICATES RECORD WAS SET OR TIED.
MM INDICATES DATA IS MISSING.
T  INDICATES TRACE AMOUNT.




$$
