000
CDUS41 KALY 012050
CLIWRK


CLIMATE REPORT
NATIONAL WEATHER SERVICE ALBANY NY
450 PM EDT FRI AUG 1 2014


...................................

...THE POUGHKEEPSIE NY CLIMATE SUMMARY FOR AUGUST 1 2014...
VALID TODAY AS OF 0400 PM LOCAL TIME.

CLIMATE NORMAL PERIOD 1981 TO 2010
CLIMATE RECORD PERIOD 1949 TO 2014


WEATHER ITEM   OBSERVED TIME   RECORD YEAR NORMAL DEPARTURE LAST
                VALUE   (LST)  VALUE       VALUE  FROM      YEAR
                                                  NORMAL
..................................................................
TEMPERATURE (F)
 TODAY
  MAXIMUM         85    157 PM  99    1955  84      1       77
  MINIMUM         62    533 AM  46    1964  61      1       62
  AVERAGE         74                        73      1       70

PRECIPITATION (IN)
  TODAY            0.73          1.29 1951   0.16   0.57     0.29
  MONTH TO DATE    0.73                      0.16   0.57     0.29
  SINCE JUN 1      7.99                      9.24  -1.25    13.25
  SINCE JAN 1     22.02                     26.74  -4.72    23.90

DEGREE DAYS
 HEATING
  TODAY            0                         0      0        0
  MONTH TO DATE    0                         0      0        0
  SINCE JUN 1      7                        54    -47       31
  SINCE JUL 1      0                         5     -5        0

 COOLING
  TODAY            9                         8      1        5
  MONTH TO DATE    9                         8      1        5
  SINCE JUN 1    412                       375     37      542
  SINCE JAN 1    445                       411     34      595
..................................................................


WIND (MPH)
  HIGHEST WIND SPEED    25   HIGHEST WIND DIRECTION     W (290)
  HIGHEST GUST SPEED    32   HIGHEST GUST DIRECTION    NW (320)
  AVERAGE WIND SPEED     1.5


SKY COVER
  AVERAGE SKY COVER 0.1



RELATIVE HUMIDITY (PERCENT)
 HIGHEST    93          1200 AM
 LOWEST     51           200 PM
 AVERAGE    72

..........................................................


THE POUGHKEEPSIE NY CLIMATE NORMALS FOR TOMORROW
                         NORMAL    RECORD    YEAR
 MAXIMUM TEMPERATURE (F)   84        99      2006
 MINIMUM TEMPERATURE (F)   61        48      1985


SUNRISE AND SUNSET
AUGUST  1 2014........SUNRISE   550 AM EDT   SUNSET   813 PM EDT
AUGUST  2 2014........SUNRISE   551 AM EDT   SUNSET   812 PM EDT


-  INDICATES NEGATIVE NUMBERS.
R  INDICATES RECORD WAS SET OR TIED.
MM INDICATES DATA IS MISSING.
T  INDICATES TRACE AMOUNT.




$$
