000
CDUS45 KRIW 260735
CLIWRL


CLIMATE REPORT
NATIONAL WEATHER SERVICE RIVERTON WY
134 AM MDT WED APR 26 2017


...................................

...THE WORLAND WY CLIMATE SUMMARY FOR APRIL 25 2017...

CLIMATE NORMAL PERIOD 1981 TO 2010
CLIMATE RECORD PERIOD 1947 TO 2017


WEATHER ITEM   OBSERVED TIME   RECORD YEAR NORMAL DEPARTURE LAST
                VALUE   (LST)  VALUE       VALUE  FROM      YEAR
                                                  NORMAL
..................................................................
TEMPERATURE (F)
 YESTERDAY
  MAXIMUM         50    558 PM  86    1987  63    -13       55
  MINIMUM         33   1159 PM  11    2008  34     -1       42
  AVERAGE         42                        48     -6       49

PRECIPITATION (IN)
  YESTERDAY        0.16          0.59 1973   0.04   0.12      T
  MONTH TO DATE    2.44                      0.65   1.79     1.04
  SINCE MAR 1      3.42                      1.11   2.31     2.01
  SINCE JAN 1      3.82                      1.53   2.29     2.04

DEGREE DAYS
 HEATING
  YESTERDAY       23                        17      6       16
  MONTH TO DATE  456                       503    -47      382
  SINCE MAR 1   1126                      1388   -262     1175
  SINCE JUL 1   7001                      7389   -388     6560

 COOLING
  YESTERDAY        0                         0      0        0
  MONTH TO DATE    0                         0      0        0
  SINCE MAR 1      0                         0      0        0
  SINCE JAN 1      0                         0      0        0
..................................................................


WIND (MPH)
  HIGHEST WIND SPEED    31   HIGHEST WIND DIRECTION    NW (330)
  HIGHEST GUST SPEED    39   HIGHEST GUST DIRECTION     N (340)
  AVERAGE WIND SPEED    16.9


SKY COVER
  POSSIBLE SUNSHINE  MM
  AVERAGE SKY COVER 0.6


WEATHER CONDITIONS
 THE FOLLOWING WEATHER WAS RECORDED YESTERDAY.
  RAIN
  LIGHT RAIN
  FOG


RELATIVE HUMIDITY (PERCENT)
 HIGHEST    93           300 AM
 LOWEST     56           600 PM
 AVERAGE    75

..........................................................


THE WORLAND WY CLIMATE NORMALS FOR TODAY
                         NORMAL    RECORD    YEAR
 MAXIMUM TEMPERATURE (F)   63        85      2012
 MINIMUM TEMPERATURE (F)   34        23      2010


SUNRISE AND SUNSET
APRIL 26 2017.........SUNRISE   610 AM MDT   SUNSET   809 PM MDT
APRIL 27 2017.........SUNRISE   609 AM MDT   SUNSET   811 PM MDT


-  INDICATES NEGATIVE NUMBERS.
R  INDICATES RECORD WAS SET OR TIED.
MM INDICATES DATA IS MISSING.
T  INDICATES TRACE AMOUNT.




$$
