000
CDUS45 KRIW 220732
CLIWRL


CLIMATE REPORT
NATIONAL WEATHER SERVICE RIVERTON WY
130 AM MDT MON SEP 22 2014


...................................

...THE WORLAND WY CLIMATE SUMMARY FOR SEPTEMBER 21 2014...

CLIMATE NORMAL PERIOD 1981 TO 2010
CLIMATE RECORD PERIOD 1947 TO 2014


WEATHER ITEM   OBSERVED TIME   RECORD YEAR NORMAL DEPARTURE LAST
                VALUE   (LST)  VALUE       VALUE  FROM      YEAR
                                                  NORMAL
..................................................................
TEMPERATURE (F)
 YESTERDAY
  MAXIMUM         79    420 PM  90    1966  71      8       85
  MINIMUM         42    555 AM  24    1983  40      2       40
  AVERAGE         61                        56      5       63

PRECIPITATION (IN)
  YESTERDAY        0.00          0.47 1963   0.03  -0.03     0.00
  MONTH TO DATE    0.68                      0.55   0.13     0.91
  SINCE SEP 1      0.68                      0.55   0.13     0.91
  SINCE JAN 1      6.27                      6.00   0.27     4.12

DEGREE DAYS
 HEATING
  YESTERDAY        4                         9     -5        2
  MONTH TO DATE  139                       117     22       44
  SINCE SEP 1    139                       117     22       44
  SINCE JUL 1    173                       153     20       44

 COOLING
  YESTERDAY        0                         0      0        0
  MONTH TO DATE   16                        28    -12       90
  SINCE SEP 1     16                        28    -12       90
  SINCE JAN 1    525                       534     -9      851
..................................................................


WIND (MPH)
  HIGHEST WIND SPEED    13   HIGHEST WIND DIRECTION    SE (120)
  HIGHEST GUST SPEED    16   HIGHEST GUST DIRECTION    SE (120)
  AVERAGE WIND SPEED     4.3


SKY COVER
  POSSIBLE SUNSHINE  MM
  AVERAGE SKY COVER 0.0


WEATHER CONDITIONS
 THE FOLLOWING WEATHER WAS RECORDED YESTERDAY.
  NO SIGNIFICANT WEATHER WAS OBSERVED.


RELATIVE HUMIDITY (PERCENT)
 HIGHEST    89           600 AM
 LOWEST     31          1200 PM
 AVERAGE    60

..........................................................


THE WORLAND WY CLIMATE NORMALS FOR TODAY
                         NORMAL    RECORD    YEAR
 MAXIMUM TEMPERATURE (F)   71        88      1966
 MINIMUM TEMPERATURE (F)   40        28      2000
                                             1995


SUNRISE AND SUNSET
SEPTEMBER 22 2014.....SUNRISE   659 AM MDT   SUNSET   709 PM MDT
SEPTEMBER 23 2014.....SUNRISE   700 AM MDT   SUNSET   707 PM MDT


-  INDICATES NEGATIVE NUMBERS.
R  INDICATES RECORD WAS SET OR TIED.
MM INDICATES DATA IS MISSING.
T  INDICATES TRACE AMOUNT.




$$
