000
CDUS45 KRIW 230733
CLIWRL


CLIMATE REPORT
NATIONAL WEATHER SERVICE RIVERTON WY
133 AM MDT SAT MAY 23 2015


...................................

...THE WORLAND WY CLIMATE SUMMARY FOR MAY 22 2015...

CLIMATE NORMAL PERIOD 1981 TO 2010
CLIMATE RECORD PERIOD 1947 TO 2015


WEATHER ITEM   OBSERVED TIME   RECORD YEAR NORMAL DEPARTURE LAST
                VALUE   (LST)  VALUE       VALUE  FROM      YEAR
                                                  NORMAL
..................................................................
TEMPERATURE (F)
 YESTERDAY
  MAXIMUM         66    157 PM  93    1980  72     -6       83
  MINIMUM         47    520 AM  29    1974  43      4       44
  AVERAGE         57                        57      0       64

PRECIPITATION (IN)
  YESTERDAY        0.49          0.65 1981   0.05   0.44     0.00
  MONTH TO DATE    2.30                      0.99   1.31     0.66
  SINCE MAR 1      2.65                      2.31   0.34     1.35
  SINCE JAN 1      3.42                      2.73   0.69     1.73

DEGREE DAYS
 HEATING
  YESTERDAY        8                         8      0        1
  MONTH TO DATE  286                       247     39      281
  SINCE MAR 1   1551                      1713   -162     1803
  SINCE JUL 1   7460                      7714   -254     8183

 COOLING
  YESTERDAY        0                         0      0        0
  MONTH TO DATE    0                         0      0        0
  SINCE MAR 1      0                         1     -1        0
  SINCE JAN 1      0                         1     -1        0
..................................................................


WIND (MPH)
  HIGHEST WIND SPEED    20   HIGHEST WIND DIRECTION     E (70)
  HIGHEST GUST SPEED    25   HIGHEST GUST DIRECTION     S (190)
  AVERAGE WIND SPEED     3.9


SKY COVER
  POSSIBLE SUNSHINE  MM
  AVERAGE SKY COVER 0.6


WEATHER CONDITIONS
 THE FOLLOWING WEATHER WAS RECORDED YESTERDAY.
  THUNDERSTORM
  HEAVY RAIN
  LIGHT RAIN
  FOG
  HAZE


RELATIVE HUMIDITY (PERCENT)
 HIGHEST    93           600 AM
 LOWEST     48           100 PM
 AVERAGE    71

..........................................................


THE WORLAND WY CLIMATE NORMALS FOR TODAY
                         NORMAL    RECORD    YEAR
 MAXIMUM TEMPERATURE (F)   72        91      1967
 MINIMUM TEMPERATURE (F)   43        30      1966


SUNRISE AND SUNSET
MAY 23 2015...........SUNRISE   538 AM MDT   SUNSET   839 PM MDT
MAY 24 2015...........SUNRISE   538 AM MDT   SUNSET   840 PM MDT


-  INDICATES NEGATIVE NUMBERS.
R  INDICATES RECORD WAS SET OR TIED.
MM INDICATES DATA IS MISSING.
T  INDICATES TRACE AMOUNT.




$$
