292
CDUS45 KRIW 230741
CLIWRL


CLIMATE REPORT
NATIONAL WEATHER SERVICE RIVERTON WY
137 AM MDT WED AUG 23 2017


...................................

...THE WORLAND WY CLIMATE SUMMARY FOR AUGUST 22 2017...

CLIMATE NORMAL PERIOD 1981 TO 2010
CLIMATE RECORD PERIOD 1947 TO 2017


WEATHER ITEM   OBSERVED TIME   RECORD YEAR NORMAL DEPARTURE LAST
                VALUE   (LST)  VALUE       VALUE  FROM      YEAR
                                                  NORMAL
..................................................................
TEMPERATURE (F)
 YESTERDAY
  MAXIMUM         90    419 PM 100    2010  86      4       95
                                      2003
                                      1976
  MINIMUM         44    540 AM  37    1966  52     -8       50
  AVERAGE         67                        69     -2       73

PRECIPITATION (IN)
  YESTERDAY        0.00          0.18 2008   0.01  -0.01     0.00
  MONTH TO DATE    0.18                      0.30  -0.12     0.27
  SINCE JUN 1      0.70                      2.16  -1.46     0.71
  SINCE JAN 1      5.50                      5.32   0.18     4.47

DEGREE DAYS
 HEATING
  YESTERDAY        0                         1     -1        0
  MONTH TO DATE    1                         6     -5       13
  SINCE JUN 1     47                       112    -65       23
  SINCE JUL 1      1                        19    -18       17

 COOLING
  YESTERDAY        2                         5     -3        8
  MONTH TO DATE   69                       147    -78      162
  SINCE JUN 1    470                       460     10      626
  SINCE JAN 1    470                       472     -2      628
..................................................................


WIND (MPH)
  HIGHEST WIND SPEED    12   HIGHEST WIND DIRECTION    SE (130)
  HIGHEST GUST SPEED    15   HIGHEST GUST DIRECTION    SE (120)
  AVERAGE WIND SPEED     3.6


SKY COVER
  POSSIBLE SUNSHINE  MM
  AVERAGE SKY COVER 0.0


WEATHER CONDITIONS
 THE FOLLOWING WEATHER WAS RECORDED YESTERDAY.
  NO SIGNIFICANT WEATHER WAS OBSERVED.


RELATIVE HUMIDITY (PERCENT)
 HIGHEST    71           700 AM
 LOWEST     14           300 PM
 AVERAGE    43

..........................................................


THE WORLAND WY CLIMATE NORMALS FOR TODAY
                         NORMAL    RECORD    YEAR
 MAXIMUM TEMPERATURE (F)   86       101      1969
 MINIMUM TEMPERATURE (F)   51        35      2015


SUNRISE AND SUNSET
AUGUST 23 2017........SUNRISE   625 AM MDT   SUNSET   803 PM MDT
AUGUST 24 2017........SUNRISE   626 AM MDT   SUNSET   801 PM MDT


-  INDICATES NEGATIVE NUMBERS.
R  INDICATES RECORD WAS SET OR TIED.
MM INDICATES DATA IS MISSING.
T  INDICATES TRACE AMOUNT.




$$
