000
CDUS45 KRIW 230740
CLIWRL


CLIMATE REPORT
NATIONAL WEATHER SERVICE RIVERTON WY
130 AM MDT SAT JUL 23 2016


...................................

...THE WORLAND WY CLIMATE SUMMARY FOR JULY 22 2016...

CLIMATE NORMAL PERIOD 1981 TO 2010
CLIMATE RECORD PERIOD 1947 TO 2016


WEATHER ITEM   OBSERVED TIME   RECORD YEAR NORMAL DEPARTURE LAST
                VALUE   (LST)  VALUE       VALUE  FROM      YEAR
                                                  NORMAL
..................................................................
TEMPERATURE (F)
 YESTERDAY
  MAXIMUM        102    219 PM 103    1982  90     12       95
  MINIMUM         61    458 AM  45    1978  56      5       56
  AVERAGE         82                        73      9       76

PRECIPITATION (IN)
  YESTERDAY        0.00          0.96 1973   0.02  -0.02      T
  MONTH TO DATE    0.06                      0.50  -0.44     0.38
  SINCE JUN 1      0.35                      1.65  -1.30     1.44
  SINCE JAN 1      4.11                      4.81  -0.70     5.62

DEGREE DAYS
 HEATING
  YESTERDAY        0                         0      0        0
  MONTH TO DATE    4                        10     -6        0
  SINCE JUN 1     10                       103    -93        4
  SINCE JUL 1      4                        10     -6        0

 COOLING
  YESTERDAY       17                         8      9       11
  MONTH TO DATE  171                       156     15      141
  SINCE JUN 1    366                       240    126      320
  SINCE JAN 1    368                       252    116      322
..................................................................


WIND (MPH)
  HIGHEST WIND SPEED    35   HIGHEST WIND DIRECTION     W (270)
  HIGHEST GUST SPEED    47   HIGHEST GUST DIRECTION     W (280)
  AVERAGE WIND SPEED     6.8


SKY COVER
  POSSIBLE SUNSHINE  MM
  AVERAGE SKY COVER 0.0


WEATHER CONDITIONS
 THE FOLLOWING WEATHER WAS RECORDED YESTERDAY.
  HAZE


RELATIVE HUMIDITY (PERCENT)
 HIGHEST    56           500 AM
 LOWEST      9           300 PM
 AVERAGE    33

..........................................................


THE WORLAND WY CLIMATE NORMALS FOR TODAY
                         NORMAL    RECORD    YEAR
 MAXIMUM TEMPERATURE (F)   90       104      2014
                                             2007
 MINIMUM TEMPERATURE (F)   56        44      1972


SUNRISE AND SUNSET
JULY 23 2016..........SUNRISE   551 AM MDT   SUNSET   845 PM MDT
JULY 24 2016..........SUNRISE   552 AM MDT   SUNSET   844 PM MDT


-  INDICATES NEGATIVE NUMBERS.
R  INDICATES RECORD WAS SET OR TIED.
MM INDICATES DATA IS MISSING.
T  INDICATES TRACE AMOUNT.




$$
