000
CDUS45 KRIW 130739
CLIWRL


CLIMATE REPORT
NATIONAL WEATHER SERVICE RIVERTON WY
1230 AM MST SAT FEB 13 2016


...................................

...THE WORLAND WY CLIMATE SUMMARY FOR FEBRUARY 12 2016...

CLIMATE NORMAL PERIOD 1981 TO 2010
CLIMATE RECORD PERIOD 1947 TO 2016


WEATHER ITEM   OBSERVED TIME   RECORD YEAR NORMAL DEPARTURE LAST
                VALUE   (LST)  VALUE       VALUE  FROM      YEAR
                                                  NORMAL
..................................................................
TEMPERATURE (F)
 YESTERDAY
  MAXIMUM         53    330 PM  55    1991  36     17       54
  MINIMUM         28   1137 PM -23    2004   9     19       26
  AVERAGE         41                        22     19       40

PRECIPITATION (IN)
  YESTERDAY        0.00          0.36 1972   0.00   0.00     0.00
  MONTH TO DATE    T                         0.07  -0.07     0.08
  SINCE DEC 1      0.31                      0.53  -0.22     1.01
  SINCE JAN 1      0.03                      0.30  -0.27     0.31

DEGREE DAYS
 HEATING
  YESTERDAY       24                        43    -19       25
  MONTH TO DATE  448                       533    -85      404
  SINCE DEC 1   3343                      3489   -146     3403
  SINCE JUL 1   4927                      5381   -454     5319

 COOLING
  YESTERDAY        0                         0      0        0
  MONTH TO DATE    0                         0      0        0
  SINCE DEC 1      0                         0      0        0
  SINCE JAN 1      0                         0      0        0
..................................................................


WIND (MPH)
  HIGHEST WIND SPEED    12   HIGHEST WIND DIRECTION     S (170)
  HIGHEST GUST SPEED    12   HIGHEST GUST DIRECTION     S (170)
  AVERAGE WIND SPEED     4.3


SKY COVER
  POSSIBLE SUNSHINE  MM
  AVERAGE SKY COVER 0.4


WEATHER CONDITIONS
 THE FOLLOWING WEATHER WAS RECORDED YESTERDAY.
  NO SIGNIFICANT WEATHER WAS OBSERVED.


RELATIVE HUMIDITY (PERCENT)
 HIGHEST    85           700 AM
 LOWEST     38           400 PM
 AVERAGE    62

..........................................................


THE WORLAND WY CLIMATE NORMALS FOR TODAY
                         NORMAL    RECORD    YEAR
 MAXIMUM TEMPERATURE (F)   36        58      1967
                                             1994
 MINIMUM TEMPERATURE (F)    9       -13      2004


SUNRISE AND SUNSET
FEBRUARY 13 2016......SUNRISE   714 AM MST   SUNSET   538 PM MST
FEBRUARY 14 2016......SUNRISE   713 AM MST   SUNSET   540 PM MST


-  INDICATES NEGATIVE NUMBERS.
R  INDICATES RECORD WAS SET OR TIED.
MM INDICATES DATA IS MISSING.
T  INDICATES TRACE AMOUNT.




$$
