000
CDUS45 KRIW 240735
CLIWRL


CLIMATE REPORT
NATIONAL WEATHER SERVICE RIVERTON WY
133 AM MDT SAT JUN 24 2017


...................................

...THE WORLAND WY CLIMATE SUMMARY FOR JUNE 23 2017...

CLIMATE NORMAL PERIOD 1981 TO 2010
CLIMATE RECORD PERIOD 1947 TO 2017


WEATHER ITEM   OBSERVED TIME   RECORD YEAR NORMAL DEPARTURE LAST
                VALUE   (LST)  VALUE       VALUE  FROM      YEAR
                                                  NORMAL
..................................................................
TEMPERATURE (F)
 YESTERDAY
  MAXIMUM         73    547 PM 105    1988  83    -10       99
  MINIMUM         41R   444 AM  42    2009  51    -10       51
  AVERAGE         57                        67    -10       75

PRECIPITATION (IN)
  YESTERDAY        0.00          0.33 1967   0.02  -0.02     0.00
  MONTH TO DATE    0.25                      0.97  -0.72     0.26
  SINCE JUN 1      0.25                      0.97  -0.72     0.26
  SINCE JAN 1      5.05                      4.13   0.92     4.02

DEGREE DAYS
 HEATING
  YESTERDAY        8                         2      6        0
  MONTH TO DATE   26                        84    -58        6
  SINCE JUN 1     26                        84    -58        6
  SINCE JUL 1   7435                      7860   -425     6997

 COOLING
  YESTERDAY        0                         4     -4       10
  MONTH TO DATE   79                        51     28      146
  SINCE JUN 1     79                        51     28      146
  SINCE JAN 1     79                        63     16      148
..................................................................


WIND (MPH)
  HIGHEST WIND SPEED    14   HIGHEST WIND DIRECTION    NW (320)
  HIGHEST GUST SPEED    18   HIGHEST GUST DIRECTION    NW (320)
  AVERAGE WIND SPEED     4.9


SKY COVER
  POSSIBLE SUNSHINE  MM
  AVERAGE SKY COVER 0.0


WEATHER CONDITIONS
 THE FOLLOWING WEATHER WAS RECORDED YESTERDAY.
  HAZE


RELATIVE HUMIDITY (PERCENT)
 HIGHEST    76           400 AM
 LOWEST     16          1200 PM
 AVERAGE    46

..........................................................


THE WORLAND WY CLIMATE NORMALS FOR TODAY
                         NORMAL    RECORD    YEAR
 MAXIMUM TEMPERATURE (F)   84       105      2012
 MINIMUM TEMPERATURE (F)   51        35      1993


SUNRISE AND SUNSET
JUNE 24 2017..........SUNRISE   530 AM MDT   SUNSET   859 PM MDT
JUNE 25 2017..........SUNRISE   530 AM MDT   SUNSET   859 PM MDT


-  INDICATES NEGATIVE NUMBERS.
R  INDICATES RECORD WAS SET OR TIED.
MM INDICATES DATA IS MISSING.
T  INDICATES TRACE AMOUNT.




$$
