227
CDUS45 KRIW 180731
CLIWRL


CLIMATE REPORT
NATIONAL WEATHER SERVICE RIVERTON WY
130 AM MDT WED OCT 18 2017


...................................

...THE WORLAND WY CLIMATE SUMMARY FOR OCTOBER 17 2017...

CLIMATE NORMAL PERIOD 1981 TO 2010
CLIMATE RECORD PERIOD 1947 TO 2017


WEATHER ITEM   OBSERVED TIME   RECORD YEAR NORMAL DEPARTURE LAST
                VALUE   (LST)  VALUE       VALUE  FROM      YEAR
                                                  NORMAL
..................................................................
TEMPERATURE (F)
 YESTERDAY
  MAXIMUM         74    319 PM  81    2003  60     14       60
  MINIMUM         27    638 AM  19    1968  30     -3       33
  AVERAGE         51                        45      6       47

PRECIPITATION (IN)
  YESTERDAY        0.00          0.28 2011   0.02  -0.02      T
  MONTH TO DATE    0.23                      0.47  -0.24     2.23
  SINCE SEP 1      2.30                      1.32   0.98     4.20
  SINCE JAN 1      7.80                      6.77   1.03     8.67

DEGREE DAYS
 HEATING
  YESTERDAY       14                        20     -6       18
  MONTH TO DATE  362                       285     77      249
  SINCE SEP 1    630                       506    124      434
  SINCE JUL 1    631                       542     89      465

 COOLING
  YESTERDAY        0                         0      0        0
  MONTH TO DATE    0                         0      0        0
  SINCE SEP 1     52                        29     23       25
  SINCE JAN 1    588                       535     53      690
..................................................................


WIND (MPH)
  HIGHEST WIND SPEED    13   HIGHEST WIND DIRECTION     S (200)
  HIGHEST GUST SPEED    15   HIGHEST GUST DIRECTION     S (180)
  AVERAGE WIND SPEED     4.3


SKY COVER
  POSSIBLE SUNSHINE  MM
  AVERAGE SKY COVER 0.0


WEATHER CONDITIONS
 THE FOLLOWING WEATHER WAS RECORDED YESTERDAY.
  NO SIGNIFICANT WEATHER WAS OBSERVED.


RELATIVE HUMIDITY (PERCENT)
 HIGHEST    92           500 AM
 LOWEST     16           300 PM
 AVERAGE    54

..........................................................


THE WORLAND WY CLIMATE NORMALS FOR TODAY
                         NORMAL    RECORD    YEAR
 MAXIMUM TEMPERATURE (F)   60        81      2003
 MINIMUM TEMPERATURE (F)   30        17      2006


SUNRISE AND SUNSET
OCTOBER 18 2017.......SUNRISE   731 AM MDT   SUNSET   623 PM MDT
OCTOBER 19 2017.......SUNRISE   732 AM MDT   SUNSET   621 PM MDT


-  INDICATES NEGATIVE NUMBERS.
R  INDICATES RECORD WAS SET OR TIED.
MM INDICATES DATA IS MISSING.
T  INDICATES TRACE AMOUNT.




$$
