000
CDUS45 KRIW 300743
CLIWRL


CLIMATE REPORT
NATIONAL WEATHER SERVICE RIVERTON WY
128 AM MDT MON MAR 30 2015


...................................

...THE WORLAND WY CLIMATE SUMMARY FOR MARCH 29 2015...

CLIMATE NORMAL PERIOD 1981 TO 2010
CLIMATE RECORD PERIOD 1947 TO 2015


WEATHER ITEM   OBSERVED TIME   RECORD YEAR NORMAL DEPARTURE LAST
                VALUE   (LST)  VALUE       VALUE  FROM      YEAR
                                                  NORMAL
..................................................................
TEMPERATURE (F)
 YESTERDAY
  MAXIMUM         63    501 PM  79    1986  55      8       67
  MINIMUM         31    614 AM  -3    1987  27      4       37
  AVERAGE         47                        41      6       52

PRECIPITATION (IN)
  YESTERDAY        0.00          0.47 1998   0.01  -0.01     0.00
  MONTH TO DATE    T                         0.42  -0.42     0.27
  SINCE MAR 1      T                         0.42  -0.42     0.27
  SINCE JAN 1      0.77                      0.84  -0.07     0.65

DEGREE DAYS
 HEATING
  YESTERDAY       18                        24     -6       13
  MONTH TO DATE  695                       837   -142      885
  SINCE MAR 1    695                       837   -142      885
  SINCE JUL 1   6604                      6838   -234     7265

 COOLING
  YESTERDAY        0                         0      0        0
  MONTH TO DATE    0                         0      0        0
  SINCE MAR 1      0                         0      0        0
  SINCE JAN 1      0                         0      0        0
..................................................................


WIND (MPH)
  HIGHEST WIND SPEED    17   HIGHEST WIND DIRECTION     N (350)
  HIGHEST GUST SPEED    21   HIGHEST GUST DIRECTION     N (350)
  AVERAGE WIND SPEED     6.2


SKY COVER
  POSSIBLE SUNSHINE  MM
  AVERAGE SKY COVER 0.0


WEATHER CONDITIONS
 THE FOLLOWING WEATHER WAS RECORDED YESTERDAY.
  NO SIGNIFICANT WEATHER WAS OBSERVED.


RELATIVE HUMIDITY (PERCENT)
 HIGHEST    59           600 AM
 LOWEST     16           100 PM
 AVERAGE    38

..........................................................


THE WORLAND WY CLIMATE NORMALS FOR TODAY
                         NORMAL    RECORD    YEAR
 MAXIMUM TEMPERATURE (F)   55        78      1986
 MINIMUM TEMPERATURE (F)   27        12      1987


SUNRISE AND SUNSET
MARCH 30 2015.........SUNRISE   657 AM MDT   SUNSET   736 PM MDT
MARCH 31 2015.........SUNRISE   655 AM MDT   SUNSET   737 PM MDT


-  INDICATES NEGATIVE NUMBERS.
R  INDICATES RECORD WAS SET OR TIED.
MM INDICATES DATA IS MISSING.
T  INDICATES TRACE AMOUNT.




$$
