000
CDAK47 PAYA 200911
CLIYAK

CLIMATE REPORT
NATIONAL WEATHER SERVICE YAKUTAT, AK
1211 AM AKST SAT DEC 20 2014

...................................
...THE YAKUTAT AP CLIMATE SUMMARY FOR DECEMBER 19 2014...

CLIMATE NORMAL PERIOD  1981 TO  2010
CLIMATE RECORD PERIOD  1948 TO  2014

WEATHER ITEM   OBSERVED TIME    RECORD YEAR NORMAL DEPARTURE LAST
               VALUE    (LST)   VALUE       VALUE  FROM      YEAR
                                                   NORMAL
...................................................................
TEMPERATURE
YESTERDAY
 MAXIMUM            40  0607 PM    46  1993     35       5     34
 MINIMUM            33  0734 AM     0  1980     24       9     14
 AVERAGE            37                          30       7     24

PRECIPITATION
(INCHES)
 YESTERDAY           T           4.18  1985   0.53   -0.53   0.63
 MONTH TO DATE    8.47                       10.07   -1.60   4.85
 SINCE DEC 1      8.47                       10.07   -1.60   4.85
 SINCE JAN 1    131.38                      148.91  -17.53 132.55

SNOWFALL
(INCHES)
 YESTERDAY         0.0           13.3  2013    0.7    -0.7   13.3
 MONTH TO DATE     1.4                        13.9   -12.5   31.6
 SINCE DEC 1       1.4                        13.9   -12.5   31.6
 SINCE JUL 1       6.7                        34.6   -27.9   40.8
 SNOW DEPTH (IN)     0                                         15

DEGREE DAYS
 HEATING
  YESTERDAY         28                          35      -7     41
  MONTH TO DATE    574                         665     -91    761
  SINCE DEC 1      574                         665     -91    761
  SINCE JUL 1     3254                        3563    -309   3371

 COOLING
  YESTERDAY          0                           0       0      0
  MONTH TO DATE      0                           0       0      0
  SINCE DEC 1        0                           0       0      0
  SINCE JAN 1        0                           0       0      0
...................................................................

WIND (MPH)
 HIGHEST WIND SPEED     9     HIGHEST WIND DIRECTION     60
 HIGHEST GUST SPEED    12     HIGHEST GUST DIRECTION     60
 AVERAGE WIND SPEED   4.5

SKY COVER
  POSSIBLE SUNSHINE    MM          AVERAGE SKY COVER     MM

WEATHER CONDITIONS
 THE FOLLOWING WEATHER WAS RECORDED YESTERDAY.
  RAIN


RELATIVE HUMIDITY
 HIGHEST RH     MM PERCENT       MM
 LOWEST  RH     MM PERCENT       MM
 AVERAGE RH     MM PERCENT       MM
...................................................................

THE YAKUTAT CLIMATE NORMALS FOR TODAY
                           NORMAL    RECORD   YEAR
 MAXIMUM TEMPERATURE (F)     35        45     1985
 MINIMUM TEMPERATURE (F)     24        -4     1955

SUNRISE AND SUNSET
 DEC 20 2014..........SUNRISE  9:16 AM      SUNSET  3:18 PM
 DEC 21 2014..........SUNRISE  9:17 AM      SUNSET  3:18 PM

-  INDICATES NEGATIVE NUMBERS.
R  INDICATES RECORD HAS BEEN SET OR TIED.
MM INDICATES DATA IS MISSING.
T  INDICATES TRACE OF PRECIPITATION.

&&
-------------------------------------------------------------------

AMOUNT OF DAYLIGHT TODAY  (HOUR:MIN)........6 HOURS 2 MINUTES
GAIN/LOSS SINCE YESTERDAY (HOUR:MIN:SEC)....-0:00:16

$$
*** DEC 14
