000
CDAK47 PAYA 310008
CLIYAK

CLIMATE REPORT
NATIONAL WEATHER SERVICE YAKUTAT, AK
408 PM AKDT SAT AUG 30 2014

...................................
...THE YAKUTAT AP CLIMATE SUMMARY FOR AUGUST 30 2014...
VALID TODAY AS OF 2:00 PM LOCAL TIME

CLIMATE NORMAL PERIOD  1981 TO  2010
CLIMATE RECORD PERIOD  1948 TO  2014

WEATHER ITEM   OBSERVED TIME    RECORD YEAR NORMAL DEPARTURE LAST
               VALUE    (LST)   VALUE       VALUE  FROM      YEAR
                                                   NORMAL
...................................................................
TEMPERATURE
TODAY
 MAXIMUM            54  0307 PM    71  1963     59      -5     68
 MINIMUM            46  0208 AM    32  1992     44       2     49
 AVERAGE            50                          52      -2     59

PRECIPITATION
(INCHES)
 TODAY            0.18           2.24  1965   0.53   -0.35   0.00
 MONTH TO DATE   22.17                       13.53    8.64   8.40
 SINCE JUN 1     38.69                       27.80   10.89  18.29
 SINCE JAN 1     77.80                       80.76   -2.96  76.48

SNOWFALL
(INCHES)
 TODAY             0.0            0.0  2014    0.0     0.0    0.0
 MONTH TO DATE     0.0                         0.0     0.0    0.0
 SINCE JUN 1       0.0                         0.0     0.0    0.0
 SINCE JUL 1       0.0                         0.0     0.0    0.0
 SNOW DEPTH (IN)     0                                          0

DEGREE DAYS
 HEATING
  TODAY             15                          13       2      6
  MONTH TO DATE    302                         332     -30    259
  SINCE JUN 1     1061                        1090     -29    898
  SINCE JUL 1      615                         664     -49    556

 COOLING
  TODAY              0                           0       0      0
  MONTH TO DATE      0                           0       0      0
  SINCE JUN 1        0                           0       0      0
  SINCE JAN 1        0                           0       0      0
...................................................................

WIND (MPH)
 HIGHEST WIND SPEED     9     HIGHEST WIND DIRECTION     70
 HIGHEST GUST SPEED    13     HIGHEST GUST DIRECTION     70
 AVERAGE WIND SPEED    MM

SKY COVER
  POSSIBLE SUNSHINE  MM            AVERAGE SKY COVER MM

WEATHER CONDITIONS
 THE FOLLOWING WEATHER WAS RECORDED TODAY.
FOG
RAIN


RELATIVE HUMIDITY
 HIGHEST RH     MM PERCENT       MM
 LOWEST  RH     MM PERCENT       MM
 AVERAGE RH     MM PERCENT       MM
...................................................................

THE YAKUTAT CLIMATE NORMALS FOR TOMORROW
                        NORMAL    RECORD   YEAR
 MAXIMUM TEMPERATURE      59        75     1963
 MINIMUM TEMPERATURE      44        34     1990

SUNRISE AND SUNSET
 AUG 30 2014..........SUNRISE  6:11 AM      SUNSET  8:27 PM
 AUG 31 2014..........SUNRISE  6:14 AM      SUNSET  8:24 PM

-  INDICATES NEGATIVE NUMBERS.
R  INDICATES RECORD HAS BEEN SET OR TIED.
MM INDICATES DATA IS MISSING.
T  INDICATES TRACE OF PRECIPITATION.

&&
-------------------------------------------------------------------

AMOUNT OF DAYLIGHT TODAY  (HOUR:MIN)........14 HOURS 16 MINUTES
GAIN/LOSS SINCE YESTERDAY (HOUR:MIN:SEC)....-0:05:14

$$
*** AUG 14
