000
CDAK47 PAYA 302357
CLIYAK

CLIMATE REPORT
NATIONAL WEATHER SERVICE YAKUTAT, AK
357 PM AKDT TUE SEP 30 2014

...................................
...THE YAKUTAT AP CLIMATE SUMMARY FOR SEPTEMBER 30 2014...
VALID TODAY AS OF 2:00 PM LOCAL TIME

CLIMATE NORMAL PERIOD  1981 TO  2010
CLIMATE RECORD PERIOD  1948 TO  2014

WEATHER ITEM   OBSERVED TIME    RECORD YEAR NORMAL DEPARTURE LAST
               VALUE    (LST)   VALUE       VALUE  FROM      YEAR
                                                   NORMAL
...................................................................
TEMPERATURE
TODAY
 MAXIMUM            52  1203 AM    62  1967     52       0     59
 MINIMUM            41  0629 AM    21  1996     39       2     35
 AVERAGE            47                          46       1     47

PRECIPITATION
(INCHES)
 TODAY            0.28           4.47  1985   0.81   -0.53   0.00
 MONTH TO DATE   19.81                       21.11   -1.30  18.53
 SINCE SEP 1     19.81                       21.11   -1.30  18.53
 SINCE JAN 1     98.61                      102.41   -3.80  96.16

SNOWFALL
(INCHES)
 TODAY             0.0              T  2012    0.0     0.0    0.0
 MONTH TO DATE     0.0                         0.0     0.0    0.0
 SINCE SEP 1       0.0                         0.0     0.0    0.0
 SINCE JUL 1       0.0                         0.0     0.0    0.0
 SNOW DEPTH (IN)     0                                          0

DEGREE DAYS
 HEATING
  TODAY             18                          19      -1     18
  MONTH TO DATE    406                         498     -92    406
  SINCE SEP 1      406                         498     -92    406
  SINCE JUL 1     1033                        1176    -143    970

 COOLING
  TODAY              0                           0       0      0
  MONTH TO DATE      0                           0       0      0
  SINCE SEP 1        0                           0       0      0
  SINCE JAN 1        0                           0       0      0
...................................................................

WIND (MPH)
 HIGHEST WIND SPEED    21     HIGHEST WIND DIRECTION    240
 HIGHEST GUST SPEED    30     HIGHEST GUST DIRECTION    250
 AVERAGE WIND SPEED    MM

SKY COVER
  POSSIBLE SUNSHINE  MM            AVERAGE SKY COVER MM

WEATHER CONDITIONS
 THE FOLLOWING WEATHER WAS RECORDED TODAY.
FOG
THUNDER
HAIL
RAIN


RELATIVE HUMIDITY
 HIGHEST RH     MM PERCENT       MM
 LOWEST  RH     MM PERCENT       MM
 AVERAGE RH     MM PERCENT       MM
...................................................................

THE YAKUTAT CLIMATE NORMALS FOR TOMORROW
                        NORMAL    RECORD   YEAR
 MAXIMUM TEMPERATURE      52        63     1967
 MINIMUM TEMPERATURE      39        24     1994

SUNRISE AND SUNSET
 SEP 30 2014..........SUNRISE  7:23 AM      SUNSET  6:54 PM
 OCT 1 2014..........SUNRISE  7:25 AM      SUNSET  6:51 PM

-  INDICATES NEGATIVE NUMBERS.
R  INDICATES RECORD HAS BEEN SET OR TIED.
MM INDICATES DATA IS MISSING.
T  INDICATES TRACE OF PRECIPITATION.

&&
-------------------------------------------------------------------

AMOUNT OF DAYLIGHT TODAY  (HOUR:MIN)........11 HOURS 31 MINUTES
GAIN/LOSS SINCE YESTERDAY (HOUR:MIN:SEC)....-0:05:17

$$
*** SEP 14
