000
CDAK47 PAYA 020902
CLIYAK

CLIMATE REPORT
NATIONAL WEATHER SERVICE YAKUTAT, AK
102 AM AKDT WED SEP 2 2015

...................................
...THE YAKUTAT AP CLIMATE SUMMARY FOR SEPTEMBER 1 2015...

CLIMATE NORMAL PERIOD  1981 TO  2010
CLIMATE RECORD PERIOD  1948 TO  2015

WEATHER ITEM   OBSERVED TIME    RECORD YEAR NORMAL DEPARTURE LAST
               VALUE    (LST)   VALUE       VALUE  FROM      YEAR
                                                   NORMAL
...................................................................
TEMPERATURE
YESTERDAY
 MAXIMUM            62  0159 PM    67  1981     59       3     59
 MINIMUM            35  0620 AM    30  1987     44      -9     41
 AVERAGE            49                          51      -2     50

PRECIPITATION
(INCHES)
 YESTERDAY        0.00           2.07  1997   0.57   -0.57   0.03
 MONTH TO DATE    0.00                        0.57   -0.57   0.03
 SINCE SEP 1      0.00                        0.57   -0.57   0.03
 SINCE JAN 1     84.95                       81.87    3.08  78.83

SNOWFALL
(INCHES)
 YESTERDAY         0.0            0.0  2015    0.0     0.0    0.0
 MONTH TO DATE     0.0                         0.0     0.0    0.0
 SINCE SEP 1       0.0                         0.0     0.0    0.0
 SINCE JUL 1       0.0                         0.0     0.0    0.0
 SNOW DEPTH (IN)     0                                          0

DEGREE DAYS
 HEATING
  YESTERDAY         16                          14       2     15
  MONTH TO DATE     16                          14       2     15
  SINCE SEP 1       16                          14       2     15
  SINCE JUL 1      584                         692    -108    642

 COOLING
  YESTERDAY          0                           0       0      0
  MONTH TO DATE      0                           0       0      0
  SINCE SEP 1        0                           0       0      0
  SINCE JAN 1        0                           0       0      0
...................................................................

WIND (MPH)
 HIGHEST WIND SPEED    10     HIGHEST WIND DIRECTION    310
 HIGHEST GUST SPEED    14     HIGHEST GUST DIRECTION    320
 AVERAGE WIND SPEED   2.3

SKY COVER
  POSSIBLE SUNSHINE    MM          AVERAGE SKY COVER     MM

WEATHER CONDITIONS
 THE FOLLOWING WEATHER WAS RECORDED YESTERDAY.
  NO SIGNIFICANT WEATHER WAS OBSERVED.

RELATIVE HUMIDITY
 HIGHEST RH     MM PERCENT       MM
 LOWEST  RH     MM PERCENT       MM
 AVERAGE RH     MM PERCENT       MM
...................................................................

THE YAKUTAT CLIMATE NORMALS FOR TODAY
                           NORMAL    RECORD   YEAR
 MAXIMUM TEMPERATURE (F)     59        68     1996
 MINIMUM TEMPERATURE (F)     43        32     1994

SUNRISE AND SUNSET
 SEP 2 2015..........SUNRISE  6:18 AM      SUNSET  8:19 PM
 SEP 3 2015..........SUNRISE  6:20 AM      SUNSET  8:16 PM

-  INDICATES NEGATIVE NUMBERS.
R  INDICATES RECORD HAS BEEN SET OR TIED.
MM INDICATES DATA IS MISSING.
T  INDICATES TRACE OF PRECIPITATION.

&&
-------------------------------------------------------------------

AMOUNT OF DAYLIGHT TODAY  (HOUR:MIN)........14 HOURS 1 MINUTES
GAIN/LOSS SINCE YESTERDAY (HOUR:MIN:SEC)....-0:05:15

$$
DC SEP 15
