000
CDUS46 KPDT 250901
CLIYKM

CLIMATE REPORT
NATIONAL WEATHER SERVICE PENDLETON OR
156 AM PDT THU MAY 25 2017


...................................

...THE YAKIMA WA CLIMATE SUMMARY FOR MAY 24 2017...

CLIMATE NORMAL PERIOD 1981 TO 2010
CLIMATE RECORD PERIOD 1946 TO 2017


WEATHER ITEM   OBSERVED TIME   RECORD YEAR NORMAL DEPARTURE LAST
                VALUE   (LST)  VALUE       VALUE  FROM      YEAR
                                                  NORMAL
..................................................................
TEMPERATURE (F)
 YESTERDAY
  MAXIMUM         72    249 PM  94    1999  75     -3       77
  MINIMUM         48    407 AM  30    1989  44      4       43
  AVERAGE         60                        59      1       60

PRECIPITATION (IN)
  YESTERDAY        0.00          0.70 2013   0.02  -0.02      T
  MONTH TO DATE    0.46                      0.43   0.03     0.64
  SINCE OCT 1     11.21                      6.64   4.57    10.10
  SINCE JAN 1      7.29                      3.52   3.77     5.45

SNOWFALL (IN)
  YESTERDAY        0.0           0.0  2002   0.0    0.0      0.0
                                      2001
                                      2000
  MONTH TO DATE    0.0                       0.0    0.0      0.0
  SINCE JAN 1     29.1                       8.6   20.5     12.5
  SINCE JUL 1     36.5                      21.6   14.9     31.4
  SNOW DEPTH       0

DEGREE DAYS
 HEATING
  YESTERDAY        5                         6     -1        5
  MONTH TO DATE  159                       221    -62       60
  SINCE MAR 1   1185                      1376   -191      815
  SINCE JUL 1   5614                      5903   -289     4565

 COOLING
  YESTERDAY        0                         1     -1        0
  MONTH TO DATE   22                        13      9       33
  SINCE MAR 1     22                        14      8       39
  SINCE JAN 1     22                        14      8       39
..................................................................


WIND (MPH)
  HIGHEST WIND SPEED    26   HIGHEST WIND DIRECTION    NW (320)
  HIGHEST GUST SPEED    35   HIGHEST GUST DIRECTION    NW (330)
  AVERAGE WIND SPEED    12.7


SKY COVER
  POSSIBLE SUNSHINE  MM
  AVERAGE SKY COVER 0.0


WEATHER CONDITIONS
 THE FOLLOWING WEATHER WAS RECORDED YESTERDAY.
  NO SIGNIFICANT WEATHER WAS OBSERVED.


RELATIVE HUMIDITY (PERCENT)
 HIGHEST    47          1000 PM
 LOWEST     24          1100 AM
 AVERAGE    36

..........................................................


THE YAKIMA WA CLIMATE NORMALS FOR TODAY
                         NORMAL    RECORD    YEAR
 MAXIMUM TEMPERATURE (F)   75        95      1947
 MINIMUM TEMPERATURE (F)   45        31      1984
                                             1973


SUNRISE AND SUNSET
MAY 25 2017...........SUNRISE   518 AM PDT   SUNSET   841 PM PDT
MAY 26 2017...........SUNRISE   517 AM PDT   SUNSET   842 PM PDT


-  INDICATES NEGATIVE NUMBERS.
R  INDICATES RECORD WAS SET OR TIED.
MM INDICATES DATA IS MISSING.
T  INDICATES TRACE AMOUNT.




$$
