678
CDUS46 KPDT 240852
CLIYKM

CLIMATE REPORT
NATIONAL WEATHER SERVICE PENDLETON OR
1249 AM PST SAT FEB 24 2018


...................................

...THE YAKIMA WA CLIMATE SUMMARY FOR FEBRUARY 23 2018...

CLIMATE NORMAL PERIOD 1981 TO 2010
CLIMATE RECORD PERIOD 1946 TO 2018


WEATHER ITEM   OBSERVED TIME   RECORD YEAR NORMAL DEPARTURE LAST
                VALUE   (LST)  VALUE       VALUE  FROM      YEAR
                                                  NORMAL
..................................................................
TEMPERATURE (F)
 YESTERDAY
  MAXIMUM         36    356 PM  69    1947  49    -13       45
  MINIMUM         11R   705 AM  16    1993  27    -16       19
  AVERAGE         24                        38    -14       32

PRECIPITATION (IN)
  YESTERDAY        0.00          0.28 2009   0.03  -0.03     0.00
  MONTH TO DATE    0.18                      0.65  -0.47     2.25
  SINCE OCT 1      3.37                      4.91  -1.54     8.33
  SINCE JAN 1      1.08                      1.79  -0.71     4.41

SNOWFALL (IN)
  YESTERDAY        0.0           2.4  1969   0.1   -0.1      0.0
  MONTH TO DATE    0.0                       2.3   -2.3      9.9
  SINCE JAN 1      T                         7.6   -7.6     29.0
  SINCE JUL 1      1.6                      20.6  -19.0     36.4
  SNOW DEPTH       0

DEGREE DAYS
 HEATING
  YESTERDAY       41                        27     14       33
  MONTH TO DATE  560                       676   -116      757
  SINCE DEC 1   2388                      2861   -473     3247
  SINCE JUL 1   3657                      4394   -737     4266

 COOLING
  YESTERDAY        0                         0      0        0
  MONTH TO DATE    0                         0      0        0
  SINCE DEC 1      0                         0      0        0
  SINCE JAN 1      0                         0      0        0
..................................................................


WIND (MPH)
  HIGHEST WIND SPEED    12   HIGHEST WIND DIRECTION     S (170)
  HIGHEST GUST SPEED    14   HIGHEST GUST DIRECTION     S (160)
  AVERAGE WIND SPEED     5.6


SKY COVER
  POSSIBLE SUNSHINE  MM
  AVERAGE SKY COVER 0.3


WEATHER CONDITIONS
 THE FOLLOWING WEATHER WAS RECORDED YESTERDAY.
  NO SIGNIFICANT WEATHER WAS OBSERVED.


RELATIVE HUMIDITY (PERCENT)
 HIGHEST    84           400 AM
 LOWEST     47           100 PM
 AVERAGE    66

..........................................................


THE YAKIMA WA CLIMATE NORMALS FOR TODAY
                         NORMAL    RECORD    YEAR
 MAXIMUM TEMPERATURE (F)   49        68      1986
 MINIMUM TEMPERATURE (F)   27         9      1993


SUNRISE AND SUNSET
FEBRUARY 24 2018......SUNRISE   650 AM PST   SUNSET   541 PM PST
FEBRUARY 25 2018......SUNRISE   648 AM PST   SUNSET   542 PM PST


-  INDICATES NEGATIVE NUMBERS.
R  INDICATES RECORD WAS SET OR TIED.
MM INDICATES DATA IS MISSING.
T  INDICATES TRACE AMOUNT.




$$
