000
CDUS46 KPDT 170859
CLIYKM

CLIMATE REPORT
NATIONAL WEATHER SERVICE PENDLETON OR
145 AM PDT THU APR 17 2014


...................................

...THE YAKIMA WA CLIMATE SUMMARY FOR APRIL 16 2014...

CLIMATE NORMAL PERIOD 1981 TO 2010
CLIMATE RECORD PERIOD 1946 TO 2014


WEATHER ITEM   OBSERVED TIME   RECORD YEAR NORMAL DEPARTURE LAST
                VALUE   (LST)  VALUE       VALUE  FROM      YEAR
                                                  NORMAL
..................................................................
TEMPERATURE (F)
 YESTERDAY
  MAXIMUM         65    306 PM  82    1949  64      1       58
  MINIMUM         45    544 AM  22    1964  34     11       29
  AVERAGE         55                        49      6       44

PRECIPITATION (IN)
  YESTERDAY        T             0.14 1978   0.02  -0.02     0.00
  MONTH TO DATE    T                         0.28  -0.28     0.40
  SINCE OCT 1      3.16                      5.94  -2.78     5.10
  SINCE JAN 1      2.33                      2.82  -0.49     1.30

SNOWFALL (IN)
  YESTERDAY       MM             0.0  2002   0.0   MM        0.0
                                      2001
                                      2000
  MONTH TO DATE    0.0                       0.0    0.0      0.0
  SINCE JAN 1     19.9                       8.6   11.3      1.1
  SINCE JUL 1     19.9                      21.6   -1.7     15.3
  SNOW DEPTH       0

DEGREE DAYS
 HEATING
  YESTERDAY       10                        16     -6       21
  MONTH TO DATE  192                       276    -84      235
  SINCE MAR 1    826                       953   -127      830
  SINCE JUL 1   5228                      5480   -252     4793

 COOLING
  YESTERDAY        0                         0      0        0
  MONTH TO DATE    0                         0      0        0
  SINCE MAR 1      0                         0      0        0
  SINCE JAN 1      0                         0      0        0
..................................................................


WIND (MPH)
  HIGHEST WIND SPEED    18   HIGHEST WIND DIRECTION     S (190)
  HIGHEST GUST SPEED    23   HIGHEST GUST DIRECTION     S (180)
  AVERAGE WIND SPEED     4.4


SKY COVER
  POSSIBLE SUNSHINE  MM
  AVERAGE SKY COVER 0.8


WEATHER CONDITIONS
 THE FOLLOWING WEATHER WAS RECORDED YESTERDAY.
  NO SIGNIFICANT WEATHER WAS OBSERVED.


RELATIVE HUMIDITY (PERCENT)
 HIGHEST    66          1000 PM
 LOWEST     36           100 PM
 AVERAGE    51

..........................................................


THE YAKIMA WA CLIMATE NORMALS FOR TODAY
                         NORMAL    RECORD    YEAR
 MAXIMUM TEMPERATURE (F)   64        84      1994
 MINIMUM TEMPERATURE (F)   34        21      1964


SUNRISE AND SUNSET
APRIL 17 2014.........SUNRISE   611 AM PDT   SUNSET   753 PM PDT
APRIL 18 2014.........SUNRISE   609 AM PDT   SUNSET   754 PM PDT


-  INDICATES NEGATIVE NUMBERS.
R  INDICATES RECORD WAS SET OR TIED.
MM INDICATES DATA IS MISSING.
T  INDICATES TRACE AMOUNT.




$$
