000
CDUS46 KPDT 280905
CLIYKM

CLIMATE REPORT
NATIONAL WEATHER SERVICE PENDLETON OR
200 AM PDT FRI JUL 28 2017


...................................

...THE YAKIMA WA CLIMATE SUMMARY FOR JULY 27 2017...

CLIMATE NORMAL PERIOD 1981 TO 2010
CLIMATE RECORD PERIOD 1946 TO 2017


WEATHER ITEM   OBSERVED TIME   RECORD YEAR NORMAL DEPARTURE LAST
                VALUE   (LST)  VALUE       VALUE  FROM      YEAR
                                                  NORMAL
..................................................................
TEMPERATURE (F)
 YESTERDAY
  MAXIMUM         96    411 PM 106    1998  90      6       98
  MINIMUM         59    458 AM  45    1986  55      4       66
                                      1955
  AVERAGE         78                        72      6       82

PRECIPITATION (IN)
  YESTERDAY        0.00          0.16 1947   0.01  -0.01     0.00
  MONTH TO DATE    0.00                      0.20  -0.20     0.22
  SINCE OCT 1     11.49                      7.61   3.88    10.54
  SINCE JAN 1      7.57                      4.49   3.08     5.89

SNOWFALL (IN)
  YESTERDAY        0.0           0.0  2002   0.0    0.0      0.0
                                      2001
                                      2000
  MONTH TO DATE    0.0                       0.0    0.0      0.0
  SINCE JAN 1     29.1                       8.6   20.5     12.5
  SINCE JUL 1      0.0                       0.0    0.0      0.0
  SNOW DEPTH       0

DEGREE DAYS
 HEATING
  YESTERDAY        0                         0      0        0
  MONTH TO DATE    0                        19    -19        0
  SINCE JUN 1     51                       117    -66       68
  SINCE JUL 1      0                        19    -19        0

 COOLING
  YESTERDAY       13                         7      6       17
  MONTH TO DATE  321                       162    159      202
  SINCE JUN 1    467                       227    240      387
  SINCE JAN 1    524                       247    277      426
..................................................................


WIND (MPH)
  HIGHEST WIND SPEED    17   HIGHEST WIND DIRECTION     N (340)
  HIGHEST GUST SPEED    22   HIGHEST GUST DIRECTION     N (350)
  AVERAGE WIND SPEED     5.5


SKY COVER
  POSSIBLE SUNSHINE  MM
  AVERAGE SKY COVER 0.0


WEATHER CONDITIONS
 THE FOLLOWING WEATHER WAS RECORDED YESTERDAY.
  NO SIGNIFICANT WEATHER WAS OBSERVED.


RELATIVE HUMIDITY (PERCENT)
 HIGHEST    75           500 AM
 LOWEST     17           300 PM
 AVERAGE    46

..........................................................


THE YAKIMA WA CLIMATE NORMALS FOR TODAY
                         NORMAL    RECORD    YEAR
 MAXIMUM TEMPERATURE (F)   90       105      1998
                                             1971
 MINIMUM TEMPERATURE (F)   55        42      1955
                                             1954


SUNRISE AND SUNSET
JULY 28 2017..........SUNRISE   539 AM PDT   SUNSET   838 PM PDT
JULY 29 2017..........SUNRISE   540 AM PDT   SUNSET   837 PM PDT


-  INDICATES NEGATIVE NUMBERS.
R  INDICATES RECORD WAS SET OR TIED.
MM INDICATES DATA IS MISSING.
T  INDICATES TRACE AMOUNT.




$$
