000
CDUS46 KPDT 290031 RRB
CLIYKM

CLIMATE REPORT
NATIONAL WEATHER SERVICE PENDLETON OR
530 PM PDT TUE MAR 28 2017


...................................

...THE YAKIMA WA CLIMATE SUMMARY FOR MARCH 28 2017...
VALID TODAY AS OF 0500 PM LOCAL TIME.

CLIMATE NORMAL PERIOD 1981 TO 2010
CLIMATE RECORD PERIOD 1946 TO 2017


WEATHER ITEM   OBSERVED TIME   RECORD YEAR NORMAL DEPARTURE LAST
                VALUE   (LST)  VALUE       VALUE  FROM      YEAR
                                                  NORMAL
..................................................................
TEMPERATURE (F)
 TODAY
  MAXIMUM         60    359 PM  77    1994  60      0       59
  MINIMUM         38   1249 AM  18    1954  32      6       27
  AVERAGE         49                        46      3       43

PRECIPITATION (IN)
  TODAY            0.00          0.24 1955   0.01  -0.01      T
  MONTH TO DATE    0.93                      0.57   0.36     1.82
  SINCE OCT 1      9.41                      5.61   3.80     9.19
  SINCE JAN 1      5.49                      2.49   3.00     4.54

SNOWFALL (IN)
  TODAY            0.0           0.5  2008   0.0    0.0      0.0
  MONTH TO DATE    T                         0.7   -0.7      0.0
  SINCE JAN 1     29.1                       8.6   20.5     12.5
  SINCE JUL 1     36.5                      21.6   14.9     31.4
  SNOW DEPTH       0

DEGREE DAYS
 HEATING
  TODAY           16                        19     -3       22
  MONTH TO DATE  549                       619    -70      529
  SINCE MAR 1    549                       619    -70      529
  SINCE JUL 1   4978                      5146   -168     4279

 COOLING
  TODAY            0                         0      0        0
  MONTH TO DATE    0                         0      0        0
  SINCE MAR 1      0                         0      0        0
  SINCE JAN 1      0                         0      0        0
..................................................................


WIND (MPH)
  HIGHEST WIND SPEED    16   HIGHEST WIND DIRECTION    SW (210)
  HIGHEST GUST SPEED    23   HIGHEST GUST DIRECTION    SW (210)
  AVERAGE WIND SPEED     5.1


SKY COVER
  POSSIBLE SUNSHINE  MM
  AVERAGE SKY COVER 0.7


WEATHER CONDITIONS
 THE FOLLOWING WEATHER WAS RECORDED TODAY.
  NO SIGNIFICANT WEATHER WAS OBSERVED.


RELATIVE HUMIDITY (PERCENT)
 HIGHEST    82           600 AM
 LOWEST     37           200 PM
 AVERAGE    60

..........................................................


THE YAKIMA WA CLIMATE NORMALS FOR TOMORROW
                         NORMAL    RECORD    YEAR
 MAXIMUM TEMPERATURE (F)   60        76      1966
 MINIMUM TEMPERATURE (F)   32        14      1954


SUNRISE AND SUNSET
MARCH 28 2017.........SUNRISE   649 AM PDT   SUNSET   726 PM PDT
MARCH 29 2017.........SUNRISE   647 AM PDT   SUNSET   728 PM PDT


-  INDICATES NEGATIVE NUMBERS.
R  INDICATES RECORD WAS SET OR TIED.
MM INDICATES DATA IS MISSING.
T  INDICATES TRACE AMOUNT.




$$
