000
CDUS46 KPDT 020913 RRA
CLIYKM

CLIMATE REPORT
NATIONAL WEATHER SERVICE PENDLETON OR
213 AM PDT THU JUL 2 2015


...................................

...THE YAKIMA WA CLIMATE SUMMARY FOR JULY 1 2015...

CLIMATE NORMAL PERIOD 1981 TO 2010
CLIMATE RECORD PERIOD 1946 TO 2015


WEATHER ITEM   OBSERVED TIME   RECORD YEAR NORMAL DEPARTURE LAST
                VALUE   (LST)  VALUE       VALUE  FROM      YEAR
                                                  NORMAL
..................................................................
TEMPERATURE (F)
 YESTERDAY
  MAXIMUM        101    424 PM 106    2013  84     17       94
  MINIMUM         67    511 AM  37    1955  51     16       50
  AVERAGE         84                        67     17       72

PRECIPITATION (IN)
  YESTERDAY        0.00          0.08 1978   0.01  -0.01     0.00
  MONTH TO DATE    0.00                      0.01  -0.01     0.00
  SINCE OCT 1      6.33                      7.42  -1.09     3.83
  SINCE JAN 1      4.23                      4.30  -0.07     3.00

SNOWFALL (IN)
  YESTERDAY        0.0           0.0  2002   0.0    0.0      0.0
                                      2001
                                      2000
  MONTH TO DATE    0.0                       0.0    0.0      0.0
  SINCE JAN 1      1.6                       8.6   -7.0     19.9
  SINCE JUL 1      0.0                       0.0    0.0      0.0
  SNOW DEPTH       0

DEGREE DAYS
 HEATING
  YESTERDAY        0                         1     -1        0
  MONTH TO DATE    0                         1     -1        0
  SINCE JUN 1      3                        99    -96       30
  SINCE JUL 1      0                         1     -1        0

 COOLING
  YESTERDAY       19                         4     15        7
  MONTH TO DATE   19                         4     15        7
  SINCE JUN 1    326                        69    257      109
  SINCE JAN 1    418                        89    329      132
..................................................................


WIND (MPH)
  HIGHEST WIND SPEED    18   HIGHEST WIND DIRECTION     N (340)
  HIGHEST GUST SPEED    27   HIGHEST GUST DIRECTION    NW (330)
  AVERAGE WIND SPEED     7.4


SKY COVER
  POSSIBLE SUNSHINE  MM
  AVERAGE SKY COVER 0.0


WEATHER CONDITIONS
 THE FOLLOWING WEATHER WAS RECORDED YESTERDAY.
  HAZE


RELATIVE HUMIDITY (PERCENT)
 HIGHEST    49           400 AM
 LOWEST     19          1100 AM
 AVERAGE    34

..........................................................


THE YAKIMA WA CLIMATE NORMALS FOR TODAY
                         NORMAL    RECORD    YEAR
 MAXIMUM TEMPERATURE (F)   84       106      2013
 MINIMUM TEMPERATURE (F)   51        35      1979
                                             1954


SUNRISE AND SUNSET
JULY  2 2015..........SUNRISE   513 AM PDT   SUNSET   859 PM PDT
JULY  3 2015..........SUNRISE   514 AM PDT   SUNSET   858 PM PDT


-  INDICATES NEGATIVE NUMBERS.
R  INDICATES RECORD WAS SET OR TIED.
MM INDICATES DATA IS MISSING.
T  INDICATES TRACE AMOUNT.

$$
