000
CDUS46 KPDT 290043
CLIYKM

CLIMATE REPORT
NATIONAL WEATHER SERVICE PENDLETON OR
427 PM PST FRI NOV 28 2014


...................................

...THE YAKIMA WA CLIMATE SUMMARY FOR NOVEMBER 28 2014...
VALID TODAY AS OF 0400 PM LOCAL TIME.

CLIMATE NORMAL PERIOD 1981 TO 2010
CLIMATE RECORD PERIOD 1946 TO 2014


WEATHER ITEM   OBSERVED TIME   RECORD YEAR NORMAL DEPARTURE LAST
                VALUE   (LST)  VALUE       VALUE  FROM      YEAR
                                                  NORMAL
..................................................................
TEMPERATURE (F)
 TODAY
  MAXIMUM         63    145 PM  66    1995  41     22       45
  MINIMUM         53    749 AM   8    1976  24     29       17
  AVERAGE         58                        33     25       31

PRECIPITATION (IN)
  TODAY            0.00          0.98 2001   0.04  -0.04     0.00
  MONTH TO DATE    0.32                      0.96  -0.64     0.38
  SINCE OCT 1      1.18                      1.50  -0.32     0.51
  SINCE JAN 1      5.60                      6.63  -1.03     5.17

SNOWFALL (IN)
  TODAY            0.0          12.3  2001   0.2   -0.2      0.0
  MONTH TO DATE    0.1                       3.0   -2.9      0.0
  SINCE JAN 1     20.0                      11.7    8.3      1.1
  SINCE JUL 1      0.1                       3.1   -3.0      0.0
  SNOW DEPTH       0

DEGREE DAYS
 HEATING
  TODAY            7                        32    -25       34
  MONTH TO DATE  732                       764    -32      727
  SINCE SEP 1   1095                      1420   -325     1343
  SINCE JUL 1   1101                      1468   -367     1343

 COOLING
  TODAY            0                         0      0        0
  MONTH TO DATE    0                         0      0        0
  SINCE SEP 1     44                        32     12      135
  SINCE JAN 1    871                       472    399      970
..................................................................


WIND (MPH)
  HIGHEST WIND SPEED    29   HIGHEST WIND DIRECTION    SW (210)
  HIGHEST GUST SPEED    39   HIGHEST GUST DIRECTION    SW (220)
  AVERAGE WIND SPEED    19.6


SKY COVER
  POSSIBLE SUNSHINE  MM
  AVERAGE SKY COVER 0.3


WEATHER CONDITIONS
THE FOLLOWING WEATHER WAS RECORDED TODAY.
  NO SIGNIFICANT WEATHER WAS OBSERVED.


RELATIVE HUMIDITY (PERCENT)
 HIGHEST    71           800 AM
 LOWEST     48           200 PM
 AVERAGE    60

..........................................................


THE YAKIMA WA CLIMATE NORMALS FOR TOMORROW
                         NORMAL    RECORD    YEAR
 MAXIMUM TEMPERATURE (F)   41        62      1995
 MINIMUM TEMPERATURE (F)   24        10      1985
                                             1976


SUNRISE AND SUNSET
NOVEMBER 28 2014......SUNRISE   722 AM PST   SUNSET   418 PM PST
NOVEMBER 29 2014......SUNRISE   723 AM PST   SUNSET   417 PM PST


-  INDICATES NEGATIVE NUMBERS.
R  INDICATES RECORD WAS SET OR TIED.
MM INDICATES DATA IS MISSING.
T  INDICATES TRACE AMOUNT.




$$
