000
CDUS46 KPDT 230927 RRA
CLIYKM

CLIMATE REPORT
NATIONAL WEATHER SERVICE PENDLETON OR
106 AM PST THU NOV 23 2017


...................................

...THE YAKIMA WA CLIMATE SUMMARY FOR NOVEMBER 22 2017...

CLIMATE NORMAL PERIOD 1981 TO 2010
CLIMATE RECORD PERIOD 1946 TO 2017


WEATHER ITEM   OBSERVED TIME   RECORD YEAR NORMAL DEPARTURE LAST
                VALUE   (LST)  VALUE       VALUE  FROM      YEAR
                                                  NORMAL
..................................................................
TEMPERATURE (F)
 YESTERDAY
  MAXIMUM         53    215 PM  66    1959  44      9       46
  MINIMUM         38    635 AM -11    1985  25     13       25
  AVERAGE         46                        35     11       36

PRECIPITATION (IN)
  YESTERDAY        0.01          0.38 1946   0.03  -0.02     0.04
  MONTH TO DATE    1.06                      0.72   0.34     0.59
  SINCE OCT 1      1.85                      1.26   0.59     3.02
  SINCE JAN 1      9.80                      6.39   3.41     9.08

SNOWFALL (IN)
  YESTERDAY       MM             4.0  1946   0.2   MM        0.0
  MONTH TO DATE    0.4                       1.8   -1.4      0.0
  SINCE JAN 1     29.5                      10.5   19.0     12.5
  SINCE JUL 1      0.4                       1.9   -1.5      0.0
  SNOW DEPTH       0

DEGREE DAYS
 HEATING
  YESTERDAY       19                        30    -11       29
  MONTH TO DATE  514                       575    -61      385
  SINCE SEP 1   1075                      1231   -156      840
  SINCE JUL 1   1075                      1279   -204      843

 COOLING
  YESTERDAY        0                         0      0        0
  MONTH TO DATE    0                         0      0        0
  SINCE SEP 1    116                        32     84       21
  SINCE JAN 1   1054                       472    582      774
..................................................................


WIND (MPH)
  HIGHEST WIND SPEED     8   HIGHEST WIND DIRECTION     W (280)
  HIGHEST GUST SPEED    11   HIGHEST GUST DIRECTION     N (340)
  AVERAGE WIND SPEED     2.7


SKY COVER
  POSSIBLE SUNSHINE  MM
  AVERAGE SKY COVER 0.6


WEATHER CONDITIONS
 THE FOLLOWING WEATHER WAS RECORDED YESTERDAY.
  LIGHT RAIN
  FOG


RELATIVE HUMIDITY (PERCENT)
 HIGHEST    93           300 AM
 LOWEST     77           200 PM
 AVERAGE    85

..........................................................


THE YAKIMA WA CLIMATE NORMALS FOR TODAY
                         NORMAL    RECORD    YEAR
 MAXIMUM TEMPERATURE (F)   44        69      1959
 MINIMUM TEMPERATURE (F)   25       -13      1985


SUNRISE AND SUNSET
NOVEMBER 23 2017......SUNRISE   716 AM PST   SUNSET   421 PM PST
NOVEMBER 24 2017......SUNRISE   717 AM PST   SUNSET   420 PM PST


-  INDICATES NEGATIVE NUMBERS.
R  INDICATES RECORD WAS SET OR TIED.
MM INDICATES DATA IS MISSING.
T  INDICATES TRACE AMOUNT.




$$
