303
CDUS46 KPDT 140828 RRA
CLIYKM

CLIMATE REPORT
NATIONAL WEATHER SERVICE PENDLETON OR
1226 AM PST SUN FEB 14 2016


...................................

...THE YAKIMA WA CLIMATE SUMMARY FOR FEBRUARY 13 2016...

CLIMATE NORMAL PERIOD 1981 TO 2010
CLIMATE RECORD PERIOD 1946 TO 2016


WEATHER ITEM   OBSERVED TIME   RECORD YEAR NORMAL DEPARTURE LAST
                VALUE   (LST)  VALUE       VALUE  FROM      YEAR
                                                  NORMAL
..................................................................
TEMPERATURE (F)
 YESTERDAY
  MAXIMUM         52    237 PM  63    1971  46      6       59
  MINIMUM         35   1053 PM  -2    1949  26      9       31
  AVERAGE         44                        36      8       45

PRECIPITATION (IN)
  YESTERDAY        T             0.21 1962   0.03  -0.03     0.00
  MONTH TO DATE    0.21                      0.38  -0.17     0.45
  SINCE OCT 1      7.17                      4.64   2.53     3.25
  SINCE JAN 1      2.52                      1.52   1.00     1.15

SNOWFALL (IN)
  YESTERDAY        0.0           3.1  1980   0.1   -0.1      0.0
  MONTH TO DATE    0.8                       1.4   -0.6      0.0
  SINCE JAN 1     12.5                       6.7    5.8      1.6
  SINCE JUL 1     31.4                      19.7   11.7      1.6
  SNOW DEPTH       0

DEGREE DAYS
 HEATING
  YESTERDAY       21                        29     -8       20
  MONTH TO DATE  329                       394    -65      269
  SINCE DEC 1   2327                      2579   -252     2093
  SINCE JUL 1   3441                      4112   -671     3277

 COOLING
  YESTERDAY        0                         0      0        0
  MONTH TO DATE    0                         0      0        0
  SINCE DEC 1      0                         0      0        0
  SINCE JAN 1      0                         0      0        0
..................................................................


WIND (MPH)
  HIGHEST WIND SPEED    26   HIGHEST WIND DIRECTION     S (190)
  HIGHEST GUST SPEED    36   HIGHEST GUST DIRECTION     S (190)
  AVERAGE WIND SPEED     4.7


SKY COVER
  POSSIBLE SUNSHINE  MM
  AVERAGE SKY COVER 0.8


WEATHER CONDITIONS
 THE FOLLOWING WEATHER WAS RECORDED YESTERDAY.
  LIGHT RAIN
  FOG
  FOG W/VISIBILITY <= 1/4 MILE


RELATIVE HUMIDITY (PERCENT)
 HIGHEST    92          1200 AM
 LOWEST     60           700 PM
 AVERAGE    76

..........................................................


THE YAKIMA WA CLIMATE NORMALS FOR TODAY
                         NORMAL    RECORD    YEAR
 MAXIMUM TEMPERATURE (F)   46        67      2015
 MINIMUM TEMPERATURE (F)   26         5      1949


SUNRISE AND SUNSET
FEBRUARY 14 2016......SUNRISE   708 AM PST   SUNSET   525 PM PST
FEBRUARY 15 2016......SUNRISE   706 AM PST   SUNSET   527 PM PST


-  INDICATES NEGATIVE NUMBERS.
R  INDICATES RECORD WAS SET OR TIED.
MM INDICATES DATA IS MISSING.
T  INDICATES TRACE AMOUNT.




$$
