000
CDUS41 KCLE 250525
CLIYNG


CLIMATE REPORT
NATIONAL WEATHER SERVICE CLEVELAND OH
1225 AM EST SAT NOV 25 2017


...................................

...THE YOUNGSTOWN OH CLIMATE SUMMARY FOR NOVEMBER 24 2017...

CLIMATE NORMAL PERIOD 1981 TO 2010
CLIMATE RECORD PERIOD 1897 TO 2017


WEATHER ITEM   OBSERVED TIME   RECORD YEAR NORMAL DEPARTURE LAST
                VALUE   (LST)  VALUE       VALUE  FROM      YEAR
                                                  NORMAL
..................................................................
TEMPERATURE (F)
 YESTERDAY
  MAXIMUM         53    245 PM  69    1931  45      8       48
  MINIMUM         29    527 AM   8    1950  32     -3       38
  AVERAGE         41                        38      3       43

PRECIPITATION (IN)
  YESTERDAY        0.00                      0.11  -0.11     0.16
  MONTH TO DATE    5.28                      2.54   2.74     1.33
  SINCE SEP 1      8.99                      9.06  -0.07    11.64
  SINCE JAN 1     41.71                     35.28   6.43    40.14

SNOWFALL (IN)
  YESTERDAY        0.0                       0.2   -0.2      0.0
  MONTH TO DATE    1.0                       2.3   -1.3      4.4
  SINCE SEP 1      1.0                       3.1   -2.1      4.4
  SINCE JUL 1      1.0                       3.1   -2.1      4.4
  SNOW DEPTH       0

DEGREE DAYS
 HEATING
  YESTERDAY       24                        27     -3       22
  MONTH TO DATE  592                       539     53      470
  SINCE SEP 1    957                      1122   -165      835
  SINCE JUL 1    973                      1160   -187      841

 COOLING
  YESTERDAY        0                         0      0        0
  MONTH TO DATE    0                         0      0        3
  SINCE SEP 1    125                        58     67      136
  SINCE JAN 1    658                       544    114      879
..................................................................


WIND (MPH)
  HIGHEST WIND SPEED    17   HIGHEST WIND DIRECTION     S (180)
  HIGHEST GUST SPEED    25   HIGHEST GUST DIRECTION     S (180)
  AVERAGE WIND SPEED     9.0


SKY COVER
  POSSIBLE SUNSHINE  MM
  AVERAGE SKY COVER 0.1


WEATHER CONDITIONS
 THE FOLLOWING WEATHER WAS RECORDED YESTERDAY.
  NO SIGNIFICANT WEATHER WAS OBSERVED.


RELATIVE HUMIDITY (PERCENT)
 HIGHEST    72           800 AM
 LOWEST     30           400 PM
 AVERAGE    51

..........................................................


THE YOUNGSTOWN OH CLIMATE NORMALS FOR TODAY
                         NORMAL    RECORD    YEAR
 MAXIMUM TEMPERATURE (F)   45        72      1931
 MINIMUM TEMPERATURE (F)   31         6      1950


SUNRISE AND SUNSET
NOVEMBER 25 2017......SUNRISE   723 AM EST   SUNSET   457 PM EST
NOVEMBER 26 2017......SUNRISE   724 AM EST   SUNSET   456 PM EST


-  INDICATES NEGATIVE NUMBERS.
R  INDICATES RECORD WAS SET OR TIED.
MM INDICATES DATA IS MISSING.
T  INDICATES TRACE AMOUNT.




$$
