000
CDUS41 KCLE 142215
CLIYNG


CLIMATE REPORT
NATIONAL WEATHER SERVICE CLEVELAND OH
514 PM EST SUN FEB 14 2016


...................................

...THE YOUNGSTOWN OH CLIMATE SUMMARY FOR FEBRUARY 14 2016...
VALID TODAY AS OF 0500 PM LOCAL TIME.

CLIMATE NORMAL PERIOD 1981 TO 2010
CLIMATE RECORD PERIOD 1897 TO 2016


WEATHER ITEM   OBSERVED TIME   RECORD YEAR NORMAL DEPARTURE LAST
                VALUE   (LST)  VALUE       VALUE  FROM      YEAR
                                                  NORMAL
..................................................................
TEMPERATURE (F)
 TODAY
  MAXIMUM         16    355 PM  68    1938  36    -20       26
  MINIMUM         -2    342 AM  -6    1979  20    -22        0
  AVERAGE          7                        28    -21       13

PRECIPITATION (IN)
  TODAY            T                         0.08  -0.08     0.17
  MONTH TO DATE    1.50                      1.05   0.45     1.52
  SINCE DEC 1      7.10                      6.59   0.51     7.00
  SINCE JAN 1      2.91                      3.60  -0.69     4.68

SNOWFALL (IN)
  TODAY            T                         0.5   -0.5      4.6
  MONTH TO DATE    9.5                       6.3    3.2     18.2
  SINCE DEC 1     22.1                      37.9  -15.8     48.2
  SINCE JUL 1     22.5                      42.3  -19.8     59.8
  SNOW DEPTH       4

DEGREE DAYS
 HEATING
  TODAY           58                        37     21       52
  MONTH TO DATE  526                       531     -5      620
  SINCE DEC 1   2415                      2825   -410     2896
  SINCE JUL 1   3417                      4154   -737     4306

 COOLING
  TODAY            0                         0      0        0
  MONTH TO DATE    0                         0      0        0
  SINCE DEC 1      0                         0      0        0
  SINCE JAN 1      0                         0      0        0
..................................................................


WIND (MPH)
  HIGHEST WIND SPEED    13   HIGHEST WIND DIRECTION    SE (120)
  HIGHEST GUST SPEED    16   HIGHEST GUST DIRECTION     S (200)


SKY COVER
  POSSIBLE SUNSHINE  MM
  AVERAGE SKY COVER 0.8


WEATHER CONDITIONS
 THE FOLLOWING WEATHER WAS RECORDED TODAY.
  LIGHT SNOW
  FOG


RELATIVE HUMIDITY (PERCENT)
 HIGHEST    91          1200 AM
 LOWEST     51           400 PM
 AVERAGE    71

..........................................................


THE YOUNGSTOWN OH CLIMATE NORMALS FOR TOMORROW
                         NORMAL    RECORD    YEAR
 MAXIMUM TEMPERATURE (F)   36        65      1954
 MINIMUM TEMPERATURE (F)   21        -8      2015


SUNRISE AND SUNSET
FEBRUARY 14 2016......SUNRISE   719 AM EST   SUNSET   555 PM EST
FEBRUARY 15 2016......SUNRISE   718 AM EST   SUNSET   556 PM EST


-  INDICATES NEGATIVE NUMBERS.
R  INDICATES RECORD WAS SET OR TIED.
MM INDICATES DATA IS MISSING.
T  INDICATES TRACE AMOUNT.




$$
