000
CDUS41 KCLE 310528
CLIYNG


CLIMATE REPORT
NATIONAL WEATHER SERVICE CLEVELAND OH
1227 AM EST SAT JAN 31 2015


...................................

...THE YOUNGSTOWN OH CLIMATE SUMMARY FOR JANUARY 30 2015...

CLIMATE NORMAL PERIOD 1981 TO 2010
CLIMATE RECORD PERIOD 1897 TO 2015


WEATHER ITEM   OBSERVED TIME   RECORD YEAR NORMAL DEPARTURE LAST
                VALUE   (LST)  VALUE       VALUE  FROM      YEAR
                                                  NORMAL
..................................................................
TEMPERATURE (F)
 YESTERDAY
  MAXIMUM         30    155 AM  64    2013  33     -3       31
  MINIMUM          6   1135 PM  -8    1965  19    -13        6
  AVERAGE         18                        26     -8       19

PRECIPITATION (IN)
  YESTERDAY        0.14                      0.07   0.07     0.00
  MONTH TO DATE    3.16                      2.47   0.69     2.41
  SINCE DEC 1      5.48                      5.46   0.02     5.93
  SINCE JAN 1      3.16                      2.47   0.69     2.41

SNOWFALL (IN)
  YESTERDAY        2.5                       0.5    2.0      0.0
  MONTH TO DATE   29.3                      16.1   13.2     22.8
  SINCE DEC 1     30.0                      31.1   -1.1     43.3
  SINCE JUL 1     41.6                      35.5    6.1     57.4
  SNOW DEPTH       8

DEGREE DAYS
 HEATING
  YESTERDAY       47                        39      8       46
  MONTH TO DATE 1293                      1176    117     1362
  SINCE DEC 1   2226                      2253    -27     2424
  SINCE JUL 1   3636                      3582     54     3806

 COOLING
  YESTERDAY        0                         0      0        0
  MONTH TO DATE    0                         0      0        0
  SINCE DEC 1      0                         0      0        0
  SINCE JAN 1      0                         0      0        0
..................................................................


WIND (MPH)
  HIGHEST WIND SPEED    24   HIGHEST WIND DIRECTION    NW (320)
  HIGHEST GUST SPEED    32   HIGHEST GUST DIRECTION    NW (310)
  AVERAGE WIND SPEED    13.3


SKY COVER
  POSSIBLE SUNSHINE  MM
  AVERAGE SKY COVER 0.9


WEATHER CONDITIONS
 THE FOLLOWING WEATHER WAS RECORDED YESTERDAY.
  MIXED PRECIP
  LT FREEZING RAIN
  SNOW
  LIGHT SNOW
  FOG
  BLOWING SNOW


RELATIVE HUMIDITY (PERCENT)
 HIGHEST    92           400 AM
 LOWEST     67           400 PM
 AVERAGE    80

..........................................................


THE YOUNGSTOWN OH CLIMATE NORMALS FOR TODAY
                         NORMAL    RECORD    YEAR
 MAXIMUM TEMPERATURE (F)   33        61      2002
 MINIMUM TEMPERATURE (F)   19        -9      1948


SUNRISE AND SUNSET
JANUARY 31 2015.......SUNRISE   735 AM EST   SUNSET   538 PM EST
FEBRUARY  1 2015......SUNRISE   734 AM EST   SUNSET   539 PM EST


-  INDICATES NEGATIVE NUMBERS.
R  INDICATES RECORD WAS SET OR TIED.
MM INDICATES DATA IS MISSING.
T  INDICATES TRACE AMOUNT.




$$
