000
CDUS41 KPBZ 312140
CLIZZV


CLIMATE REPORT
NATIONAL WEATHER SERVICE PITTSBURGH PA
540 PM EDT FRI OCT 31 2014


...................................

...THE ZANESVILLE OH CLIMATE SUMMARY FOR OCTOBER 31 2014...
VALID TODAY AS OF 0500 PM LOCAL TIME.

CLIMATE NORMAL PERIOD 1981 TO 2010
CLIMATE RECORD PERIOD 1946 TO 2014


WEATHER ITEM   OBSERVED TIME   RECORD YEAR NORMAL DEPARTURE LAST
                VALUE   (LST)  VALUE       VALUE  FROM      YEAR
                                                  NORMAL
..................................................................
TEMPERATURE (F)
 TODAY
  MAXIMUM         47   1218 PM  82    1950  60    -13       68
  MINIMUM         41    838 AM  22    1988  38      3       58
  AVERAGE         44                        49     -5       63

PRECIPITATION (IN)
  TODAY            0.05         MM      MM   0.09  -0.04     0.22
  MONTH TO DATE    2.52                      2.61  -0.09     2.41
  SINCE JUN 1     17.47                     16.68   0.79    21.11
  SINCE JAN 1     31.80                     32.14  -0.34    31.70

DEGREE DAYS
 HEATING
  TODAY           21                        17      4        2
  MONTH TO DATE  368                       379    -11      321
  SINCE SEP 1    468                       476     -8      411
  SINCE JUL 1    489                       487      2      420

 COOLING
  TODAY            0                         0      0        0
  MONTH TO DATE    4                         9     -5       33
  SINCE SEP 1     86                        91     -5      123
  SINCE JAN 1    727                       768    -41      856
..................................................................


WIND (MPH)
  HIGHEST WIND SPEED     9   HIGHEST WIND DIRECTION     S (180)
  HIGHEST GUST SPEED    11   HIGHEST GUST DIRECTION     S (170)
  AVERAGE WIND SPEED     3.0


SKY COVER
  POSSIBLE SUNSHINE  MM
  AVERAGE SKY COVER 1.0


WEATHER CONDITIONS
 THE FOLLOWING WEATHER WAS RECORDED TODAY.
  LIGHT RAIN
  FOG


RELATIVE HUMIDITY (PERCENT)
 HIGHEST    86           800 AM
 LOWEST     71           100 PM
 AVERAGE    79

..........................................................


THE ZANESVILLE OH CLIMATE NORMALS FOR TOMORROW
                         NORMAL    RECORD    YEAR
 MAXIMUM TEMPERATURE (F)   59        82      1950
 MINIMUM TEMPERATURE (F)   37        24      1949


SUNRISE AND SUNSET
OCTOBER 31 2014.......SUNRISE   755 AM EDT   SUNSET   626 PM EDT
NOVEMBER  1 2014......SUNRISE   757 AM EDT   SUNSET   625 PM EDT


-  INDICATES NEGATIVE NUMBERS.
R  INDICATES RECORD WAS SET OR TIED.
MM INDICATES DATA IS MISSING.
T  INDICATES TRACE AMOUNT.




$$
