000
CDUS41 KPBZ 212213
CLIZZV


CLIMATE REPORT
NATIONAL WEATHER SERVICE PITTSBURGH PA
512 PM EST TUE FEB 21 2017


...................................

...THE ZANESVILLE OH CLIMATE SUMMARY FOR FEBRUARY 21 2017...
VALID TODAY AS OF 0500 PM LOCAL TIME.

CLIMATE NORMAL PERIOD 1981 TO 2010
CLIMATE RECORD PERIOD 1946 TO 2017


WEATHER ITEM   OBSERVED TIME   RECORD YEAR NORMAL DEPARTURE LAST
                VALUE   (LST)  VALUE       VALUE  FROM      YEAR
                                                  NORMAL
..................................................................
TEMPERATURE (F)
 TODAY
  MAXIMUM         68    100 PM  72    1997  43     25       61
  MINIMUM         40    545 AM  -1    1968  24     16       38
  AVERAGE         54                        33     21       50

PRECIPITATION (IN)
  TODAY            0.00         MM      MM   0.08  -0.08     0.00
  MONTH TO DATE    1.23                      1.61  -0.38     1.81
  SINCE JUN 1     22.76                     26.67  -3.91    25.06
  SINCE JAN 1      4.14                      4.27  -0.13     2.73

DEGREE DAYS
 HEATING
  TODAY           11                        32    -21       15
  MONTH TO DATE  538                       709   -171      653
  SINCE DEC 1   2388                      2835   -447     2333
  SINCE JUL 1   3245                      3976   -731     3175

 COOLING
  TODAY            0                         0      0        0
  MONTH TO DATE    0                         0      0        0
  SINCE DEC 1      0                         0      0        0
  SINCE JAN 1      0                         0      0        0
..................................................................


WIND (MPH)
  HIGHEST WIND SPEED    14   HIGHEST WIND DIRECTION     S (200)
  HIGHEST GUST SPEED    18   HIGHEST GUST DIRECTION     S (200)
  AVERAGE WIND SPEED     3.6


SKY COVER
  POSSIBLE SUNSHINE  MM
  AVERAGE SKY COVER 0.1


WEATHER CONDITIONS
 THE FOLLOWING WEATHER WAS RECORDED TODAY.
  NO SIGNIFICANT WEATHER WAS OBSERVED.


RELATIVE HUMIDITY (PERCENT)
 HIGHEST    82           300 AM
 LOWEST     37          1100 AM
 AVERAGE    60

..........................................................


THE ZANESVILLE OH CLIMATE NORMALS FOR TOMORROW
                         NORMAL    RECORD    YEAR
 MAXIMUM TEMPERATURE (F)   43        67      1992
 MINIMUM TEMPERATURE (F)   24       -10      1963


SUNRISE AND SUNSET
FEBRUARY 21 2017......SUNRISE   712 AM EST   SUNSET   611 PM EST
FEBRUARY 22 2017......SUNRISE   711 AM EST   SUNSET   612 PM EST


-  INDICATES NEGATIVE NUMBERS.
R  INDICATES RECORD WAS SET OR TIED.
MM INDICATES DATA IS MISSING.
T  INDICATES TRACE AMOUNT.




$$
