000
CDUS41 KPBZ 302111
CLIZZV


CLIMATE REPORT
NATIONAL WEATHER SERVICE PITTSBURGH PA
511 PM EDT TUE SEP 30 2014


...................................

...THE ZANESVILLE OH CLIMATE SUMMARY FOR SEPTEMBER 30 2014...
VALID TODAY AS OF 0500 PM LOCAL TIME.

CLIMATE NORMAL PERIOD 1981 TO 2010
CLIMATE RECORD PERIOD 1946 TO 2014


WEATHER ITEM   OBSERVED TIME   RECORD YEAR NORMAL DEPARTURE LAST
                VALUE   (LST)  VALUE       VALUE  FROM      YEAR
                                                  NORMAL
..................................................................
TEMPERATURE (F)
 TODAY
  MAXIMUM         68    156 PM  94    1953  70     -2       72
  MINIMUM         47    627 AM  39    1949  47      0       56
  AVERAGE         58                        59     -1       64

PRECIPITATION (IN)
  TODAY            0.36         MM      MM   0.10   0.26      T
  MONTH TO DATE    1.10                      3.01  -1.91     1.28
  SINCE JUN 1     14.95                     14.07   0.88    18.70
  SINCE JAN 1     29.28                     29.53  -0.25    29.29

DEGREE DAYS
 HEATING
  TODAY            7                         7      0        1
  MONTH TO DATE  100                        98      2       90
  SINCE SEP 1    100                        98      2       90
  SINCE JUL 1    121                       109     12       99

 COOLING
  TODAY            0                         1     -1        0
  MONTH TO DATE   82                        82      0       90
  SINCE SEP 1     82                        82      0       90
  SINCE JAN 1    723                       759    -36      823
..................................................................


WIND (MPH)
  HIGHEST WIND SPEED    10   HIGHEST WIND DIRECTION    NW (320)
  HIGHEST GUST SPEED    13   HIGHEST GUST DIRECTION    NW (310)
  AVERAGE WIND SPEED     1.4


SKY COVER
  POSSIBLE SUNSHINE  MM
  AVERAGE SKY COVER 0.5


WEATHER CONDITIONS
 THE FOLLOWING WEATHER WAS RECORDED TODAY.
  THUNDERSTORM
  HEAVY RAIN
  RAIN
  LIGHT RAIN
  FOG
  HAZE


RELATIVE HUMIDITY (PERCENT)
 HIGHEST    93           100 AM
 LOWEST     67          1000 AM
 AVERAGE    80

..........................................................


THE ZANESVILLE OH CLIMATE NORMALS FOR TOMORROW
                         NORMAL    RECORD    YEAR
 MAXIMUM TEMPERATURE (F)   70        88      1952
 MINIMUM TEMPERATURE (F)   47        25      1947


SUNRISE AND SUNSET
SEPTEMBER 30 2014.....SUNRISE   723 AM EDT   SUNSET   712 PM EDT
OCTOBER  1 2014.......SUNRISE   724 AM EDT   SUNSET   710 PM EDT


-  INDICATES NEGATIVE NUMBERS.
R  INDICATES RECORD WAS SET OR TIED.
MM INDICATES DATA IS MISSING.
T  INDICATES TRACE AMOUNT.




$$
