000
CDUS41 KPBZ 241223
CLIZZV


CLIMATE REPORT
NATIONAL WEATHER SERVICE PITTSBURGH PA
823 AM EDT SUN SEP 24 2017


...................................

...THE ZANESVILLE OH CLIMATE SUMMARY FOR SEPTEMBER 24 2017...
VALID AS OF 0800 AM LOCAL TIME.

CLIMATE NORMAL PERIOD 1981 TO 2010
CLIMATE RECORD PERIOD 1895 TO 2017


WEATHER ITEM   OBSERVED TIME   RECORD YEAR NORMAL DEPARTURE LAST
                VALUE   (LST)  VALUE       VALUE  FROM      YEAR
                                                  NORMAL
..................................................................
TEMPERATURE (F)
 TODAY
  MAXIMUM         63    117 AM  95    1908
  MINIMUM         57    628 AM  32    1950  50      7       59

PRECIPITATION (IN)
  TODAY            0.00          1.09 1910   0.10  -0.10     0.00
  MONTH TO DATE    1.55                      2.40  -0.85     1.16
  SINCE JUN 1     13.44                     13.46  -0.02     9.25
  SINCE JAN 1     31.56                     28.92   2.64    24.23

DEGREE DAYS
 HEATING
  TODAY            5

 COOLING
  TODAY            0
..................................................................







THE ZANESVILLE OH CLIMATE NORMALS FOR TOMORROW
                         NORMAL    RECORD    YEAR
 MAXIMUM TEMPERATURE (F)   72        94      1908
 MINIMUM TEMPERATURE (F)   49        31      1950


SUNRISE AND SUNSET
SEPTEMBER 24 2017.....SUNRISE   717 AM EDT   SUNSET   721 PM EDT
SEPTEMBER 25 2017.....SUNRISE   718 AM EDT   SUNSET   719 PM EDT


-  INDICATES NEGATIVE NUMBERS.
R  INDICATES RECORD WAS SET OR TIED.
MM INDICATES DATA IS MISSING.
T  INDICATES TRACE AMOUNT.




$$
