770
CDUS41 KPBZ 232242
CLIZZV


CLIMATE REPORT
NATIONAL WEATHER SERVICE PITTSBURGH PA
541 PM EST TUE JAN 23 2018


...................................

...THE ZANESVILLE OH CLIMATE SUMMARY FOR JANUARY 23 2018...
VALID TODAY AS OF 0500 PM LOCAL TIME.

CLIMATE NORMAL PERIOD 1981 TO 2010
CLIMATE RECORD PERIOD 1895 TO 2018


WEATHER ITEM   OBSERVED TIME   RECORD YEAR NORMAL DEPARTURE LAST
                VALUE   (LST)  VALUE       VALUE  FROM      YEAR
                                                  NORMAL
..................................................................
TEMPERATURE (F)
 TODAY
  MAXIMUM         57   1223 AM  67    1967  37     20       56
                                      1933
  MINIMUM         40    222 PM -18    1936  20     20       40
  AVERAGE         49                        29     20       48

PRECIPITATION (IN)
  TODAY            0.13          0.79 1996   0.08   0.05     0.14
  MONTH TO DATE    1.70                      2.02  -0.32     2.47
  SINCE JUN 1     24.56                     24.42   0.14    21.09
  SINCE JAN 1      1.70                      2.02  -0.32     2.47

DEGREE DAYS
 HEATING
  TODAY           16                        36    -20       17
  MONTH TO DATE  940                       828    112      636
  SINCE DEC 1   2001                      1832    169     1612
  SINCE JUL 1   2985                      2973     12     2469

 COOLING
  TODAY            0                         0      0        0
  MONTH TO DATE    0                         0      0        0
  SINCE DEC 1      0                         0      0        0
  SINCE JAN 1      0                         0      0        0
..................................................................


WIND (MPH)
  HIGHEST WIND SPEED    24   HIGHEST WIND DIRECTION     W (250)
  HIGHEST GUST SPEED    36   HIGHEST GUST DIRECTION     W (260)
  AVERAGE WIND SPEED    14.0


SKY COVER
  POSSIBLE SUNSHINE  MM
  AVERAGE SKY COVER 1.0


WEATHER CONDITIONS
 THE FOLLOWING WEATHER WAS RECORDED TODAY.
  THUNDERSTORM
  HEAVY RAIN
  RAIN
  LIGHT RAIN
  FOG


RELATIVE HUMIDITY (PERCENT)
 HIGHEST    77           300 AM
 LOWEST     50           500 AM
 AVERAGE    64

..........................................................


THE ZANESVILLE OH CLIMATE NORMALS FOR TOMORROW
                         NORMAL    RECORD    YEAR
 MAXIMUM TEMPERATURE (F)   37        68      1909
 MINIMUM TEMPERATURE (F)   20       -17      1963


SUNRISE AND SUNSET
JANUARY 23 2018.......SUNRISE   743 AM EST   SUNSET   536 PM EST
JANUARY 24 2018.......SUNRISE   742 AM EST   SUNSET   537 PM EST


-  INDICATES NEGATIVE NUMBERS.
R  INDICATES RECORD WAS SET OR TIED.
MM INDICATES DATA IS MISSING.
T  INDICATES TRACE AMOUNT.




$$
