000
CDUS41 KPBZ 221350
CLIZZV


CLIMATE REPORT
NATIONAL WEATHER SERVICE PITTSBURGH PA
850 AM EST MON DEC 22 2014


...................................

...THE ZANESVILLE OH CLIMATE SUMMARY FOR DECEMBER 22 2014...
VALID AS OF 0800 AM LOCAL TIME.

CLIMATE NORMAL PERIOD 1981 TO 2010
CLIMATE RECORD PERIOD 1946 TO 2014


WEATHER ITEM   OBSERVED TIME   RECORD YEAR NORMAL DEPARTURE LAST
                VALUE   (LST)  VALUE       VALUE  FROM      YEAR
                                                  NORMAL
..................................................................
TEMPERATURE (F)
 TODAY
  MINIMUM         20    505 AM -17    1989  23     -3       48

PRECIPITATION (IN)
  TODAY            0.00         MM      MM   0.08  -0.08     0.50
  MONTH TO DATE    2.09                      1.82   0.27     3.77
  SINCE JUN 1     21.23                     21.64  -0.41    27.94
  SINCE JAN 1     35.56                     37.10  -1.54    38.53

DEGREE DAYS
 HEATING
  TODAY           42

 COOLING
  TODAY            0
..................................................................







THE ZANESVILLE OH CLIMATE NORMALS FOR TOMORROW
                         NORMAL    RECORD    YEAR
 MAXIMUM TEMPERATURE (F)   39        61      1957
 MINIMUM TEMPERATURE (F)   23       -11      1989


SUNRISE AND SUNSET
DECEMBER 22 2014......SUNRISE   746 AM EST   SUNSET   506 PM EST
DECEMBER 23 2014......SUNRISE   747 AM EST   SUNSET   507 PM EST


-  INDICATES NEGATIVE NUMBERS.
R  INDICATES RECORD WAS SET OR TIED.
MM INDICATES DATA IS MISSING.
T  INDICATES TRACE AMOUNT.




$$
