000
CDUS41 KPBZ 242128
CLIZZV


CLIMATE REPORT
NATIONAL WEATHER SERVICE PITTSBURGH PA
527 PM EDT SAT JUN 24 2017


...................................

...THE ZANESVILLE OH CLIMATE SUMMARY FOR JUNE 24 2017...
VALID TODAY AS OF 0500 PM LOCAL TIME.

CLIMATE NORMAL PERIOD 1981 TO 2010
CLIMATE RECORD PERIOD 1895 TO 2017


WEATHER ITEM   OBSERVED TIME   RECORD YEAR NORMAL DEPARTURE LAST
                VALUE   (LST)  VALUE       VALUE  FROM      YEAR
                                                  NORMAL
..................................................................
TEMPERATURE (F)
 TODAY
  MAXIMUM         80    309 PM  98    1930  83     -3       87
  MINIMUM         63    552 AM  42    1915  60      3       68
  AVERAGE         72                        71      1       78

PRECIPITATION (IN)
  TODAY            0.07          1.65 1957   0.14  -0.07     0.00
  MONTH TO DATE    4.30                      3.22   1.08     2.07
  SINCE JUN 1      4.30                      3.22   1.08     2.07
  SINCE JAN 1     22.42                     18.68   3.74    17.05

DEGREE DAYS
 HEATING
  TODAY            0                         0      0        0
  MONTH TO DATE   15                        30    -15        4
  SINCE JUN 1     15                        30    -15        4
  SINCE JUL 1   4442                      5569  -1127     4320

 COOLING
  TODAY            7                         7      0       13
  MONTH TO DATE  164                       115     49      226
  SINCE JUN 1    164                       115     49      226
  SINCE JAN 1    251                       169     82      320
..................................................................


WIND (MPH)
  HIGHEST WIND SPEED    17   HIGHEST WIND DIRECTION     W (260)
  HIGHEST GUST SPEED    22   HIGHEST GUST DIRECTION     W (280)
  AVERAGE WIND SPEED     8.5


SKY COVER
  POSSIBLE SUNSHINE  MM
  AVERAGE SKY COVER 0.4


WEATHER CONDITIONS
 THE FOLLOWING WEATHER WAS RECORDED TODAY.
  RAIN
  LIGHT RAIN
  FOG


RELATIVE HUMIDITY (PERCENT)
 HIGHEST    93          1200 AM
 LOWEST     48           200 PM
 AVERAGE    71

..........................................................


THE ZANESVILLE OH CLIMATE NORMALS FOR TOMORROW
                         NORMAL    RECORD    YEAR
 MAXIMUM TEMPERATURE (F)   83       101      1988
 MINIMUM TEMPERATURE (F)   60        42      1979


SUNRISE AND SUNSET
JUNE 24 2017..........SUNRISE   600 AM EDT   SUNSET   900 PM EDT
JUNE 25 2017..........SUNRISE   600 AM EDT   SUNSET   900 PM EDT


-  INDICATES NEGATIVE NUMBERS.
R  INDICATES RECORD WAS SET OR TIED.
MM INDICATES DATA IS MISSING.
T  INDICATES TRACE AMOUNT.




$$
