000
CXUS54 KSJT 051605
CLMABI


CLIMATE REPORT
NATIONAL WEATHER SERVICE SAN ANGELO TX
1005 AM CST FRI JAN 5 2018

...................................

...THE ABILENE CLIMATE SUMMARY FOR THE MONTH OF DECEMBER 2017...

CLIMATE NORMAL PERIOD 1981 TO 2010
CLIMATE RECORD PERIOD 1886 TO 2018

WEATHER         OBSERVED          NORMAL  DEPART  LAST YEAR`S
                 VALUE   DATE(S)  VALUE   FROM    VALUE  DATE(S)
                                          NORMAL
................................................................
TEMPERATURE (F)
RECORD
 HIGH              89   12/24/1955
                        12/04/1954
 LOW               -7   12/23/1989
HIGHEST            78   12/04        MM      MM       78  12/28
LOWEST             16   12/31        MM      MM       10  12/18
AVG. MAXIMUM     55.8              56.9    -1.1     57.4
AVG. MINIMUM     33.4              33.7    -0.3     35.7
MEAN             44.6              45.3    -0.7     46.5
DAYS MAX >= 90      0               0.0     0.0        0
DAYS MAX <= 32      2               1.0     1.0        1
DAYS MIN <= 32     16              13.6     2.4       10
DAYS MIN <= 0       0               0.0     0.0        0

PRECIPITATION (INCHES)
RECORD
 MAXIMUM         6.69   1926
 MINIMUM         0.00   1908
TOTALS           1.05              1.23   -0.18     1.39
DAILY AVG.       0.03              0.04   -0.01     0.04
DAYS >= .01         3               5.1    -2.1        6
DAYS >= .10         2               2.5    -0.5        3
DAYS >= .50         1               0.8     0.2        1
DAYS >= 1.00        0               0.2    -0.2        0
GREATEST
 24 HR. TOTAL    0.90   12/19 TO 12/19

SNOWFALL (INCHES)
RECORDS
 TOTAL             MM   5
TOTALS              T               1.1    -1.1        T
SINCE 7/1           T               1.8    -1.8        T
SNOWDEPTH AVG.      0                MM      MM        0
DAYS >= 1.0         0               0.4    -0.4        0
GREATEST
 SNOW DEPTH         0   MM                             0  MM
 24 HR TOTAL        T   12/31 TO 12/31

DEGREE_DAYS
HEATING TOTAL     629               612      17      566
 SINCE 7/1       1024              1045     -21      757
COOLING TOTAL       1                 1       0        0
 SINCE 1/1       2425              2409      16     2601
.................................................................

WIND (MPH)
AVERAGE WIND SPEED              9.2
HIGHEST WIND SPEED/DIRECTION    31/350    DATE  12/24
HIGHEST GUST SPEED/DIRECTION    38/350    DATE  12/24

SKY COVER
AVERAGE SKY COVER           0.30

AVERAGE RH (PERCENT)     67

WEATHER CONDITIONS. NUMBER OF DAYS WITH
THUNDERSTORM              0     MIXED PRECIP               0
HEAVY RAIN                1     RAIN                       1
LIGHT RAIN                5     FREEZING RAIN              0
LT FREEZING RAIN          4     HAIL                       0
HEAVY SNOW                0     SNOW                       0
LIGHT SNOW                2     SLEET                      0
FOG                      10     FOG W/VIS <= 1/4 MILE      3
HAZE                      1

-  INDICATES NEGATIVE NUMBERS.
R  INDICATES RECORD WAS SET OR TIED.
MM INDICATES DATA IS MISSING.
T  INDICATES TRACE AMOUNT.

$$
