365
CXUS54 KSJT 011458
CLMABI


CLIMATE REPORT
NATIONAL WEATHER SERVICE SAN ANGELO TX
930 AM CDT SUN OCT 1 2017

...................................

...THE ABILENE CLIMATE SUMMARY FOR THE MONTH OF SEPTEMBER 2017...

CLIMATE NORMAL PERIOD 1981 TO 2010
CLIMATE RECORD PERIOD 1886 TO 2017

WEATHER         OBSERVED          NORMAL  DEPART  LAST YEAR`S
                 VALUE   DATE(S)  VALUE   FROM    VALUE  DATE(S)
                                          NORMAL
................................................................
TEMPERATURE (F)
RECORD
 HIGH             107   09/05/2000
 LOW               38   09/24/1989
HIGHEST           100   09/14        MM      MM       94  09/19
                                                          09/09
                                                          09/08
LOWEST             55   09/11        MM      MM       51  09/30
AVG. MAXIMUM     86.8              86.8     0.0     86.3
AVG. MINIMUM     64.4              64.2     0.2     66.4
MEAN             75.6              75.5     0.1     76.4
DAYS MAX >= 90     16              10.7     5.3       10
DAYS MAX <= 32      0               0.0     0.0        0
DAYS MIN <= 32      0               0.0     0.0        0
DAYS MIN <= 0       0               0.0     0.0        0

PRECIPITATION (INCHES)
RECORD
 MAXIMUM        11.03   1974
 MINIMUM            T   1956
TOTALS           4.43              2.24    2.19     5.59
DAILY AVG.       0.15              0.07    0.08     0.19
DAYS >= .01         7               5.8     1.2        8
DAYS >= .10         4               3.5     0.5        7
DAYS >= .50         3               1.6     1.4        4
DAYS >= 1.00        2               0.6     1.4        3
GREATEST
 24 HR. TOTAL    1.85   09/26

SNOWFALL (INCHES)
RECORDS
 TOTAL             MM   5
TOTALS            0.0               0.0     0.0      0.0
SINCE 7/1         0.0               0.0     0.0      0.0
SNOWDEPTH AVG.      0                MM      MM        0
DAYS >= 1.0         0               0.0     0.0        0
GREATEST
 SNOW DEPTH         0   MM                             0  MM
 24 HR TOTAL      0.0   09/30

DEGREE_DAYS
HEATING TOTAL       6                11      -5        1
 SINCE 7/1          6                11      -5        1
COOLING TOTAL     333               326       7      350
 SINCE 1/1       2249              2271     -22     2349
.................................................................

WIND (MPH)
AVERAGE WIND SPEED              9.6
HIGHEST WIND SPEED/DIRECTION    39/160    DATE  09/19
HIGHEST GUST SPEED/DIRECTION    47/160    DATE  09/19

SKY COVER
AVERAGE SKY COVER           0.20

AVERAGE RH (PERCENT)     64

WEATHER CONDITIONS. NUMBER OF DAYS WITH
THUNDERSTORM              2     MIXED PRECIP               0
HEAVY RAIN                2     RAIN                       3
LIGHT RAIN                8     FREEZING RAIN              0
LT FREEZING RAIN          0     HAIL                       0
HEAVY SNOW                0     SNOW                       0
LIGHT SNOW                0     SLEET                      0
FOG                       8     FOG W/VIS <= 1/4 MILE      2
HAZE                      2

-  INDICATES NEGATIVE NUMBERS.
R  INDICATES RECORD WAS SET OR TIED.
MM INDICATES DATA IS MISSING.
T  INDICATES TRACE AMOUNT.

$$
