051
CXUS54 KSJT 012054
CLMABI


CLIMATE REPORT
NATIONAL WEATHER SERVICE SAN ANGELO TX
232 PM CST WED MAR 1 2017

...................................

...THE ABILENE CLIMATE SUMMARY FOR THE MONTH OF FEBRUARY 2017...

CLIMATE NORMAL PERIOD 1981 TO 2010
CLIMATE RECORD PERIOD 1886 TO 2017

WEATHER         OBSERVED          NORMAL  DEPART  LAST YEAR`S
                 VALUE   DATE(S)  VALUE   FROM    VALUE  DATE(S)
                                          NORMAL
................................................................
TEMPERATURE (F)
RECORD
 HIGH              94   02/25/1904
 LOW               -7   02/02/1985
HIGHEST            89   02/23        MM      MM       83  02/19
                        02/11                             02/01
LOWEST             24   02/03        MM      MM       23  02/04
AVG. MAXIMUM     68.4              60.5     7.9     67.2
AVG. MINIMUM     43.4              36.7     6.7     39.3
MEAN             55.9              48.6     7.3     53.3
DAYS MAX >= 90      0               0.1    -0.1        0
DAYS MAX <= 32      0               0.7    -0.7        0
DAYS MIN <= 32      4               8.3    -4.3        5
DAYS MIN <= 0       0               0.0     0.0        0

PRECIPITATION (INCHES)
RECORD
 MAXIMUM         4.07   1903
 MINIMUM         0.00   1999
                        1909
                        1907
TOTALS           1.45              1.36    0.09     0.68
DAILY AVG.       0.05              0.05    0.00     0.02
DAYS >= .01         4               5.4    -1.4        2
DAYS >= .10         3               2.9     0.1        2
DAYS >= .50         2               0.9     1.1        1
DAYS >= 1.00        0               0.2    -0.2        0
GREATEST
 24 HR. TOTAL    1.10   02/13 TO 02/14              0.68 02/22 TO 02/23

SNOWFALL (INCHES)
RECORDS
 TOTAL           10.8
TOTALS            0.0               0.8    -0.8      0.0
SINCE 7/1           T               4.1    -4.1      5.1
SNOWDEPTH AVG.      0                MM      MM        0
DAYS >= 1.0         0               0.3    -0.3        0
GREATEST
 SNOW DEPTH         0   MM                             0  MM
 24 HR TOTAL      0.0   02/28 TO 02/28

DEGREE_DAYS
HEATING TOTAL     276               464    -188      347
 SINCE 7/1       1581              2133    -552     1754
COOLING TOTAL      28                 4      24       14
 SINCE 1/1         31                 5      26       14
.................................................................

WIND (MPH)
AVERAGE WIND SPEED              11.3
HIGHEST WIND SPEED/DIRECTION    36/210    DATE  02/26
HIGHEST GUST SPEED/DIRECTION    47/200    DATE  02/26

SKY COVER
AVERAGE SKY COVER           0.20

AVERAGE RH (PERCENT)     58

WEATHER CONDITIONS. NUMBER OF DAYS WITH
THUNDERSTORM              3     MIXED PRECIP               0
HEAVY RAIN                1     RAIN                       3
LIGHT RAIN                4     FREEZING RAIN              0
LT FREEZING RAIN          0     HAIL                       0
HEAVY SNOW                0     SNOW                       0
LIGHT SNOW                0     SLEET                      0
FOG                       7     FOG W/VIS <= 1/4 MILE      0
HAZE                      5

-  INDICATES NEGATIVE NUMBERS.
R  INDICATES RECORD WAS SET OR TIED.
MM INDICATES DATA IS MISSING.
T  INDICATES TRACE AMOUNT.

$$
