000
CXUS54 KFWD 010925
CLMACT


CLIMATE REPORT
NATIONAL WEATHER SERVICE FORT WORTH TX
425 AM CDT SUN MAY 1 2016

...................................

...THE WACO CLIMATE SUMMARY FOR THE MONTH OF APRIL 2016...

CLIMATE NORMAL PERIOD 1981 TO 2010
CLIMATE RECORD PERIOD 1901 TO 2016

WEATHER         OBSERVED          NORMAL  DEPART  LAST YEAR`S
                 VALUE   DATE(S)  VALUE   FROM    VALUE  DATE(S)
                                          NORMAL
................................................................
TEMPERATURE (F)
RECORD
 HIGH             101   04/09/1963
 LOW               26   04/07/2009
HIGHEST            90   04/11        90       0       88  04/25
LOWEST             39   04/03        38       1       43  04/15
                        04/02
AVG. MAXIMUM     77.9              77.6     0.3     77.2
AVG. MINIMUM     55.1              54.6     0.5     57.5
MEAN             66.5              66.1     0.4     67.4
DAYS MAX >= 90      1               1.2    -0.2        0
DAYS MAX <= 32      0               0.0     0.0        0
DAYS MAX >= 100     0                                  0
DAYS MIN <= 32      0               0.2    -0.2        0
DAYS MIN <= 0       0               0.0     0.0        0
DAYS MIN >= 80      0                                  0

PRECIPITATION (INCHES)
RECORD
 MAXIMUM        13.91   1977
 MINIMUM         0.12   1983
TOTALS           6.55              2.69    3.86     4.49
DAILY AVG.       0.22              0.09    0.13     0.15
DAYS >= .01        12               6.3     5.7       13
DAYS >= .10         8               3.8     4.2        8
DAYS >= .50         5               1.9     3.1        2
DAYS >= 1.00        3               0.7     2.3        1
GREATEST
 24 HR. TOTAL    2.58   04/17 TO 04/18              2.14

SNOWFALL (INCHES)
RECORDS
 TOTAL            3.5   2007
 24 HR TOTAL      3.5   04/07/2007 TO 04/08/2007
TOTALS            0.0               0.1    -0.1      0.0
SINCE 7/1         0.0               1.0    -1.0      1.4
SNOWDEPTH AVG.      0                MM      MM        0
DAYS >= TRACE       0                                  0
DAYS >= 1.0         0               0.0     0.0        0
GREATEST
 SNOW DEPTH         0   MM                             0  MM
 24 HR TOTAL      0.0                                0.0

DEGREE_DAYS
HEATING TOTAL      52                78     -26       55
 SINCE 7/1       1680              2136    -456     2304
COOLING TOTAL     105               111      -6      134
 SINCE 1/1        144               154     -10      161
.................................................................

WIND (MPH)
AVERAGE WIND SPEED              9.2
HIGHEST WIND SPEED/DIRECTION    30/160    DATE  04/26
HIGHEST GUST SPEED/DIRECTION    40/280    DATE  04/26

SKY COVER
POSSIBLE SUNSHINE (PERCENT)   MM
AVERAGE SKY COVER           0.40
NUMBER OF DAYS FAIR           14
NUMBER OF DAYS PC              8
NUMBER OF DAYS CLOUDY          8

AVERAGE RH (PERCENT)     70

WEATHER CONDITIONS. NUMBER OF DAYS WITH
THUNDERSTORM              9     MIXED PRECIP               0
HEAVY RAIN                7     RAIN                       7
LIGHT RAIN               15     FREEZING RAIN              0
LT FREEZING RAIN          0     HAIL                       0
HEAVY SNOW                0     SNOW                       0
LIGHT SNOW                0     SLEET                      0
FOG                      16     FOG W/VIS <= 1/4 MILE      3
HAZE                      9

-  INDICATES NEGATIVE NUMBERS.
R  INDICATES RECORD WAS SET OR TIED.
MM INDICATES DATA IS MISSING.
T  INDICATES TRACE AMOUNT.

$$
