000
CXUS51 KPHI 011219
CLMACY


CLIMATE REPORT
NATIONAL WEATHER SERVICE MOUNT HOLLY NJ
718 AM EST THU FEB 1 2018

...................................

...THE ATLANTIC CITY CLIMATE SUMMARY FOR THE MONTH OF JANUARY 2018...

CLIMATE NORMAL PERIOD 1981 TO 2010
CLIMATE RECORD PERIOD 1874 TO 2018

WEATHER         OBSERVED          NORMAL  DEPART  LAST YEAR`S
                 VALUE   DATE(S)  VALUE   FROM    VALUE  DATE(S)
                                          NORMAL
................................................................
TEMPERATURE (F)
RECORD
 HIGH              78   01/24/1967
 LOW              -10   01/17/1977
HIGHEST            62   01/12        62       0       67  01/12
                        01/11
LOWEST             -3   01/07         4      -7        0  01/09
AVG. MAXIMUM     41.7              41.5     0.2     46.0
AVG. MINIMUM     22.4              24.5    -2.1     30.5
MEAN             32.1              33.0    -0.9     38.3
DAYS MAX >= 90      0               0.0     0.0        0
DAYS MAX <= 32      8               5.9     2.1        3
DAYS MIN <= 32     24              23.0     1.0       17
DAYS MIN <= 0       1               0.3     0.7        1

PRECIPITATION (INCHES)
RECORD
 MAXIMUM         8.14   1948
 MINIMUM         0.38   1955
TOTALS           3.29              3.22    0.07     4.18
DAILY AVG.       0.11              0.10    0.01     0.13
DAYS >= .01        10              10.1    -0.1       14
DAYS >= .10         8               5.9     2.1       10
DAYS >= .50         3               2.3     0.7        2
DAYS >= 1.00        0               0.8    -0.8        1
GREATEST
 24 HR. TOTAL    0.85   01/23 TO 01/23              1.18

SNOWFALL (INCHES)
RECORDS
 TOTAL             MM   5
 24 HR TOTAL       MM
TOTALS           14.5               4.5    10.0      7.2
SINCE 7/1        24.5               8.4    16.1      7.2
SNOWDEPTH AVG.      2                MM      MM        0
DAYS >= 1.0         2               1.4     0.6        2
GREATEST
 SNOW DEPTH        14   01/05                          4  01/08
 24 HR TOTAL     13.2   01/04 TO 01/04               6.0

DEGREE_DAYS
HEATING TOTAL    1012               992      20      824
 SINCE 7/1       2626              2761    -135     2385
COOLING TOTAL       0                 0       0        0
 SINCE 1/1          0                 0       0        0
.................................................................

WIND (MPH)
AVERAGE WIND SPEED              10.3
HIGHEST WIND SPEED/DIRECTION    37/310    DATE  01/04
HIGHEST GUST SPEED/DIRECTION    53/340    DATE  01/04

SKY COVER
POSSIBLE SUNSHINE (PERCENT)   MM
AVERAGE SKY COVER           0.40
NUMBER OF DAYS FAIR           14
NUMBER OF DAYS PC             10
NUMBER OF DAYS CLOUDY          7

AVERAGE RH (PERCENT)     67

WEATHER CONDITIONS. NUMBER OF DAYS WITH
THUNDERSTORM              0     MIXED PRECIP               0
HEAVY RAIN                4     RAIN                       4
LIGHT RAIN                7     FREEZING RAIN              0
LT FREEZING RAIN          0     HEAVY SNOW                 0
SNOW                      2     LIGHT SNOW                 5
SLEET                     0     FOG                       12
FOG W/VIS <= 1/4 MILE     6     HAZE                       1

-  INDICATES NEGATIVE NUMBERS.
R  INDICATES RECORD WAS SET OR TIED.
MM INDICATES DATA IS MISSING.
T  INDICATES TRACE AMOUNT.

$$
