000
CXUS51 KPHI 010833
CLMACY


CLIMATE REPORT
NATIONAL WEATHER SERVICE MOUNT HOLLY NJ
432 AM EDT WED NOV 1 2017

...................................

...THE ATLANTIC CITY CLIMATE SUMMARY FOR THE MONTH OF OCTOBER 2017...

CLIMATE NORMAL PERIOD 1981 TO 2010
CLIMATE RECORD PERIOD 1874 TO 2017

WEATHER         OBSERVED          NORMAL  DEPART  LAST YEAR`S
                 VALUE   DATE(S)  VALUE   FROM    VALUE  DATE(S)
                                          NORMAL
................................................................
TEMPERATURE (F)
RECORD
 HIGH              91   10/06/1941
 LOW               20   10/31/1988
HIGHEST            84   10/10        82       2       86  10/19
LOWEST             37   10/31        29       8       30  10/26
AVG. MAXIMUM     72.3              66.6     5.7     68.4
AVG. MINIMUM     52.6              45.6     7.0     48.0
MEAN             62.4              56.1     6.3     58.2
DAYS MAX >= 90      0               0.0     0.0        0
DAYS MAX <= 32      0               0.0     0.0        0
DAYS MIN <= 32      0               1.7    -1.7        2
DAYS MIN <= 0       0               0.0     0.0        0

PRECIPITATION (INCHES)
RECORD
 MAXIMUM        12.13   1903
 MINIMUM         0.05   1924
TOTALS           3.89              3.42    0.47     3.06
DAILY AVG.       0.13              0.11    0.02     0.10
DAYS >= .01         9               8.1     0.9        7
DAYS >= .10         7               5.3     1.7        4
DAYS >= .50         1               2.7    -1.7        3
DAYS >= 1.00        1               1.2    -0.2        1
GREATEST
 24 HR. TOTAL    2.54   10/29 TO 10/30              1.94

SNOWFALL (INCHES)
RECORDS
 TOTAL             MM   5
 24 HR TOTAL       MM
TOTALS            0.0               0.0     0.0      0.0
SINCE 7/1         0.0               0.0     0.0      0.0
SNOWDEPTH AVG.      0                MM      MM        0
DAYS >= 1.0         0               0.0     0.0        0
GREATEST
 SNOW DEPTH         0   MM                             0  MM
 24 HR TOTAL      0.0   10/31 TO 10/31               0.0

DEGREE_DAYS
HEATING TOTAL     145               296    -151      233
 SINCE 7/1        164               358    -194      248
COOLING TOTAL      73                20      53       29
 SINCE 1/1       1263              1054     209     1337
.................................................................

WIND (MPH)
AVERAGE WIND SPEED              7.7
HIGHEST WIND SPEED/DIRECTION    30/290    DATE  10/30
HIGHEST GUST SPEED/DIRECTION    43/290    DATE  10/30

SKY COVER
POSSIBLE SUNSHINE (PERCENT)   MM
AVERAGE SKY COVER           0.30
NUMBER OF DAYS FAIR           18
NUMBER OF DAYS PC              6
NUMBER OF DAYS CLOUDY          7

AVERAGE RH (PERCENT)     75

WEATHER CONDITIONS. NUMBER OF DAYS WITH
THUNDERSTORM              0     MIXED PRECIP               0
HEAVY RAIN                4     RAIN                       5
LIGHT RAIN               10     FREEZING RAIN              0
LT FREEZING RAIN          0     HEAVY SNOW                 0
SNOW                      0     LIGHT SNOW                 0
SLEET                     0     FOG                       18
FOG W/VIS <= 1/4 MILE     6     HAZE                       1

-  INDICATES NEGATIVE NUMBERS.
R  INDICATES RECORD WAS SET OR TIED.
MM INDICATES DATA IS MISSING.
T  INDICATES TRACE AMOUNT.

$$
