000
CXUS42 KFFC 011406
CLMAHN


CLIMATE REPORT
NATIONAL WEATHER SERVICE PEACHTREE CITY GA
906 AM EST THU FEB 1 2018

...................................

...THE ATHENS CLIMATE SUMMARY FOR THE MONTH OF JANUARY 2018...

CLIMATE NORMAL PERIOD 1981 TO 2010
CLIMATE RECORD PERIOD 1898 TO 2018

WEATHER         OBSERVED          NORMAL  DEPART  LAST YEAR`S
                 VALUE   DATE(S)  VALUE   FROM    VALUE  DATE(S)
                                          NORMAL
................................................................
TEMPERATURE (F)
RECORD
 HIGH              80   MM
 LOW               -4   MM
HIGHEST            73   01/21        80      -7       79  01/13
LOWEST             11   01/02        -4      15       17  01/08
AVG. MAXIMUM     52.9              53.9    -1.0     62.2
AVG. MINIMUM     29.0              33.1    -4.1     40.7
MEAN             40.9              43.5    -2.6     51.5
DAYS MAX >= 90      0               0.0     0.0        0
DAYS MAX <= 32      0               0.5    -0.5        0
DAYS MIN <= 32     22              14.7     7.3        8
DAYS MIN <= 0       0               0.0     0.0        0

PRECIPITATION (INCHES)
RECORD
 MAXIMUM        12.83   1936
 MINIMUM         0.64   1981
TOTALS           4.63              4.05    0.58     6.51
DAILY AVG.       0.15              0.13    0.02     0.21
GREATEST
 24 HR. TOTAL    2.01   01/28 TO 01/28           01/21 TO 01/22
                                                          01/31 TO 01/31
                                                          01/31 TO 01/31

SNOWFALL (INCHES)
RECORDS
 TOTAL              T   2008
                        2005
                        2001
 24 HR TOTAL        T   MM
                        01/19/2008 TO 01/19/2008
TOTALS            1.1R              1.4    -0.3      0.0
SINCE 7/1         1.1               1.5    -0.4      0.0
SNOWDEPTH AVG.      0                MM      MM        0
DAYS >= TRACE       1               0.8     0.2        0
DAYS >= 1.0         1               0.4     0.6        0
GREATEST
 24 HR TOTAL      1.1R  01/17 TO 01/17           01/31 TO 01/31
                                                          01/31 TO 01/31
                                                          01/31 TO 01/31

DEGREE_DAYS
HEATING TOTAL     739               667      72      415
 SINCE 7/1       1766              1757       9     1247
..................................................

WIND (MPH)
AVERAGE WIND SPEED              5.8
HIGHEST WIND SPEED/DIRECTION    25/290    DATE  01/12
HIGHEST GUST SPEED/DIRECTION    36/290    DATE  01/12

SKY COVER
POSSIBLE SUNSHINE (PERCENT)   MM
AVERAGE SKY COVER           0.30
NUMBER OF DAYS FAIR           20
NUMBER OF DAYS PC              6
NUMBER OF DAYS CLOUDY          5

AVERAGE RH (PERCENT)     60

WEATHER CONDITIONS. NUMBER OF DAYS WITH
THUNDERSTORM              0     MIXED PRECIP               0
HEAVY RAIN                3     RAIN                       4
LIGHT RAIN                8     FREEZING RAIN              0
LT FREEZING RAIN          0     HAIL                       0
HEAVY SNOW                0     SNOW                       0
LIGHT SNOW                2     SLEET                      0
FOG                      11     FOG W/VIS <= 1/4 MILE      2
HAZE                      0

-  INDICATES NEGATIVE NUMBERS.
R  INDICATES RECORD WAS SET OR TIED.
MM INDICATES DATA IS MISSING.
T  INDICATES TRACE AMOUNT.

$$
