957
CXAK58 PAKN 011322
CLMAKN

CLIMATE REPORT
NATIONAL WEATHER SERVICE KING SALMON, AK
522 AM AKDT FRI JUL 1 2016

...................................

...THE KING SALMON AP CLIMATE SUMMARY FOR THE MONTH OF JUNE 2016...

CLIMATE NORMAL PERIOD 1981 TO 2010
CLIMATE RECORD PERIOD 1917 TO 2016

WEATHER         OBSERVED          NORMAL  DEPART  LAST YEAR`S
                 VALUE   DATE(S)  VALUE   FROM    VALUE  DATE(S)
                                          NORMAL
................................................................
TEMPERATURE (F)
RECORD
 HIGH              88   6/27/1953
 LOW               27   6/05/2006
HIGHEST            75   6/16         74       1      86  6/16
LOWEST             35                30       5      40  6/08
AVG. MAXIMUM       65.9              60.9     5.0    67.6
AVG. MINIMUM       45.7              41.9     3.8    45.2
MEAN               55.8              51.5     4.3    56.4
DAYS MAX >= 90      0                 0.0     0.0     0
DAYS MAX <= 32      0                 0.0     0.0     0
DAYS MAX >= 80      0                 0.2    -0.2     4
DAYS MAX >= 70     11                 2.7     8.3    13
DAYS MIN <= 32      0                 0.6    -0.6     0
DAYS MIN <= 0       0                 0.0     0.0     0

PRECIPITATION (INCHES)
RECORD
 MAXIMUM            3.77   1950
 MINIMUM            0.26   1959
TOTALS              2.28              1.65    0.63    0.84
DAILY AVG.          0.08              0.06    0.02    0.03
DAYS >= .01        17                12.6     4.4    11
DAYS >= .10        10                 4.9     5.1     1
DAYS >= .50         0                 0.4    -0.4     0
DAYS >= 1.0         0                 0.0    -0.0     0
GREATEST
 24 HR TOTAL        0.35   6/11                       0.33  6/04

SNOWFALL (INCHES)
RECORDS
 TOTAL              1.3   1972
 24 HR TOTAL        1.2   6-02-1972
 SNOW DEPTH         0     6-02-1971
TOTALS              0.0               0.0     0.0     0.0
SINCE 7/1          38.8              48.0    -9.2    26.1
SNOWDEPTH AVG.      0                 0       0       0
DAYS >= TRACE       0                 0.3    -0.3     0
DAYS >= 1.0         0                 0.0     0.0     0
DAYS >= 6.0         0                 0.0     0.0     0
GREATEST
 SNOW DEPTH         0   MM                            0  MM
 24 HR TOTAL      0.0   MM                          0.0  MM

DEGREE_DAYS
HEATING TOTAL     271               407    -136     249
 SINCE 7/1       8325             10876   -2551    8894
COOLING TOTAL       0                 0       0       2
 SINCE 1/1          0                 0       0       2
................................................................

WIND (MPH)
AVERAGE WIND SPEED                7.7
HIGHEST WIND SPEED/DIRECTION     32/160    DATE   06/18
HIGHEST GUST SPEED/DIRECTION     40/160    DATE   06/18

SKY COVER
POSSIBLE SUNSHINE (PERCENT)   MM
AVERAGE SKY COVER             MM
NUMBER OF DAYS FAIR           MM
NUMBER OF DAYS PC             MM
NUMBER OF DAYS CLOUDY         MM

AVERAGE RH (PERCENT)     MM

WEATHER CONDITIONS. NUMBER OF DAYS WITH
THUNDERSTORM              1     ICE PELLETS                 0
RAIN                     22     GLAZE                       0
DRIZZLE                   0     HAIL                        0
SNOW                      0     HAZE                        1
FOG                      14     FOG W/VIS <= 1/4 MILE       4
BLOWING SNOW              0


-  INDICATES NEGATIVE NUMBERS.
R  INDICATES RECORD WAS SET OR TIED.
MM INDICATES DATA IS MISSING.
T  INDICATES TRACE AMOUNT.

&&


$$
DJH JUL 16
