000
CXUS55 KPUB 011641
CLMALS


CLIMATE REPORT
NATIONAL WEATHER SERVICE PUEBLO
1036 AM MDT MON SEP 1 2014

...................................

...THE ALAMOSA CO CLIMATE SUMMARY FOR THE MONTH OF AUGUST 2014...

CLIMATE NORMAL PERIOD 1981 TO 2010
CLIMATE RECORD PERIOD 1932 TO 2014

WEATHER         OBSERVED          NORMAL  DEPART  LAST YEAR`S
                 VALUE   DATE(S)  VALUE   FROM    VALUE  DATE(S)
                                          NORMAL
................................................................
TEMPERATURE (F)
RECORD
 HIGH              91   08/17/2002
 LOW               30   08/25/2002
                        08/28/1964
                        08/25/1962
HIGHEST            85   08/18        81       4       88  08/21
                        08/17
LOWEST             35   08/29        42      -7       40  08/09
AVG. MAXIMUM     78.8              79.5    -0.7     80.9
AVG. MINIMUM     44.5              45.9    -1.4     47.6
MEAN             61.7              62.7    -1.0     64.3
DAYS MAX >= 90      0               0.0     0.0
DAYS MAX <= 32      0               0.0     0.0
DAYS MIN <= 32      0               0.1    -0.1
DAYS MIN <= 0       0               0.0     0.0

PRECIPITATION (INCHES)
RECORD
 MAXIMUM         5.40   1993
 MINIMUM         0.11   1944
TOTALS           0.53              1.27   -0.74     2.47
DAILY AVG.       0.02              0.04   -0.02
DAYS >= .01         2              10.0    -8.0
DAYS >= .10         1               3.6    -2.6
DAYS >= .50         1               0.5     0.5
DAYS >= 1.00        0               0.1    -0.1
GREATEST
 24 HR. TOTAL    0.51   08/22

SNOWFALL (INCHES)
RECORDS
 TOTAL            0.0
TOTALS            0.0               0.0     0.0      0.0
SINCE 7/1         0.0               0.0     0.0      0.0
SNOWDEPTH AVG.      0
DAYS >= 1.0         0               0.0     0.0
GREATEST
 SNOW DEPTH         0                                  0
 24 HR TOTAL      0.0                                0.0

DEGREE_DAYS
HEATING TOTAL      99                84      15       47
 SINCE 7/1        121               129      -8       75
COOLING TOTAL       3                13     -10       34
 SINCE 1/1         60                51       9       99
.................................................................

WIND (MPH)
AVERAGE WIND SPEED              6.5
HIGHEST WIND SPEED/DIRECTION    31/250    DATE  08/31
HIGHEST GUST SPEED/DIRECTION    38/250    DATE  08/31

SKY COVER
POSSIBLE SUNSHINE (PERCENT)   MM
AVERAGE SKY COVER           0.20
NUMBER OF DAYS FAIR           22
NUMBER OF DAYS PC              9
NUMBER OF DAYS CLOUDY          0

AVERAGE RH (PERCENT)     57

WEATHER CONDITIONS. NUMBER OF DAYS WITH
THUNDERSTORM              3     MIXED PRECIP               0
HEAVY RAIN                0     RAIN                       1
LIGHT RAIN               13     FREEZING RAIN              0
LT FREEZING RAIN          0     HAIL                       0
HEAVY SNOW                0     SNOW                       0
LIGHT SNOW                0     SLEET                      0
FOG                       4     FOG W/VIS <= 1/4 MILE      1
HAZE                      1

-  INDICATES NEGATIVE NUMBERS.
R  INDICATES RECORD WAS SET OR TIED.
MM INDICATES DATA IS MISSING.
T  INDICATES TRACE AMOUNT.

$$
