000
CXUS55 KPUB 012150
CLMALS


CLIMATE REPORT
NATIONAL WEATHER SERVICE PUEBLO
244 PM MST THU DEC 1 2016

...................................

...THE ALAMOSA CO CLIMATE SUMMARY FOR THE MONTH OF NOVEMBER 2016...

CLIMATE NORMAL PERIOD 1981 TO 2010
CLIMATE RECORD PERIOD 1932 TO 2016

WEATHER         OBSERVED          NORMAL  DEPART  LAST YEAR`S
                 VALUE   DATE(S)  VALUE   FROM    VALUE  DATE(S)
                                          NORMAL
................................................................
TEMPERATURE (F)
RECORD
 HIGH              71   11/10/1980
                        11/09/1980
 LOW              -30   11/27/1952
HIGHEST            67   11/16        53      14       67  11/02
LOWEST             -5   11/30         5     -10        3  11/22
AVG. MAXIMUM     52.9              46.9     6.0     48.2
AVG. MINIMUM     13.9              12.1     1.8     13.7
MEAN             33.4              29.5     3.9     31.0
DAYS MAX >= 90      0               0.0     0.0
DAYS MAX <= 32      1               2.8    -1.8
DAYS MIN <= 32     29              29.5    -0.5
DAYS MIN <= 0       3               3.1    -0.1

PRECIPITATION (INCHES)
RECORD
 MAXIMUM         1.63   2013
 MINIMUM         0.00   1936
                        1907
TOTALS           0.44              0.42    0.02     0.44
DAILY AVG.       0.01              0.01    0.00
DAYS >= .01         4               3.9     0.1
DAYS >= .10         3               1.3     1.7
DAYS >= .50         0               0.1    -0.1
DAYS >= 1.00        0               0.0     0.0
GREATEST
 24 HR. TOTAL    0.17   11/04 TO 11/05

SNOWFALL (INCHES)
RECORDS
 TOTAL           20.0   1940
TOTALS            1.0               3.7    -2.7      4.3
SINCE 7/1         1.0               5.8    -4.8      4.3
SNOWDEPTH AVG.      0
DAYS >= 1.0         1               1.2    -0.2
GREATEST
 SNOW DEPTH         T   11/27                          4
 24 HR TOTAL      1.0   11/27 TO 11/27               3.5

DEGREE_DAYS
HEATING TOTAL     941              1065    -124     1011
 SINCE 7/1       1864              2175    -311     1778
COOLING TOTAL       0                 0       0        0
 SINCE 1/1        115                51      64       74
.................................................................

WIND (MPH)
AVERAGE WIND SPEED              5.9
HIGHEST WIND SPEED/DIRECTION    48/220    DATE  11/17
HIGHEST GUST SPEED/DIRECTION    58/220    DATE  11/17

SKY COVER
POSSIBLE SUNSHINE (PERCENT)   MM
AVERAGE SKY COVER           0.20
NUMBER OF DAYS FAIR           25
NUMBER OF DAYS PC              3
NUMBER OF DAYS CLOUDY          2

AVERAGE RH (PERCENT)     58

WEATHER CONDITIONS. NUMBER OF DAYS WITH
THUNDERSTORM              0     MIXED PRECIP               0
HEAVY RAIN                1     RAIN                       2
LIGHT RAIN                4     FREEZING RAIN              0
LT FREEZING RAIN          0     HAIL                       0
HEAVY SNOW                1     SNOW                       1
LIGHT SNOW                2     SLEET                      0
FOG                       5     FOG W/VIS <= 1/4 MILE      3
HAZE                      2

-  INDICATES NEGATIVE NUMBERS.
R  INDICATES RECORD WAS SET OR TIED.
MM INDICATES DATA IS MISSING.
T  INDICATES TRACE AMOUNT.

$$
