741
CXUS55 KPUB 012050
CLMALS


CLIMATE REPORT
NATIONAL WEATHER SERVICE PUEBLO
244 PM MDT FRI JUL 1 2016

...................................

...THE ALAMOSA CO CLIMATE SUMMARY FOR THE MONTH OF JUNE 2016...

CLIMATE NORMAL PERIOD 1981 TO 2010
CLIMATE RECORD PERIOD 1932 TO 2016

WEATHER         OBSERVED          NORMAL  DEPART  LAST YEAR`S
                 VALUE   DATE(S)  VALUE   FROM    VALUE  DATE(S)
                                          NORMAL
................................................................
TEMPERATURE (F)
RECORD
 HIGH              95   06/26/1994
 LOW               23   06/03/1936
HIGHEST            93   06/19        81      12       92  06/22
                                                          06/21
LOWEST             38   06/14        37       1       34  06/03
                        06/15
                        06/18
AVG. MAXIMUM     83.6              78.6     5.0     81.7
AVG. MINIMUM     44.2              40.6     3.6     44.4
MEAN             63.9              59.6     4.3     63.0
DAYS MAX >= 90      3               0.4     2.6
DAYS MAX <= 32      0               0.0     0.0
DAYS MIN <= 32      0               1.7    -1.7
DAYS MIN <= 0       0               0.0     0.0

PRECIPITATION (INCHES)
RECORD
 MAXIMUM         1.95   1933
 MINIMUM            T   1946
                        1980
                        2011
TOTALS           0.51              0.49    0.02     1.19
DAILY AVG.       0.02              0.02    0.00
DAYS >= .01         3               5.1    -2.1
DAYS >= .10         1               1.7    -0.7
DAYS >= .50         0               0.0     0.0
DAYS >= 1.00        0               0.0     0.0
GREATEST
 24 HR. TOTAL    0.47   06/29 TO 06/30

SNOWFALL (INCHES)
RECORDS
 TOTAL            1.2   1950
TOTALS            0.0               0.0     0.0      0.0
SINCE 7/1        43.0              27.6    15.4     23.8
SNOWDEPTH AVG.      0
DAYS >= 1.0         0               0.0     0.0
GREATEST
 SNOW DEPTH         0                                  0
 24 HR TOTAL      0.0   06/30                        0.0

DEGREE_DAYS
HEATING TOTAL      56               168    -112       76
 SINCE 7/1       7868              8594    -726     7457
COOLING TOTAL      29                 6      23       24
 SINCE 1/1         29                 6      23       24
.................................................................

WIND (MPH)
AVERAGE WIND SPEED              7.4
HIGHEST WIND SPEED/DIRECTION    40/260    DATE  06/13
HIGHEST GUST SPEED/DIRECTION    50/260    DATE  06/13

SKY COVER
POSSIBLE SUNSHINE (PERCENT)   MM
AVERAGE SKY COVER           0.10
NUMBER OF DAYS FAIR           30
NUMBER OF DAYS PC              0
NUMBER OF DAYS CLOUDY          0

AVERAGE RH (PERCENT)     51

WEATHER CONDITIONS. NUMBER OF DAYS WITH
THUNDERSTORM              6     MIXED PRECIP               0
HEAVY RAIN                1     RAIN                       1
LIGHT RAIN               11     FREEZING RAIN              0
LT FREEZING RAIN          0     HAIL                       0
HEAVY SNOW                0     SNOW                       0
LIGHT SNOW                0     SLEET                      0
FOG                       2     FOG W/VIS <= 1/4 MILE      0
HAZE                      6

-  INDICATES NEGATIVE NUMBERS.
R  INDICATES RECORD WAS SET OR TIED.
MM INDICATES DATA IS MISSING.
T  INDICATES TRACE AMOUNT.

$$
