000
CXUS52 KJAX 011426
CLMAMG
CLIMATE REPORT
NATIONAL WEATHER SERVICE JACKSONVILLE FL
926 AM EST FRI MAR 01 2024
...................................
...THE ALMA CLIMATE SUMMARY FOR THE MONTH OF FEBRUARY 2024...
CLIMATE NORMAL PERIOD: 1991 TO 2020
CLIMATE RECORD PERIOD: 1938 TO 2024
WEATHER OBSERVED NORMAL DEPART LAST YEAR`S
VALUE DATE(S) VALUE FROM VALUE DATE(S)
NORMAL
................................................................
TEMPERATURE (F)
RECORD
HIGH 87 02/21/2018
LOW 13 02/05/1996
HIGHEST 82 02/28 80 2 85 02/22
02/23
02/26
LOWEST 32 02/20 26 6 34 02/18
AVG. MAXIMUM 68.3 66.5 1.8 74.8
AVG. MINIMUM 43.4 42.3 1.1 50.8
MEAN 55.9 54.4 1.5 62.8
DAYS MAX >= 90 0 0.0 0.0 0
DAYS MIN <= 32 1 4.2 -3.2 0
PRECIPITATION (INCHES)
RECORD
MAXIMUM 9.54 2013
MINIMUM 0.52 1991
TOTALS 3.40 3.37 0.03 3.46
DAILY AVG. 0.12 NAN NAN 0.12
DAYS >= .01 5 7.9 -2.9 6
DAYS >= .10 2 5.2 -3.2 2
DAYS >= .50 2 2.3 -0.3 2
DAYS >= 1.00 2 1.1 0.9 1
GREATEST
24 HR. TOTAL 2.18 02/04 TO 02/04
SNOWFALL (INCHES)
RECORDS
TOTAL 4.4 1973
TOTALS 0.0 0.0 0.0 0.0
DEGREE DAYS
HEATING TOTAL 261 310 -49 130
SINCE 7/1 1195 1407 -212 MM
COOLING TOTAL 2 13 -11 74
SINCE 1/1 28 20 8 MM
................................................................
WIND (MPH)
AVERAGE WIND SPEED 4.7
HIGHEST WIND SPEED/DIRECTION 24/290 DATE 02/24
HIGHEST GUST SPEED/DIRECTION 39/280 DATE 02/13
SKY COVER
AVERAGE SKY COVER 0.21
AVERAGE RH (PERCENT) 66
WEATHER CONDITIONS. NUMBER OF DAYS WITH
THUNDERSTORM 2 MIXED PRECIP 0
HEAVY RAIN 3 RAIN 4
LIGHT RAIN 8 FREEZING RAIN 0
LT FREEZING RAIN 0 HAIL 0
HEAVY SNOW 0 SNOW 0
LIGHT SNOW 0 SLEET 0
FOG 16 FOG W/VIS <= 1/4 MILE 0
HAZE 1
- INDICATES NEGATIVE NUMBERS.
R INDICATES RECORD WAS SET OR TIED.
MM INDICATES DATA IS MISSING.
T INDICATES TRACE AMOUNT.
$$