000
CXUS54 KBMX 011425
CLMANB


CLIMATE REPORT
NATIONAL WEATHER SERVICE BIRMINGHAM, AL
925 AM CDT THU SEP 1 2016

...................................

...THE ANNISTON CLIMATE SUMMARY FOR THE MONTH OF AUGUST 2016...

CLIMATE NORMAL PERIOD 1981 TO 2010
CLIMATE RECORD PERIOD 1903 TO 2016

WEATHER         OBSERVED          NORMAL  DEPART  LAST YEAR`S
                 VALUE   DATE(S)  VALUE   FROM    VALUE  DATE(S)
                                          NORMAL
................................................................
TEMPERATURE (F)
RECORD
 HIGH             106   08/21/1983
 LOW               50   08/28/1952
HIGHEST            96   08/31        MM      MM       98  08/05
                        08/07                             08/04
                        08/04
LOWEST             70   08/23        MM      MM       55  08/26
                        08/22
AVG. MAXIMUM     92.4              89.6     2.8     89.9
AVG. MINIMUM     72.8              69.6     3.2     68.5
MEAN             82.6                               79.2
DAYS MAX >= 90     24              14.4     9.6       17
DAYS MAX <= 32      0               0.0     0.0        0
DAYS MIN <= 32      0               0.0     0.0        0
DAYS MIN <= 0       0               0.0     0.0        0

PRECIPITATION (INCHES)
RECORD
 MAXIMUM        12.73   1967
 MINIMUM         0.40   2011
TOTALS           1.56              3.29   -1.73     5.16
DAILY AVG.       0.05              0.11   -0.06
DAYS >= .01        11               8.6     2.4
DAYS >= .10         3               5.4    -2.4
DAYS >= .50         1               2.2    -1.2
DAYS >= 1.00        0               0.8    -0.8

DEGREE_DAYS
COOLING TOTAL     555               453     102      446
 SINCE 1/1       1824              1517     307     1705
.................................................................

WIND (MPH)
AVERAGE WIND SPEED              4.3
HIGHEST WIND SPEED/DIRECTION    32/240    DATE  08/13
HIGHEST GUST SPEED/DIRECTION    42/010    DATE  08/02

AVERAGE RH (PERCENT)     69

WEATHER CONDITIONS. NUMBER OF DAYS WITH
THUNDERSTORM              0     MIXED PRECIP               0
HEAVY RAIN                1     RAIN                       2
LIGHT RAIN               11     FREEZING RAIN              0
LT FREEZING RAIN          0     HAIL                       0
HEAVY SNOW                0     SNOW                       0
LIGHT SNOW                0     SLEET                      0
FOG                      10     FOG W/VIS <= 1/4 MILE      2
HAZE                      4

-  INDICATES NEGATIVE NUMBERS.
R  INDICATES RECORD WAS SET OR TIED.
MM INDICATES DATA IS MISSING.
T  INDICATES TRACE AMOUNT.

$$
