000
CXUS53 KAPX 010537
CLMANJ


CLIMATE REPORT
NATIONAL WEATHER SERVICE GAYLORD MI
1237 AM EST MON JAN 1 2018

...................................

...THE SAULT STE MARIE MI CLIMATE SUMMARY FOR THE YEAR OF 2017...

CLIMATE NORMAL PERIOD 1981 TO 2010
CLIMATE RECORD PERIOD 1888 TO 2017

WEATHER         OBSERVED          NORMAL  DEPART  LAST YEAR`S
                 VALUE   DATE(S)  VALUE   FROM    VALUE  DATE(S)
                                          NORMAL
................................................................
TEMPERATURE (F)
RECORD
 HIGH              98   08/06/1947
                        08/05/1947
                        07/03/1921
 LOW              -37   02/08/1934
                        02/10/1899
HIGHEST            90   09/23        MM      MM       89  08/04
                                                          07/13
LOWEST            -16   12/28        MM      MM      -18  02/13
AVG. MAXIMUM     51.2              50.6     0.6     53.4
AVG. MINIMUM     35.2              32.9     2.3     36.4
MEAN             43.2              41.8     1.4     44.9
DAYS MAX >= 90      1               1.3    -0.3        0
DAYS MAX <= 32     70              81.3   -11.3       67
DAYS MIN <= 32    140             159.9   -19.9      144
DAYS MIN <= 0      16              22.7    -6.7       12

PRECIPITATION (INCHES)
RECORD
 MAXIMUM        38.18   2011
 MINIMUM        21.75   2010
TOTALS          40.17R            32.95    7.22    35.00
DAILY AVG.       0.12              0.09    0.03     0.10
DAYS >= .01       177             162.9    14.1      178
DAYS >= .10        91              83.5     7.5       91
DAYS >= .50        19              17.3     1.7       18
DAYS >= 1.00        7               4.3     2.7        5
GREATEST
 24 HR. TOTAL    2.83   MM                       12/31 TO 12/31
                                                          12/31 TO 12/31
                                                          12/31 TO 12/31
 STORM TOTAL       MM                                 MM
 (MM/DD(HH))            MM                    12/31(00) TO 12/31(00)
                                                 12/31(00) TO 12/31(00)1
                                                 12/31(00) TO 12/31(00)1

SNOWFALL (INCHES)
RECORDS
 TOTAL          174.2   2008
TOTALS          135.5             120.4    15.1    130.5
SINCE 7/1        55.7              50.2     5.5     57.7
SNOWDEPTH AVG.      5                MM      MM        3
DAYS >= TRACE     114              79.2    34.8      115
DAYS >= 1.0        43              37.4     5.6       46
GREATEST
 SNOW DEPTH        25   02/13                         20  03/01
                        02/11
 24 HR TOTAL      6.2   MM                           9.6

DEGREE_DAYS
HEATING TOTAL    7379              8662   -1283
 SINCE 7/1         MM              3259      MM

FREEZE DATES
RECORD
 EARLIEST     MM
 LATEST       MM
EARLIEST                        MM
LATEST                          MM
..................................................

WIND (MPH)
AVERAGE WIND SPEED              7.1
HIGHEST WIND SPEED/DIRECTION    35/270    DATE  01/10
HIGHEST GUST SPEED/DIRECTION    54/MM     DATE   MM

SKY COVER
POSSIBLE SUNSHINE (PERCENT)   MM
AVERAGE SKY COVER           0.60
NUMBER OF DAYS FAIR          104
NUMBER OF DAYS PC             91
NUMBER OF DAYS CLOUDY        139

AVERAGE RH (PERCENT)     73

WEATHER CONDITIONS. NUMBER OF DAYS WITH
THUNDERSTORM              0     MIXED PRECIP               0
HEAVY RAIN               32     RAIN                      49
LIGHT RAIN              125     FREEZING RAIN              3
LT FREEZING RAIN          8     HAIL                       0
HEAVY SNOW               22     SNOW                      43
LIGHT SNOW              105     SLEET                      0
FOG                     207     FOG W/VIS <= 1/4 MILE     51
HAZE                     56

-  INDICATES NEGATIVE NUMBERS.
R  INDICATES RECORD WAS SET OR TIED.
MM INDICATES DATA IS MISSING.
T  INDICATES TRACE AMOUNT.

$$
