729
CXUS52 KMFL 011308
CLMAPF


CLIMATE REPORT
NATIONAL WEATHER SERVICE MIAMI, FL
908 AM EDT FRI MAY 1 2015

...................................

...THE NAPLES CLIMATE SUMMARY FOR THE MONTH OF APRIL 2015...

CLIMATE NORMAL PERIOD 1981 TO 2010
CLIMATE RECORD PERIOD 1942 TO 2015

WEATHER         OBSERVED          NORMAL  DEPART  LAST YEAR`S
                 VALUE   DATE(S)  VALUE   FROM    VALUE  DATE(S)
                                          NORMAL
................................................................
TEMPERATURE (F)
RECORD
 HIGH              95   04/14/1965
 LOW               39   04/08/1971
HIGHEST            90   04/27                         91  04/29
LOWEST             62   04/01                         58  04/01
AVG. MAXIMUM     86.5              83.2     3.3     83.7
AVG. MINIMUM     70.4              63.4     7.0     65.9
MEAN             78.5              73.3     5.2     74.8
DAYS MAX >= 90      1                                  3
DAYS MAX <= 32      0                                  0
DAYS MIN <= 32      0                                  0
DAYS MIN <= 0       0                                  0

PRECIPITATION (INCHES)
RECORD
 MAXIMUM         7.73   1997
 MINIMUM         0.00   1970
                        1967
                        1946
TOTALS           1.75              2.36   -0.61     1.80
DAILY AVG.       0.06              0.08   -0.02     0.06
DAYS >= .01         8                                  4
DAYS >= .10         3                                  3
DAYS >= .50         1                                  3
DAYS >= 1.00        1                                  0
GREATEST
 24 HR. TOTAL    1.40   04/28 TO 04/29              0.66

DEGREE_DAYS
HEATING TOTAL       0                 4      -4        0
 SINCE 7/1        198               260     -62      149
COOLING TOTAL     413               253     160      303
 SINCE 1/1        893               620     273      734
.................................................................

WIND (MPH)
AVERAGE WIND SPEED              7.4
HIGHEST WIND SPEED/DIRECTION    32/320    DATE  04/29
HIGHEST GUST SPEED/DIRECTION    49/320    DATE  04/29

SKY COVER
POSSIBLE SUNSHINE (PERCENT)   MM
AVERAGE SKY COVER           0.30
NUMBER OF DAYS FAIR           21
NUMBER OF DAYS PC              7
NUMBER OF DAYS CLOUDY          2

AVERAGE RH (PERCENT)     73

WEATHER CONDITIONS. NUMBER OF DAYS WITH
THUNDERSTORM              6     MIXED PRECIP               0
HEAVY RAIN                3     RAIN                       4
LIGHT RAIN                9     FREEZING RAIN              0
LT FREEZING RAIN          0     HAIL                       0
HEAVY SNOW                0     SNOW                       0
LIGHT SNOW                0     SLEET                      0
FOG                      11     FOG W/VIS <= 1/4 MILE      0
HAZE                      6

-  INDICATES NEGATIVE NUMBERS.
R  INDICATES RECORD WAS SET OR TIED.
MM INDICATES DATA IS MISSING.
T  INDICATES TRACE AMOUNT.

$$
