000
CXUS43 KLOT 011131
CLMARR


CLIMATE REPORT
NATIONAL WEATHER SERVICE CHICAGO IL
625 AM CDT MON AUG 1 2016

...................................

...THE AURORA MUNICIPAL AIRPORT CLIMATE SUMMARY FOR THE MONTH OF JULY 2016...

CLIMATE NORMAL PERIOD 1981 TO 2010
CLIMATE RECORD PERIOD 1998 TO 2016

WEATHER         OBSERVED          NORMAL  DEPART  LAST YEAR`S
                 VALUE   DATE(S)  VALUE   FROM    VALUE
                                          NORMAL
.............................................................
TEMPERATURE (F)
RECORD
 HIGH             102   07/07/2012
 LOW               44   07/02/2005
                        07/02/2001
HIGHEST            93   07/24                         92
                        07/21
LOWEST             51   07/02                         51
AVG. MAXIMUM     84.5              83.5     1.0     82.1
AVG. MINIMUM     63.6              59.8     3.8     60.7
MEAN             74.1              71.7     2.4     71.4

PRECIPITATION (INCHES)
RECORD
 MAXIMUM         6.88   2007
 MINIMUM            T   2002
TOTALS           5.82              4.19    1.63     5.04

DEGREE_DAYS
HEATING TOTAL       2                 9      -7       12
 SINCE 7/1          2                 9      -7       12
COOLING TOTAL     289               215      74      214
 SINCE 1/1        571               411     160      434
..............................................................

WIND (MPH)
AVERAGE WIND SPEED              6.1
HIGHEST WIND SPEED/DIRECTION    35/350    DATE  07/21
HIGHEST GUST SPEED/DIRECTION    46/350    DATE  07/21

AVERAGE RH (PERCENT)     76


-  INDICATES NEGATIVE NUMBERS.
R  INDICATES RECORD WAS SET OR TIED.
MM INDICATES DATA IS MISSING.
T  INDICATES TRACE AMOUNT.

$$
