000
CXUS51 KBUF 011707
CLMART


CLIMATE REPORT
NATIONAL WEATHER SERVICE BUFFALO NY
1226 PM EDT TUE SEP 1 2015

...................................

...THE WATERTOWN NY CLIMATE SUMMARY FOR THE MONTH OF AUGUST 2015...

CLIMATE NORMAL PERIOD 1981 TO 2010
CLIMATE RECORD PERIOD 1949 TO 2015

WEATHER         OBSERVED          NORMAL  DEPART  LAST YEAR`S
                 VALUE   DATE(S)  VALUE   FROM    VALUE  DATE(S)
                                          NORMAL
................................................................
TEMPERATURE (F)
RECORD
 HIGH              96   08/19/1955
 LOW               30   08/27/1969
HIGHEST            90   08/18                         87  08/11
LOWEST             49   08/08                         44  08/19
                        08/07
AVG. MAXIMUM     78.1              78.0     0.1     77.3
AVG. MINIMUM     57.1              56.3     0.8     56.8
MEAN             67.6              67.1     0.5     67.1
DAYS MAX >= 90      1               0.5     0.5        0
DAYS MAX <= 32      0               0.0     0.0        0
DAYS MIN <= 32      0               0.0     0.0        0
DAYS MIN <= 0       0               0.0     0.0        0

PRECIPITATION (INCHES)
RECORD
 MAXIMUM         7.70   1981
 MINIMUM         0.55   1960
TOTALS           2.65              3.15   -0.50     5.72
DAYS >= .01        10              10.2    -0.2       14
DAYS >= .10         4               6.2    -2.2       11
DAYS >= .50         2               2.0     0.0        4
DAYS >= 1.00        1               0.6     0.4        1
GREATEST
 24 HR. TOTAL    1.21   08/20 TO 08/20

DEGREE_DAYS
HEATING TOTAL      17                46     -29       31
 SINCE 7/1         55                72     -17       50
COOLING TOTAL     106               112      -6      102
 SINCE 1/1        306               324     -18      360
....................................................

WIND (MPH)
AVERAGE WIND SPEED              6.3
HIGHEST WIND SPEED/DIRECTION    24/230    DATE  08/20
HIGHEST GUST SPEED/DIRECTION    42/150    DATE  08/20

SKY COVER
POSSIBLE SUNSHINE (PERCENT)   MM
AVERAGE SKY COVER           0.40
NUMBER OF DAYS FAIR           18
NUMBER OF DAYS PC              9
NUMBER OF DAYS CLOUDY          4

AVERAGE RH (PERCENT)     74

WEATHER CONDITIONS. NUMBER OF DAYS WITH
THUNDERSTORM              2     MIXED PRECIP               0
HEAVY RAIN                3     RAIN                       5
LIGHT RAIN               10     FREEZING RAIN              0
LT FREEZING RAIN          0     HAIL                       0
HEAVY SNOW                0     SNOW                       0
LIGHT SNOW                0     SLEET                      0
FOG                      24     FOG W/VIS <= 1/4 MILE      3
HAZE                      9

-  INDICATES NEGATIVE NUMBERS.
R  INDICATES RECORD WAS SET OR TIED.
MM INDICATES DATA IS MISSING.
T  INDICATES TRACE AMOUNT.

$$
