000
CXUS51 KBUF 011417
CLMART


CLIMATE REPORT
NATIONAL WEATHER SERVICE BUFFALO NY
913 AM EST MON FEB 1 2016

...................................

...THE WATERTOWN NY CLIMATE SUMMARY FOR THE MONTH OF JANUARY 2016...

CLIMATE NORMAL PERIOD 1981 TO 2010
CLIMATE RECORD PERIOD 1949 TO 2016

WEATHER         OBSERVED          NORMAL  DEPART  LAST YEAR`S
                 VALUE   DATE(S)  VALUE   FROM    VALUE  DATE(S)
                                          NORMAL
................................................................
TEMPERATURE (F)
RECORD
 HIGH              66   01/15/1995
                        01/14/1995
 LOW              -43   01/16/1994
HIGHEST            54   01/31                         54  01/04
LOWEST            -13   01/24                        -32  01/08
AVG. MAXIMUM     32.5              29.3     3.2     28.6
AVG. MINIMUM     13.8               9.4     4.4      1.7
MEAN             23.2              19.4     3.8     15.2
DAYS MAX >= 90      0               0.0     0.0        0
DAYS MAX <= 32     13              17.4    -4.4       19
DAYS MIN <= 32     28              28.6    -0.6       31
DAYS MIN <= 0       8               9.1    -1.1       15

PRECIPITATION (INCHES)
RECORD
 MAXIMUM         7.45   1999
 MINIMUM         0.51   1981
TOTALS           1.52              2.66   -1.14     1.87
DAYS >= .01        13              16.3    -3.3       16
DAYS >= .10         5               7.3    -2.3        6
DAYS >= .50         1               1.0     0.0        0
DAYS >= 1.00        0               0.2    -0.2        0
GREATEST
 24 HR. TOTAL    0.59   01/10 TO 01/10           01/03 TO 01/04
                                                          01/04 TO 01/04
                                                          01/04 TO 01/04

DEGREE_DAYS
HEATING TOTAL    1287              1415    -128     1536
 SINCE 7/1       3434              4211    -777     3877
COOLING TOTAL       0                 0       0        0
 SINCE 1/1          0                 0       0        0
.....................................................

WIND (MPH)
AVERAGE WIND SPEED              9.1
HIGHEST WIND SPEED/DIRECTION    40/230
HIGHEST GUST SPEED/DIRECTION    63/230    DATE  01/10

SKY COVER
POSSIBLE SUNSHINE (PERCENT)   MM
AVERAGE SKY COVER           0.60
NUMBER OF DAYS FAIR            6
NUMBER OF DAYS PC             12
NUMBER OF DAYS CLOUDY         13

AVERAGE RH (PERCENT)     70

WEATHER CONDITIONS. NUMBER OF DAYS WITH
THUNDERSTORM              0     MIXED PRECIP               0
HEAVY RAIN                0     RAIN                       2
LIGHT RAIN                7     FREEZING RAIN              1
LT FREEZING RAIN          1     HAIL                       0
HEAVY SNOW                5     SNOW                       9
LIGHT SNOW               21     SLEET                      0
FOG                      19     FOG W/VIS <= 1/4 MILE      8
HAZE                     20

-  INDICATES NEGATIVE NUMBERS.
R  INDICATES RECORD WAS SET OR TIED.
MM INDICATES DATA IS MISSING.
T  INDICATES TRACE AMOUNT.

$$
